03-27 21:36:36.117  2163  2193 W WindowManager: 	at android.os.Looper.loop(Looper.java:136)
03-27 21:36:36.117  2163  2193 W WindowManager: 	at android.os.HandlerThread.run(HandlerThread.java:61)
03-27 21:36:36.122  2163  2193 W WindowManager: This window was lost: Window{2d011ba8 u0 com.android.vending/com.google.android.finsky.activities.MainActivity}
03-27 21:36:36.122  2163  2193 W WindowManager: mDisplayId=0 mSession=Session{2ce045f0 3014:u0a10012} mClient=android.os.BinderProxy@2cd8f2f0
03-27 21:36:36.122  2163  2193 W WindowManager: mOwnerUid=10012 mShowToOwnerOnly=true package=com.android.vending appop=NONE
03-27 21:36:36.122  2163  2193 W WindowManager: mAttrs=WM.LayoutParams{(0,0)(fillxfill) sim=#120 ty=1 fl=#1810100 pfl=0x8 wanim=0x10302a1}
03-27 21:36:36.122  2163  2193 W WindowManager: Requested w=1280 h=720 mLayoutSeq=2651
03-27 21:36:36.122  2163  2193 W WindowManager: mBaseLayer=21000 mSubLayer=0 mAnimLayer=21015+0=21015 mLastLayer=21015
03-27 21:36:36.122  2163  2193 W WindowManager: mToken=AppWindowToken{2cfbe280 token=Token{2ceaf0f0 ActivityRecord{2cfea620 u0 com.android.vending/com.google.android.finsky.activities.MainActivity t31}}}
03-27 21:36:36.122  2163  2193 W WindowManager: mRootToken=AppWindowToken{2cfbe280 token=Token{2ceaf0f0 ActivityRecord{2cfea620 u0 com.android.vending/com.google.android.finsky.activities.MainActivity t31}}}
03-27 21:36:36.122  2163  2193 W WindowManager: mAppToken=AppWindowToken{2cfbe280 token=Token{2ceaf0f0 ActivityRecord{2cfea620 u0 com.android.vending/com.google.android.finsky.activities.MainActivity t31}}}
03-27 21:36:36.122  2163  2193 W WindowManager: mViewVisibility=0x0 mHaveFrame=true mObscured=false
03-27 21:36:36.122  2163  2193 W WindowManager: mSeq=0 mSystemUiVisibility=0x0
03-27 21:36:36.122  2163  2193 W WindowManager: mGivenContentInsets=[0,0][0,0] mGivenVisibleInsets=[0,0][0,0]
03-27 21:36:36.122  2163  2193 W WindowManager: mConfiguration={1.0 ?mcc?mnc en_GB ldltr sw720dp w1280dp h720dp 160dpi xlrg long land finger -keyb/v/h dpad/v s.4}
03-27 21:36:36.122  2163  2193 W WindowManager: mHasSurface=true mShownFrame=[0.0,0.0][1280.0,720.0] isReadyForDisplay()=false
03-27 21:36:36.122  2163  2193 W WindowManager: mFrame=[0,0][1280,720] last=[0,0][1280,720]
03-27 21:36:36.122  2163  2193 W WindowManager: mSystemDecorRect=[0,0][1280,720] last=[0,0][1280,720]
03-27 21:36:36.122  2163  2193 W WindowManager: Frames: containing=[0,0][1280,720] parent=[0,0][1280,720]
03-27 21:36:36.122  2163  2193 W WindowManager:     display=[0,0][1280,720] overscan=[0,0][1280,720]
03-27 21:36:36.122  2163  2193 W WindowManager:     content=[0,0][1280,720] visible=[0,0][1280,720]
03-27 21:36:36.122  2163  2193 W WindowManager:     decor=[0,0][1280,720]
03-27 21:36:36.122  2163  2193 W WindowManager: Cur insets: overscan=[0,0][0,0] content=[0,0][0,0] visible=[0,0][0,0]
03-27 21:36:36.122  2163  2193 W WindowManager: Lst insets: overscan=[0,0][0,0] content=[0,0][0,0] visible=[0,0][0,0]
03-27 21:36:36.122  2163  2193 W WindowManager: WindowStateAnimator{2d0c1f78 com.android.vending/com.google.android.finsky.activities.MainActivity}:
03-27 21:36:36.122  2163  2193 W WindowManager:   mSurface=Surface(name=com.android.vending/com.google.android.finsky.activities.MainActivity)
03-27 21:36:36.122  2163  2193 W WindowManager:   mDrawState=HAS_DRAWN mLastHidden=true
03-27 21:36:36.122  2163  2193 W WindowManager:   Surface: shown=false layer=21015 alpha=0.0 rect=(0.0,0.0) 1280.0 x 720.0
03-27 21:36:36.122  2163  2193 W WindowManager:   mShownAlpha=1.0 mAlpha=1.0 mLastAlpha=0.0
03-27 21:36:36.122  2163  2193 W WindowManager: mExiting=false mRemoveOnExit=false mDestroying=true mRemoved=false
03-27 21:36:36.123  2163  2193 W WindowManager: Current app token list:
03-27 21:36:36.123  2163  2193 V WindowManager:   Display 0
03-27 21:36:36.123  2163  2193 V WindowManager:   #2: Token{2ce6b7d8 ActivityRecord{2cf99c40 u0 com.google.android.gsf.login/.AccountIntroUIActivity t31 f}}
03-27 21:36:36.123  2163  2193 V WindowManager:   #1: Token{2cd88210 ActivityRecord{2ce817c0 u0 com.android.siptv.launcher/.myapps.AppListActivity t25}}
03-27 21:36:36.123  2163  2193 V WindowManager:   #0: Token{2cf1b770 ActivityRecord{2ce90440 u0 com.android.siptv.launcher/.Home t1}}
03-27 21:36:36.123  2163  2193 W WindowManager: Final window list:
03-27 21:36:36.123  2163  2193 V WindowManager:   #0: Window{2cde6fe8 u0 SearchPanel}
03-27 21:36:36.123  2163  2193 V WindowManager:   #1: Window{2ceea6e0 u0 NavigationBar}
03-27 21:36:36.123  2163  2193 V WindowManager:   #2: Window{2cdcbbe8 u0 StatusBar}
03-27 21:36:36.123  2163  2193 V WindowManager:   #3: Window{2cd6e988 u0 KeyguardScrim}
03-27 21:36:36.123  2163  2193 V WindowManager:   #4: Window{2d06dd58 u0 InputMethod}
03-27 21:36:36.123  2163  2193 V WindowManager:   #5: Window{2d105780 u0 com.google.android.gsf.login/com.google.android.gsf.login.AccountIntroUIActivity}
03-27 21:36:36.123  2163  2193 V WindowManager:   #6: Window{2d02ee38 u0 com.android.siptv.launcher/com.android.siptv.launcher.myapps.AppListActivity}
03-27 21:36:36.123  2163  2193 V WindowManager:   #7: Window{2cdc8b88 u0 com.android.siptv.launcher/com.android.siptv.launcher.Home}
03-27 21:36:36.123  2163  2193 V WindowManager:   #8: Window{2cf0c108 u0 com.android.systemui.ImageWallpaper}
03-27 21:36:40.494  2163  2174 I ActivityManager: START u0 {act=android.intent.action.MAIN cat=[android.intent.category.LAUNCHER] flg=0x10004000 pkg=com.siptv.mytv cmp=com.siptv.mytv/.MainLiveActivity (has extras)} from pid 3085
03-27 21:36:40.636  3085  3085 W ContextImpl: Calling a method in the system process without a qualified user: android.app.ContextImpl.sendBroadcast:1200 android.content.ContextWrapper.sendBroadcast:365 android.app.ActivityThread.performPauseActivity:3061 android.app.ActivityThread.performPauseActivity:3023 android.app.ActivityThread.handlePauseActivity:3001 
03-27 21:36:40.651  2163  2173 I ActivityManager: Start proc com.siptv.mytv for activity com.siptv.mytv/.MainLiveActivity: pid=23981 uid=1000 gids={41000, 1028, 1015, 3003, 3002, 3001}
03-27 21:36:41.425 23981 24006 W ActivityThread: ClassLoader.loadClass: The class loader returned by Thread.getContextClassLoader() may fail for processes that host multiple applications. You should explicitly specify a context class loader. For example: Thread.setContextClassLoader(getClass().getClassLoader());
03-27 21:36:41.825 23981 23981 W ContextImpl: Calling a method in the system process without a qualified user: android.app.ContextImpl.sendBroadcast:1200 android.content.ContextWrapper.sendBroadcast:365 android.app.ActivityThread.performResumeActivity:2785 android.app.ActivityThread.handleResumeActivity:2823 android.app.ActivityThread.handleLaunchActivity:2250 
03-27 21:36:42.153 23981 23981 E ActivityThread: Failed to find provider info for com.android.mysetting
03-27 21:37:08.688  2163 31750 I ActivityManager: START u0 {flg=0x40000 cmp=com.siptv.mytv/.ServerActivity} from pid 23981
03-27 21:37:08.719 23981 23981 W ContextImpl: Calling a method in the system process without a qualified user: android.app.ContextImpl.sendBroadcast:1200 android.content.ContextWrapper.sendBroadcast:365 android.app.ActivityThread.performPauseActivity:3061 android.app.ActivityThread.performPauseActivity:3023 android.app.ActivityThread.handlePauseActivity:3001 
03-27 21:37:08.906 23981 23981 W ContextImpl: Calling a method in the system process without a qualified user: android.app.ContextImpl.sendBroadcast:1200 android.content.ContextWrapper.sendBroadcast:365 android.app.ActivityThread.performResumeActivity:2785 android.app.ActivityThread.handleResumeActivity:2823 android.app.ActivityThread.handleLaunchActivity:2250 
03-27 21:37:25.839  2163  2272 I ActivityManager: Delay finish: com.google.android.gms/.phenotype.receiver.PhenotypeBroadcastReceiver
03-27 21:37:25.985  2163  3146 I ActivityManager: Resuming delayed broadcast
03-27 21:44:22.751  2163  2875 D ConnectivityService: Sampling interval elapsed, updating statistics ..
03-27 21:44:22.756  2163  2875 D ConnectivityService: Done.
03-27 21:44:22.757  2163  2875 D ConnectivityService: Setting timer for 720seconds
03-27 21:46:28.934  2163  2875 D ConnectivityService: handleInetConditionChange: net=1 != default=9 - ignore
03-27 21:46:33.518  2163  2875 D ConnectivityService: handleInetConditionChange: net=1 != default=9 - ignore
03-27 21:46:33.529  2163  2875 D ConnectivityService: handleInetConditionChange: net=1 != default=9 - ignore
03-27 21:46:33.533  2163  2875 D ConnectivityService: handleInetConditionChange: net=1 != default=9 - ignore
03-27 21:46:33.552  2163  2875 D ConnectivityService: handleInetConditionChange: net=1 != default=9 - ignore
03-27 21:49:18.904  2163  2200 W BatteryStatsImpl: Couldn't get kernel wake lock stats
03-27 21:50:00.001  2163  2163 I ActivityManager: Killing 2922:android.process.media/u0a4 (adj 15): empty for 1804s
03-27 21:50:00.002  2163  2163 I ActivityManager: Killing 19480:com.hisilicon.android.music/1000 (adj 15): empty for 1804s
03-27 21:51:00.002  2163  2163 I ActivityManager: Killing 19774:com.android.musicfx/u0a10 (adj 15): empty for 1804s
03-27 21:51:00.017  2163  2194 I ProcessStatsService: Prepared write state in 14ms
03-27 21:56:28.071  2163  2875 D ConnectivityService: Sampling interval elapsed, updating statistics ..
03-27 21:56:28.076  2163  2875 D ConnectivityService: Done.
03-27 21:56:28.076  2163  2875 D ConnectivityService: Setting timer for 720seconds
03-27 22:00:33.650  2163  2875 D ConnectivityService: handleInetConditionChange: net=1 != default=9 - ignore
03-27 22:00:43.508  2163  2875 D ConnectivityService: handleInetConditionChange: net=1 != default=9 - ignore
03-27 22:00:43.519  2163  2875 D ConnectivityService: handleInetConditionChange: net=1 != default=9 - ignore
03-27 22:00:43.529  2163  2875 D ConnectivityService: handleInetConditionChange: net=1 != default=9 - ignore
03-27 22:08:28.078  2163  2875 D ConnectivityService: Sampling interval elapsed, updating statistics ..
03-27 22:08:28.087  2163  2875 D ConnectivityService: Done.
03-27 22:08:28.088  2163  2875 D ConnectivityService: Setting timer for 720seconds
03-27 22:13:13.809  2163  2875 D ConnectivityService: handleInetConditionChange: net=1 != default=9 - ignore
03-27 22:19:05.018  2163  2194 W ProcessCpuTracker: Skipping unknown process pid 1654
03-27 22:19:18.915  2163  2200 W BatteryStatsImpl: Couldn't get kernel wake lock stats
03-27 22:19:47.418  2163  2163 I EntropyMixer: Writing entropy...
03-27 22:21:00.039  2163  2194 I ProcessStatsService: Prepared write state in 14ms
03-27 22:21:28.284  2163  2875 D ConnectivityService: Sampling interval elapsed, updating statistics ..
03-27 22:21:28.293  2163  2875 D ConnectivityService: Done.
03-27 22:21:28.293  2163  2875 D ConnectivityService: Setting timer for 720seconds
03-27 22:27:13.914  2163  2875 D ConnectivityService: handleInetConditionChange: net=1 != default=9 - ignore
03-27 22:27:21.954  2163  2875 D ConnectivityService: handleInetConditionChange: net=1 != default=9 - ignore
03-27 22:27:21.966  2163  2875 D ConnectivityService: handleInetConditionChange: net=1 != default=9 - ignore
03-27 22:27:21.969  2163  2875 D ConnectivityService: handleInetConditionChange: net=1 != default=9 - ignore
03-27 22:27:23.346  2163  2875 D ConnectivityService: handleInetConditionChange: net=1 != default=9 - ignore
03-27 22:33:28.294  2163  2875 D ConnectivityService: Sampling interval elapsed, updating statistics ..
03-27 22:33:28.301  2163  2875 D ConnectivityService: Done.
03-27 22:33:28.301  2163  2875 D ConnectivityService: Setting timer for 720seconds
03-27 22:41:23.478  2163  2875 D ConnectivityService: handleInetConditionChange: net=1 != default=9 - ignore
03-27 22:41:28.585  2163  2875 D ConnectivityService: handleInetConditionChange: net=1 != default=9 - ignore
03-27 22:41:28.595  2163  2875 D ConnectivityService: handleInetConditionChange: net=1 != default=9 - ignore
03-27 22:41:28.600  2163  2875 D ConnectivityService: handleInetConditionChange: net=1 != default=9 - ignore
03-27 22:46:28.071  2163  2875 D ConnectivityService: Sampling interval elapsed, updating statistics ..
03-27 22:46:28.077  2163  2875 D ConnectivityService: Done.
03-27 22:46:28.077  2163  2875 D ConnectivityService: Setting timer for 720seconds
03-27 22:49:18.925  2163  2200 W BatteryStatsImpl: Couldn't get kernel wake lock stats
03-27 22:51:28.077  2163  2194 I ProcessStatsService: Prepared write state in 4ms
03-27 22:51:28.082  2163  2194 I ProcessStatsService: Prepared write state in 4ms
03-27 22:55:28.765  2163  2875 D ConnectivityService: handleInetConditionChange: net=1 != default=9 - ignore
03-27 22:55:34.976  2163  2875 D ConnectivityService: handleInetConditionChange: net=1 != default=9 - ignore
03-27 22:55:34.986  2163  2875 D ConnectivityService: handleInetConditionChange: net=1 != default=9 - ignore
03-27 22:55:34.991  2163  2875 D ConnectivityService: handleInetConditionChange: net=1 != default=9 - ignore
03-27 22:55:37.269  2163  2875 D ConnectivityService: handleInetConditionChange: net=1 != default=9 - ignore
03-27 22:58:28.078  2163  2875 D ConnectivityService: Sampling interval elapsed, updating statistics ..
03-27 22:58:28.084  2163  2875 D ConnectivityService: Done.
03-27 22:58:28.084  2163  2875 D ConnectivityService: Setting timer for 720seconds
03-27 23:09:37.369  2163  2875 D ConnectivityService: handleInetConditionChange: net=1 != default=9 - ignore
03-27 23:09:45.149  2163  2875 D ConnectivityService: handleInetConditionChange: net=1 != default=9 - ignore
03-27 23:09:45.159  2163  2875 D ConnectivityService: handleInetConditionChange: net=1 != default=9 - ignore
03-27 23:09:45.167  2163  2875 D ConnectivityService: handleInetConditionChange: net=1 != default=9 - ignore
03-27 23:09:45.523  2163  2875 D ConnectivityService: handleInetConditionChange: net=1 != default=9 - ignore
03-27 23:10:28.085  2163  2875 D ConnectivityService: Sampling interval elapsed, updating statistics ..
03-27 23:10:28.090  2163  2875 D ConnectivityService: Done.
03-27 23:10:28.090  2163  2875 D ConnectivityService: Setting timer for 720seconds
03-27 23:19:18.937  2163  2200 W BatteryStatsImpl: Couldn't get kernel wake lock stats
03-27 23:22:00.008  2163  2194 I ProcessStatsService: Prepared write state in 4ms
03-27 23:22:00.014  2163  2194 I ProcessStatsService: Prepared write state in 4ms
03-27 23:23:45.533  2163  2875 D ConnectivityService: Sampling interval elapsed, updating statistics ..
03-27 23:23:45.541  2163  2875 D ConnectivityService: Done.
03-27 23:23:45.541  2163  2875 D ConnectivityService: Setting timer for 720seconds
03-27 23:23:45.630  2163  2875 D ConnectivityService: handleInetConditionChange: net=1 != default=9 - ignore
03-27 23:23:50.954  2163  2875 D ConnectivityService: handleInetConditionChange: net=1 != default=9 - ignore
03-27 23:23:50.964  2163  2875 D ConnectivityService: handleInetConditionChange: net=1 != default=9 - ignore
03-27 23:23:50.968  2163  2875 D ConnectivityService: handleInetConditionChange: net=1 != default=9 - ignore
03-27 23:37:50.977  2163  2875 D ConnectivityService: Sampling interval elapsed, updating statistics ..
03-27 23:37:50.984  2163  2875 D ConnectivityService: Done.
03-27 23:37:50.984  2163  2875 D ConnectivityService: Setting timer for 720seconds
03-27 23:37:51.073  2163  2875 D ConnectivityService: handleInetConditionChange: net=1 != default=9 - ignore
03-27 23:37:54.850  2163  2875 D ConnectivityService: handleInetConditionChange: net=1 != default=9 - ignore
03-27 23:37:54.860  2163  2875 D ConnectivityService: handleInetConditionChange: net=1 != default=9 - ignore
03-27 23:37:54.865  2163  2875 D ConnectivityService: handleInetConditionChange: net=1 != default=9 - ignore
03-27 23:49:18.938  2163  2200 W BatteryStatsImpl: Couldn't get kernel wake lock stats
03-27 23:50:25.300  2163  2875 D ConnectivityService: handleInetConditionChange: net=1 != default=9 - ignore
03-27 23:50:25.309  2163  2875 D ConnectivityService: Sampling interval elapsed, updating statistics ..
03-27 23:50:25.315  2163  2875 D ConnectivityService: Done.
03-27 23:50:25.315  2163  2875 D ConnectivityService: Setting timer for 720seconds
03-27 23:52:00.030  2163  2194 I ProcessStatsService: Prepared write state in 5ms
03-28 00:00:00.041  2163  3076 I ActivityManager: Start proc com.android.calendar for broadcast com.android.calendar/.widget.CalendarAppWidgetService$CalendarFactory: pid=25938 uid=10018 gids={50018, 3003}
03-28 00:00:00.132  2163 15603 I ActivityManager: Start proc com.android.providers.calendar for content provider com.android.providers.calendar/.CalendarProvider2: pid=25955 uid=10001 gids={50001, 3003, 1028, 1015}
03-28 00:00:00.142  2163 19571 I ActivityManager: Killing 3517:com.android.settings/1000 (adj 15): empty for 8828s
03-28 00:00:00.186  2163 31750 I ActivityManager: Killing 22836:system:ui/1000 (adj 15): empty for 8814s
03-28 00:02:25.316  2163  2875 D ConnectivityService: Sampling interval elapsed, updating statistics ..
03-28 00:02:25.324  2163  2875 D ConnectivityService: Done.
03-28 00:02:25.325  2163  2875 D ConnectivityService: Setting timer for 720seconds
03-28 00:04:25.418  2163  2875 D ConnectivityService: handleInetConditionChange: net=1 != default=9 - ignore
03-28 00:04:34.458  2163  2875 D ConnectivityService: handleInetConditionChange: net=1 != default=9 - ignore
03-28 00:04:34.468  2163  2875 D ConnectivityService: handleInetConditionChange: net=1 != default=9 - ignore
03-28 00:04:34.473  2163  2875 D ConnectivityService: handleInetConditionChange: net=1 != default=9 - ignore
03-28 00:04:34.490  2163  2875 D ConnectivityService: handleInetConditionChange: net=1 != default=9 - ignore
03-28 00:18:34.594  2163  2875 D ConnectivityService: Sampling interval elapsed, updating statistics ..
03-28 00:18:34.602  2163  2875 D ConnectivityService: Done.
03-28 00:18:34.602  2163  2875 D ConnectivityService: Setting timer for 720seconds
03-28 00:18:34.603  2163  2875 D ConnectivityService: handleInetConditionChange: net=1 != default=9 - ignore
03-28 00:18:45.002  2163  2875 D ConnectivityService: handleInetConditionChange: net=1 != default=9 - ignore
03-28 00:18:45.012  2163  2875 D ConnectivityService: handleInetConditionChange: net=1 != default=9 - ignore
03-28 00:18:45.017  2163  2875 D ConnectivityService: handleInetConditionChange: net=1 != default=9 - ignore
03-28 00:18:45.101  2163  2875 D ConnectivityService: handleInetConditionChange: net=1 != default=9 - ignore
03-28 00:19:18.949  2163  2200 W BatteryStatsImpl: Couldn't get kernel wake lock stats
03-28 00:22:00.039  2163  2194 I ProcessStatsService: Prepared write state in 6ms
03-28 00:32:45.110  2163  2875 D ConnectivityService: Sampling interval elapsed, updating statistics ..
03-28 00:32:45.116  2163  2875 D ConnectivityService: Done.
03-28 00:32:45.117  2163  2875 D ConnectivityService: Setting timer for 720seconds
--------- beginning of /dev/log/main
03-28 00:32:45.215  3126 30443 V NativeCrypto: SSL shutdown failed: ssl=0x4e0b8450: I/O error during system call, Broken pipe
03-28 00:32:45.224  3126 30443 E GCM     : Wifi connection closed with errorCode 20
03-28 00:32:45.226  2163  2875 D ConnectivityService: handleInetConditionChange: net=1 != default=9 - ignore
03-28 00:32:45.375  3272  1320 I PhenotypeFlagCommitter: Experiment Configs successfully retrieved for com.google.android.gms.playlog.uploader
03-28 00:32:45.377  3272  1320 I GoogleURLConnFactory: Using platform SSLCertificateSocketFactory
03-28 00:32:46.822 23981 24003 V WatchDogTask: WatchDogTask http://sam.me:21000/c/
03-28 00:32:46.822 23981 24003 V IPTVManager: REQ_setWatchDogMsg : 0
03-28 00:32:47.295  2163  2197 D EthernetDataTracker: Interface wlan0 link down
03-28 00:32:47.295  2163  2197 D G3StateTracker: 3g interfaceLinkStateChanged wlan0 link down
03-28 00:32:47.295  2163  2873 D WifiStateMachine: handleMessage: E msg.what=147461
03-28 00:32:47.295  2163  2873 D WifiStateMachine: processMsg: DisconnectedState
03-28 00:32:47.295  2163  2873 D WifiStateMachine: processMsg: ConnectModeState
03-28 00:32:47.295  2163  2873 D WifiStateMachine: processMsg: DriverStartedState
03-28 00:32:47.295  2163  2873 D WifiStateMachine: processMsg: SupplicantStartedState
03-28 00:32:47.295  2163  2873 D WifiHW  : wifi command = IFNAME=wlan0 BSS RANGE=0- MASK=0x21987
03-28 00:32:47.297  2163  2873 D WifiStateMachine: handleMessage: X
03-28 00:32:47.298  2163  2873 D WifiStateMachine: handleMessage: E msg.what=147462
03-28 00:32:47.298  2163  2873 D WifiStateMachine: processMsg: DisconnectedState
03-28 00:32:47.298  2163  2873 D WifiStateMachine: setDetailed state, old =SCANNING and new state=DISCONNECTED
03-28 00:32:47.298  2163  2873 D WifiStateMachine: processMsg: ConnectModeState
03-28 00:32:47.298  2163  2873 D WifiStateMachine: handleMessage: X
03-28 00:32:47.298  3085  3085 V Home    : WifiReceiver : android.net.wifi.SCAN_RESULTS
03-28 00:32:47.300  3085  3085 V Home    : WifiReceiver : android.net.wifi.supplicant.STATE_CHANGE
03-28 00:32:47.773 23981 23981 V MainLiveActivity: handleMessage : 529
03-28 00:32:49.993  2163  2875 D ConnectivityService: handleInetConditionChange: net=1 != default=9 - ignore
03-28 00:32:50.003  2163  2875 D ConnectivityService: handleInetConditionChange: net=1 != default=9 - ignore
03-28 00:32:50.008  2163  2875 D ConnectivityService: handleInetConditionChange: net=1 != default=9 - ignore
03-28 00:32:57.840 23981 23981 V MainLiveActivity: handleMessage : 529
03-28 00:33:07.914 23981 23981 V MainLiveActivity: handleMessage : 529
03-28 00:33:16.822 23981 24003 V WatchDogTask: WatchDogTask http://sam.me:21000/c/
03-28 00:33:16.823 23981 24003 V IPTVManager: REQ_setWatchDogMsg : 0
03-28 00:33:17.987 23981 23981 V MainLiveActivity: handleMessage : 529
03-28 00:33:18.998  3085  3088 D dalvikvm: GC_CONCURRENT freed 3034K, 20% free 22687K/28192K, paused 1ms+5ms, total 53ms
03-28 00:33:28.057 23981 23981 V MainLiveActivity: handleMessage : 529
03-28 00:33:38.128 23981 23981 V MainLiveActivity: handleMessage : 529
03-28 00:33:46.823 23981 24003 V WatchDogTask: WatchDogTask http://sam.me:21000/c/
03-28 00:33:46.823 23981 24003 V IPTVManager: REQ_setWatchDogMsg : 0
03-28 00:33:48.198 23981 23981 V MainLiveActivity: handleMessage : 529
03-28 00:33:58.266 23981 23981 V MainLiveActivity: handleMessage : 529
03-28 00:34:08.340 23981 23981 V MainLiveActivity: handleMessage : 529
03-28 00:34:16.823 23981 24003 V WatchDogTask: WatchDogTask http://sam.me:21000/c/
03-28 00:34:16.824 23981 24003 V IPTVManager: REQ_setWatchDogMsg : 0
03-28 00:34:18.412 23981 23981 V MainLiveActivity: handleMessage : 529
03-28 00:34:28.483 23981 23981 V MainLiveActivity: handleMessage : 529
03-28 00:34:38.557 23981 23981 V MainLiveActivity: handleMessage : 529
03-28 00:34:46.823 23981 24003 V WatchDogTask: WatchDogTask http://sam.me:21000/c/
03-28 00:34:46.823 23981 24003 V IPTVManager: REQ_setWatchDogMsg : 0
03-28 00:34:48.621 23981 23981 V MainLiveActivity: handleMessage : 529
03-28 00:34:58.694 23981 23981 V MainLiveActivity: handleMessage : 529
03-28 00:35:08.767 23981 23981 V MainLiveActivity: handleMessage : 529
03-28 00:35:16.823 23981 24003 V WatchDogTask: WatchDogTask http://sam.me:21000/c/
03-28 00:35:16.823 23981 24003 V IPTVManager: REQ_setWatchDogMsg : 0
03-28 00:35:18.839 23981 23981 V MainLiveActivity: handleMessage : 529
03-28 00:35:28.911 23981 23981 V MainLiveActivity: handleMessage : 529
03-28 00:35:38.978 23981 23981 V MainLiveActivity: handleMessage : 529
03-28 00:35:46.823 23981 24003 V WatchDogTask: WatchDogTask http://sam.me:21000/c/
03-28 00:35:46.823 23981 24003 V IPTVManager: REQ_setWatchDogMsg : 0
03-28 00:35:49.045 23981 23981 V MainLiveActivity: handleMessage : 529
03-28 00:35:59.118 23981 23981 V MainLiveActivity: handleMessage : 529
03-28 00:36:09.191 23981 23981 V MainLiveActivity: handleMessage : 529
03-28 00:36:16.823 23981 24003 V WatchDogTask: WatchDogTask http://sam.me:21000/c/
03-28 00:36:16.823 23981 24003 V IPTVManager: REQ_setWatchDogMsg : 0
03-28 00:36:19.255 23981 23981 V MainLiveActivity: handleMessage : 529
03-28 00:36:28.071  2163  2873 D WifiStateMachine: handleMessage: E msg.what=131143
03-28 00:36:28.071  2163  2873 D WifiStateMachine: processMsg: DisconnectedState
03-28 00:36:28.071  2163  2873 D WifiStateMachine: processMsg: ConnectModeState
03-28 00:36:28.071  2163  2873 D WifiStateMachine: processMsg: DriverStartedState
03-28 00:36:28.074  2163  2873 D WifiHW  : wifi command = IFNAME=wlan0 SCAN
03-28 00:36:28.075  2163  2873 D WifiStateMachine: handleMessage: X
03-28 00:36:28.075  2163  2873 D WifiStateMachine: handleMessage: E msg.what=147462
03-28 00:36:28.076  2163  2873 D WifiStateMachine: processMsg: DisconnectedState
03-28 00:36:28.076  2163  2873 D WifiStateMachine: setDetailed state, old =DISCONNECTED and new state=SCANNING
03-28 00:36:28.076  2163  2873 D WifiStateMachine: processMsg: ConnectModeState
03-28 00:36:28.076  2163  2873 D WifiStateMachine: handleMessage: X
03-28 00:36:28.078  3085  3085 V Home    : WifiReceiver : android.net.wifi.supplicant.STATE_CHANGE
03-28 00:36:29.324 23981 23981 V MainLiveActivity: handleMessage : 529
03-28 00:36:29.392 23981 23984 D dalvikvm: GC_CONCURRENT freed 2959K, 14% free 20460K/23528K, paused 3ms+14ms, total 55ms
03-28 00:36:30.149  2163  2873 D WifiStateMachine: handleMessage: E msg.what=147461
03-28 00:36:30.149  2163  2873 D WifiStateMachine: processMsg: DisconnectedState
03-28 00:36:30.149  2163  2873 D WifiStateMachine: processMsg: ConnectModeState
03-28 00:36:30.149  2163  2873 D WifiStateMachine: processMsg: DriverStartedState
03-28 00:36:30.149  2163  2873 D WifiStateMachine: processMsg: SupplicantStartedState
03-28 00:36:30.149  2163  2873 D WifiHW  : wifi command = IFNAME=wlan0 BSS RANGE=0- MASK=0x21987
03-28 00:36:30.151  2163  2197 D EthernetDataTracker: Interface wlan0 link down
03-28 00:36:30.151  2163  2197 D G3StateTracker: 3g interfaceLinkStateChanged wlan0 link down
03-28 00:36:30.153  2163  2873 D WifiStateMachine: handleMessage: X
03-28 00:36:30.153  3085  3085 V Home    : WifiReceiver : android.net.wifi.SCAN_RESULTS
03-28 00:36:30.153  2163  2873 D WifiStateMachine: handleMessage: E msg.what=147462
03-28 00:36:30.153  2163  2873 D WifiStateMachine: processMsg: DisconnectedState
03-28 00:36:30.153  2163  2873 D WifiStateMachine: setDetailed state, old =SCANNING and new state=DISCONNECTED
03-28 00:36:30.153  2163  2873 D WifiStateMachine: processMsg: ConnectModeState
03-28 00:36:30.153  2163  2873 D WifiStateMachine: handleMessage: X
03-28 00:36:30.155  3085  3085 V Home    : WifiReceiver : android.net.wifi.supplicant.STATE_CHANGE
03-28 00:36:39.424 23981 23981 V MainLiveActivity: handleMessage : 529
03-28 00:36:46.823 23981 24003 V WatchDogTask: WatchDogTask http://sam.me:21000/c/
03-28 00:36:46.824 23981 24003 V IPTVManager: REQ_setWatchDogMsg : 0
03-28 00:36:49.492 23981 23981 V MainLiveActivity: handleMessage : 529
03-28 00:36:59.564 23981 23981 V MainLiveActivity: handleMessage : 529
03-28 00:37:09.638 23981 23981 V MainLiveActivity: handleMessage : 529
03-28 00:37:16.824 23981 24003 V WatchDogTask: WatchDogTask http://sam.me:21000/c/
03-28 00:37:16.824 23981 24003 V IPTVManager: REQ_setWatchDogMsg : 0
03-28 00:37:19.700 23981 23981 V MainLiveActivity: handleMessage : 529
03-28 00:37:29.770 23981 23981 V MainLiveActivity: handleMessage : 529
03-28 00:37:39.841 23981 23981 V MainLiveActivity: handleMessage : 529
03-28 00:37:46.824 23981 24003 V WatchDogTask: WatchDogTask http://sam.me:21000/c/
03-28 00:37:46.824 23981 24003 V IPTVManager: REQ_setWatchDogMsg : 0
03-28 00:37:49.915 23981 23981 V MainLiveActivity: handleMessage : 529
03-28 00:37:59.989 23981 23981 V MainLiveActivity: handleMessage : 529
03-28 00:38:10.070 23981 23981 V MainLiveActivity: handleMessage : 529
03-28 00:38:16.824 23981 24003 V WatchDogTask: WatchDogTask http://sam.me:21000/c/
03-28 00:38:16.824 23981 24003 V IPTVManager: REQ_setWatchDogMsg : 0
03-28 00:38:20.134 23981 23981 V MainLiveActivity: handleMessage : 529
03-28 00:38:30.202 23981 23981 V MainLiveActivity: handleMessage : 529
03-28 00:38:40.274 23981 23981 V MainLiveActivity: handleMessage : 529
03-28 00:38:46.824 23981 24003 V WatchDogTask: WatchDogTask http://sam.me:21000/c/
03-28 00:38:46.824 23981 24003 V IPTVManager: REQ_setWatchDogMsg : 0
03-28 00:38:50.347 23981 23981 V MainLiveActivity: handleMessage : 529
03-28 00:39:00.418 23981 23981 V MainLiveActivity: handleMessage : 529
03-28 00:39:10.492 23981 23981 V MainLiveActivity: handleMessage : 529
03-28 00:39:16.824 23981 24003 V WatchDogTask: WatchDogTask http://sam.me:21000/c/
03-28 00:39:16.825 23981 24003 V IPTVManager: REQ_setWatchDogMsg : 0
03-28 00:39:18.962  3085  3088 D dalvikvm: GC_CONCURRENT freed 3032K, 20% free 22686K/28192K, paused 2ms+6ms, total 51ms
03-28 00:39:20.560 23981 23981 V MainLiveActivity: handleMessage : 529
03-28 00:39:30.628 23981 23981 V MainLiveActivity: handleMessage : 529
03-28 00:39:35.450  3057  3062 D dalvikvm: GC_CONCURRENT freed 900K, 23% free 3336K/4332K, paused 2ms+7ms, total 33ms
03-28 00:39:40.701 23981 23981 V MainLiveActivity: handleMessage : 529
03-28 00:39:46.825 23981 24003 V WatchDogTask: WatchDogTask http://sam.me:21000/c/
03-28 00:39:46.825 23981 24003 V IPTVManager: REQ_setWatchDogMsg : 0
03-28 00:39:50.773 23981 23981 V MainLiveActivity: handleMessage : 529
03-28 00:40:00.840 23981 23981 V MainLiveActivity: handleMessage : 529
03-28 00:40:10.910 23981 23981 V MainLiveActivity: handleMessage : 529
03-28 00:40:16.825 23981 24003 V WatchDogTask: WatchDogTask http://sam.me:21000/c/
03-28 00:40:16.825 23981 24003 V IPTVManager: REQ_setWatchDogMsg : 0
03-28 00:40:20.977 23981 23981 V MainLiveActivity: handleMessage : 529
03-28 00:40:31.051 23981 23981 V MainLiveActivity: handleMessage : 529
03-28 00:40:41.124 23981 23981 V MainLiveActivity: handleMessage : 529
03-28 00:40:46.825 23981 24003 V WatchDogTask: WatchDogTask http://sam.me:21000/c/
03-28 00:40:46.825 23981 24003 V IPTVManager: REQ_setWatchDogMsg : 0
03-28 00:40:51.199 23981 23981 V MainLiveActivity: handleMessage : 529
03-28 00:41:01.272 23981 23981 V MainLiveActivity: handleMessage : 529
03-28 00:41:11.343 23981 23981 V MainLiveActivity: handleMessage : 529
03-28 00:41:16.825 23981 24003 V WatchDogTask: WatchDogTask http://sam.me:21000/c/
03-28 00:41:16.825 23981 24003 V IPTVManager: REQ_setWatchDogMsg : 0
03-28 00:41:21.410 23981 23981 V MainLiveActivity: handleMessage : 529
03-28 00:41:28.071  2163  2873 D WifiStateMachine: handleMessage: E msg.what=131143
03-28 00:41:28.071  2163  2873 D WifiStateMachine: processMsg: DisconnectedState
03-28 00:41:28.071  2163  2873 D WifiStateMachine: processMsg: ConnectModeState
03-28 00:41:28.072  2163  2873 D WifiStateMachine: processMsg: DriverStartedState
03-28 00:41:28.074  2163  2873 D WifiHW  : wifi command = IFNAME=wlan0 SCAN
03-28 00:41:28.075  2163  2873 D WifiStateMachine: handleMessage: X
03-28 00:41:28.075  2163  2873 D WifiStateMachine: handleMessage: E msg.what=147462
03-28 00:41:28.075  2163  2873 D WifiStateMachine: processMsg: DisconnectedState
03-28 00:41:28.075  2163  2873 D WifiStateMachine: setDetailed state, old =DISCONNECTED and new state=SCANNING
03-28 00:41:28.075  2163  2873 D WifiStateMachine: processMsg: ConnectModeState
03-28 00:41:28.075  2163  2873 D WifiStateMachine: handleMessage: X
03-28 00:41:28.078  3085  3085 V Home    : WifiReceiver : android.net.wifi.supplicant.STATE_CHANGE
03-28 00:41:30.222  2163  2873 D WifiStateMachine: handleMessage: E msg.what=147461
03-28 00:41:30.223  2163  2873 D WifiStateMachine: processMsg: DisconnectedState
03-28 00:41:30.223  2163  2873 D WifiStateMachine: processMsg: ConnectModeState
03-28 00:41:30.223  2163  2873 D WifiStateMachine: processMsg: DriverStartedState
03-28 00:41:30.223  2163  2873 D WifiStateMachine: processMsg: SupplicantStartedState
03-28 00:41:30.223  2163  2873 D WifiHW  : wifi command = IFNAME=wlan0 BSS RANGE=0- MASK=0x21987
03-28 00:41:30.225  2163  2197 D EthernetDataTracker: Interface wlan0 link down
03-28 00:41:30.225  2163  2197 D G3StateTracker: 3g interfaceLinkStateChanged wlan0 link down
03-28 00:41:30.226  2163  2873 D WifiStateMachine: handleMessage: X
03-28 00:41:30.226  2163  2873 D WifiStateMachine: handleMessage: E msg.what=147462
03-28 00:41:30.226  2163  2873 D WifiStateMachine: processMsg: DisconnectedState
03-28 00:41:30.226  2163  2873 D WifiStateMachine: setDetailed state, old =SCANNING and new state=DISCONNECTED
03-28 00:41:30.226  2163  2873 D WifiStateMachine: processMsg: ConnectModeState
03-28 00:41:30.226  2163  2873 D WifiStateMachine: handleMessage: X
03-28 00:41:30.227  3085  3085 V Home    : WifiReceiver : android.net.wifi.SCAN_RESULTS
03-28 00:41:30.228  3085  3085 V Home    : WifiReceiver : android.net.wifi.supplicant.STATE_CHANGE
03-28 00:41:30.270  3272  3273 D dalvikvm: GC_CONCURRENT freed 908K, 18% free 4974K/6008K, paused 4ms+5ms, total 40ms
03-28 00:41:31.483 23981 23981 V MainLiveActivity: handleMessage : 529
03-28 00:41:41.551 23981 23981 V MainLiveActivity: handleMessage : 529
03-28 00:41:46.825 23981 24003 V WatchDogTask: WatchDogTask http://sam.me:21000/c/
03-28 00:41:46.825 23981 24003 V IPTVManager: REQ_setWatchDogMsg : 0
03-28 00:41:51.624 23981 23981 V MainLiveActivity: handleMessage : 529
03-28 00:42:01.698 23981 23981 V MainLiveActivity: handleMessage : 529
03-28 00:42:11.770 23981 23981 V MainLiveActivity: handleMessage : 529
03-28 00:42:16.825 23981 24003 V WatchDogTask: WatchDogTask http://sam.me:21000/c/
03-28 00:42:16.825 23981 24003 V IPTVManager: REQ_setWatchDogMsg : 0
03-28 00:42:21.834 23981 23981 V MainLiveActivity: handleMessage : 529
03-28 00:42:31.904 23981 23981 V MainLiveActivity: handleMessage : 529
03-28 00:42:41.978 23981 23981 V MainLiveActivity: handleMessage : 529
03-28 00:42:46.825 23981 24003 V WatchDogTask: WatchDogTask http://sam.me:21000/c/
03-28 00:42:46.826 23981 24003 V IPTVManager: REQ_setWatchDogMsg : 0
03-28 00:42:52.050 23981 23981 V MainLiveActivity: handleMessage : 529
03-28 00:43:02.124 23981 23981 V MainLiveActivity: handleMessage : 529
03-28 00:43:12.198 23981 23981 V MainLiveActivity: handleMessage : 529
03-28 00:43:16.826 23981 24003 V WatchDogTask: WatchDogTask http://sam.me:21000/c/
03-28 00:43:16.826 23981 24003 V IPTVManager: REQ_setWatchDogMsg : 0
03-28 00:43:22.264 23981 23981 V MainLiveActivity: handleMessage : 529
03-28 00:43:32.332 23981 23981 V MainLiveActivity: handleMessage : 529
03-28 00:43:42.406 23981 23981 V MainLiveActivity: handleMessage : 529
03-28 00:43:46.826 23981 24003 V WatchDogTask: WatchDogTask http://sam.me:21000/c/
03-28 00:43:46.826 23981 24003 V IPTVManager: REQ_setWatchDogMsg : 0
03-28 00:43:52.479 23981 23981 V MainLiveActivity: handleMessage : 529
03-28 00:44:02.548 23981 23981 V MainLiveActivity: handleMessage : 529
03-28 00:44:12.620 23981 23981 V MainLiveActivity: handleMessage : 529
03-28 00:44:16.826 23981 24003 V WatchDogTask: WatchDogTask http://sam.me:21000/c/
03-28 00:44:16.826 23981 24003 V IPTVManager: REQ_setWatchDogMsg : 0
03-28 00:44:22.687 23981 23981 V MainLiveActivity: handleMessage : 529
03-28 00:44:32.757 23981 23981 V MainLiveActivity: handleMessage : 529
03-28 00:44:42.831 23981 23981 V MainLiveActivity: handleMessage : 529
03-28 00:44:46.826 23981 24003 V WatchDogTask: WatchDogTask http://sam.me:21000/c/
03-28 00:44:46.826 23981 24003 V IPTVManager: REQ_setWatchDogMsg : 0
03-28 00:44:52.904 23981 23981 V MainLiveActivity: handleMessage : 529
03-28 00:45:02.977 23981 23981 V MainLiveActivity: handleMessage : 529
03-28 00:45:13.044 23981 23981 V MainLiveActivity: handleMessage : 529
03-28 00:45:16.826 23981 24003 V WatchDogTask: WatchDogTask http://sam.me:21000/c/
03-28 00:45:16.826 23981 24003 V IPTVManager: REQ_setWatchDogMsg : 0
03-28 00:45:18.942  3085  3088 D dalvikvm: GC_CONCURRENT freed 3043K, 20% free 22686K/28192K, paused 3ms+6ms, total 63ms
03-28 00:45:23.112 23981 23981 V MainLiveActivity: handleMessage : 529
03-28 00:45:33.179 23981 23981 V MainLiveActivity: handleMessage : 529
03-28 00:45:43.251 23981 23981 V MainLiveActivity: handleMessage : 529
03-28 00:45:46.826 23981 24003 V WatchDogTask: WatchDogTask http://sam.me:21000/c/
03-28 00:45:46.826 23981 24003 V IPTVManager: REQ_setWatchDogMsg : 0
03-28 00:45:53.319 23981 23981 V MainLiveActivity: handleMessage : 529
03-28 00:46:03.397 23981 23981 V MainLiveActivity: handleMessage : 529
03-28 00:46:13.472 23981 23981 V MainLiveActivity: handleMessage : 529
03-28 00:46:13.549 23981 23984 D dalvikvm: GC_CONCURRENT freed 2960K, 14% free 20462K/23528K, paused 4ms+9ms, total 45ms
03-28 00:46:16.826 23981 24003 V WatchDogTask: WatchDogTask http://sam.me:21000/c/
03-28 00:46:16.826 23981 24003 V IPTVManager: REQ_setWatchDogMsg : 0
03-28 00:46:23.560 23981 23981 V MainLiveActivity: handleMessage : 529
03-28 00:46:33.635 23981 23981 V MainLiveActivity: handleMessage : 529
03-28 00:46:43.707 23981 23981 V MainLiveActivity: handleMessage : 529
03-28 00:46:46.826 23981 24003 V WatchDogTask: WatchDogTask http://sam.me:21000/c/
03-28 00:46:46.826 23981 24003 V IPTVManager: REQ_setWatchDogMsg : 0
03-28 00:46:50.027  2163  2873 D WifiStateMachine: handleMessage: E msg.what=131143
03-28 00:46:50.027  2163  2873 D WifiStateMachine: processMsg: DisconnectedState
03-28 00:46:50.027  2163  2873 D WifiStateMachine: processMsg: ConnectModeState
03-28 00:46:50.027  2163  2873 D WifiStateMachine: processMsg: DriverStartedState
03-28 00:46:50.029  2163  2873 D WifiHW  : wifi command = IFNAME=wlan0 SCAN
03-28 00:46:50.031  2163  2873 D WifiStateMachine: handleMessage: X
03-28 00:46:50.031  2163  2873 D WifiStateMachine: handleMessage: E msg.what=147462
03-28 00:46:50.031  2163  2873 D WifiStateMachine: processMsg: DisconnectedState
03-28 00:46:50.031  2163  2873 D WifiStateMachine: setDetailed state, old =DISCONNECTED and new state=SCANNING
03-28 00:46:50.031  2163  2873 D WifiStateMachine: processMsg: ConnectModeState
03-28 00:46:50.031  2163  2873 D WifiStateMachine: handleMessage: X
03-28 00:46:50.034  3085  3085 V Home    : WifiReceiver : android.net.wifi.supplicant.STATE_CHANGE
03-28 00:46:50.102  3126  1349 V NativeCrypto: Read error: ssl=0x4e0b8450: I/O error during system call, Connection reset by peer
03-28 00:46:50.103  3126  1349 V NativeCrypto: SSL shutdown failed: ssl=0x4e0b8450: I/O error during system call, Broken pipe
03-28 00:46:50.110  3126  1349 E GCM     : Wifi connection closed with errorCode 20
03-28 00:46:50.111  2163  2875 D ConnectivityService: Sampling interval elapsed, updating statistics ..
03-28 00:46:50.117  2163  2875 D ConnectivityService: Done.
03-28 00:46:50.117  2163  2875 D ConnectivityService: Setting timer for 720seconds
03-28 00:46:50.118  2163  2875 D ConnectivityService: handleInetConditionChange: net=1 != default=9 - ignore
03-28 00:46:52.131  2163  2873 D WifiStateMachine: handleMessage: E msg.what=147461
03-28 00:46:52.131  2163  2873 D WifiStateMachine: processMsg: DisconnectedState
03-28 00:46:52.131  2163  2873 D WifiStateMachine: processMsg: ConnectModeState
03-28 00:46:52.131  2163  2873 D WifiStateMachine: processMsg: DriverStartedState
03-28 00:46:52.131  2163  2873 D WifiStateMachine: processMsg: SupplicantStartedState
03-28 00:46:52.131  2163  2873 D WifiHW  : wifi command = IFNAME=wlan0 BSS RANGE=0- MASK=0x21987
03-28 00:46:52.132  2163  2197 D EthernetDataTracker: Interface wlan0 link down
03-28 00:46:52.133  2163  2197 D G3StateTracker: 3g interfaceLinkStateChanged wlan0 link down
03-28 00:46:52.136  2163  2873 D WifiStateMachine: handleMessage: X
03-28 00:46:52.136  2163  2873 D WifiStateMachine: handleMessage: E msg.what=147462
03-28 00:46:52.136  2163  2873 D WifiStateMachine: processMsg: DisconnectedState
03-28 00:46:52.136  2163  2873 D WifiStateMachine: setDetailed state, old =SCANNING and new state=DISCONNECTED
03-28 00:46:52.136  2163  2873 D WifiStateMachine: processMsg: ConnectModeState
03-28 00:46:52.136  2163  2873 D WifiStateMachine: handleMessage: X
03-28 00:46:52.137  3085  3085 V Home    : WifiReceiver : android.net.wifi.SCAN_RESULTS
03-28 00:46:52.139  3085  3085 V Home    : WifiReceiver : android.net.wifi.supplicant.STATE_CHANGE
03-28 00:46:53.776 23981 23981 V MainLiveActivity: handleMessage : 529
03-28 00:46:53.884  3126  3129 D dalvikvm: GC_CONCURRENT freed 902K, 23% free 4060K/5212K, paused 2ms+2ms, total 24ms
03-28 00:46:54.194  2163  2875 D ConnectivityService: handleInetConditionChange: net=1 != default=9 - ignore
03-28 00:46:54.205  2163  2875 D ConnectivityService: handleInetConditionChange: net=1 != default=9 - ignore
03-28 00:46:54.210  2163  2875 D ConnectivityService: handleInetConditionChange: net=1 != default=9 - ignore
03-28 00:47:03.851 23981 23981 V MainLiveActivity: handleMessage : 529
03-28 00:47:13.924 23981 23981 V MainLiveActivity: handleMessage : 529
03-28 00:47:16.826 23981 24003 V WatchDogTask: WatchDogTask http://sam.me:21000/c/
03-28 00:47:16.826 23981 24003 V IPTVManager: REQ_setWatchDogMsg : 0
03-28 00:47:23.994 23981 23981 V MainLiveActivity: handleMessage : 529
03-28 00:47:34.062 23981 23981 V MainLiveActivity: handleMessage : 529
03-28 00:47:44.134 23981 23981 V MainLiveActivity: handleMessage : 529
03-28 00:47:46.826 23981 24003 V WatchDogTask: WatchDogTask http://sam.me:21000/c/
03-28 00:47:46.826 23981 24003 V IPTVManager: REQ_setWatchDogMsg : 0
03-28 00:47:54.201 23981 23981 V MainLiveActivity: handleMessage : 529
03-28 00:48:04.278 23981 23981 V MainLiveActivity: handleMessage : 529
03-28 00:48:14.349 23981 23981 V MainLiveActivity: handleMessage : 529
03-28 00:48:16.826 23981 24003 V WatchDogTask: WatchDogTask http://sam.me:21000/c/
03-28 00:48:16.826 23981 24003 V IPTVManager: REQ_setWatchDogMsg : 0
03-28 00:48:24.416 23981 23981 V MainLiveActivity: handleMessage : 529
03-28 00:48:34.490 23981 23981 V MainLiveActivity: handleMessage : 529
03-28 00:48:44.564 23981 23981 V MainLiveActivity: handleMessage : 529
03-28 00:48:46.826 23981 24003 V WatchDogTask: WatchDogTask http://sam.me:21000/c/
03-28 00:48:46.827 23981 24003 V IPTVManager: REQ_setWatchDogMsg : 0
03-28 00:48:54.638 23981 23981 V MainLiveActivity: handleMessage : 529
03-28 00:49:04.709 23981 23981 V MainLiveActivity: handleMessage : 529
03-28 00:49:14.782 23981 23981 V MainLiveActivity: handleMessage : 529
03-28 00:49:16.827 23981 24003 V WatchDogTask: WatchDogTask http://sam.me:21000/c/
03-28 00:49:16.827 23981 24003 V IPTVManager: REQ_setWatchDogMsg : 0
03-28 00:49:18.962  2163  2200 W BatteryStatsImpl: Couldn't get kernel wake lock stats
03-28 00:49:19.022  2163  2167 D dalvikvm: GC_CONCURRENT freed 1315K, 19% free 8418K/10328K, paused 3ms+7ms, total 63ms
03-28 00:49:24.850 23981 23981 V MainLiveActivity: handleMessage : 529
03-28 00:49:34.923 23981 23981 V MainLiveActivity: handleMessage : 529
03-28 00:49:44.995 23981 23981 V MainLiveActivity: handleMessage : 529
03-28 00:49:46.827 23981 24003 V WatchDogTask: WatchDogTask http://sam.me:21000/c/
03-28 00:49:46.827 23981 24003 V IPTVManager: REQ_setWatchDogMsg : 0
03-28 00:49:55.061 23981 23981 V MainLiveActivity: handleMessage : 529
03-28 00:50:05.132 23981 23981 V MainLiveActivity: handleMessage : 529
03-28 00:50:15.206 23981 23981 V MainLiveActivity: handleMessage : 529
03-28 00:50:16.827 23981 24003 V WatchDogTask: WatchDogTask http://sam.me:21000/c/
03-28 00:50:16.827 23981 24003 V IPTVManager: REQ_setWatchDogMsg : 0
03-28 00:50:18.995  3085  3088 D dalvikvm: GC_CONCURRENT freed 2986K, 20% free 22683K/28192K, paused 2ms+5ms, total 47ms
03-28 00:50:25.275 23981 23981 V MainLiveActivity: handleMessage : 529
03-28 00:50:35.341 23981 23981 V MainLiveActivity: handleMessage : 529
03-28 00:50:45.408 23981 23981 V MainLiveActivity: handleMessage : 529
03-28 00:50:46.827 23981 24003 V WatchDogTask: WatchDogTask http://sam.me:21000/c/
03-28 00:50:46.827 23981 24003 V IPTVManager: REQ_setWatchDogMsg : 0
03-28 00:50:55.480 23981 23981 V MainLiveActivity: handleMessage : 529
03-28 00:51:05.550 23981 23981 V MainLiveActivity: handleMessage : 529
03-28 00:51:15.622 23981 23981 V MainLiveActivity: handleMessage : 529
03-28 00:51:16.827 23981 24003 V WatchDogTask: WatchDogTask http://sam.me:21000/c/
03-28 00:51:16.827 23981 24003 V IPTVManager: REQ_setWatchDogMsg : 0
03-28 00:51:25.691 23981 23981 V MainLiveActivity: handleMessage : 529
03-28 00:51:28.128  2163  2873 D WifiStateMachine: handleMessage: E msg.what=131143
03-28 00:51:28.128  2163  2873 D WifiStateMachine: processMsg: DisconnectedState
03-28 00:51:28.128  2163  2873 D WifiStateMachine: processMsg: ConnectModeState
03-28 00:51:28.128  2163  2873 D WifiStateMachine: processMsg: DriverStartedState
03-28 00:51:28.130  2163  2873 D WifiHW  : wifi command = IFNAME=wlan0 SCAN
03-28 00:51:28.131  2163  2873 D WifiStateMachine: handleMessage: X
03-28 00:51:28.131  2163  2873 D WifiStateMachine: handleMessage: E msg.what=147462
03-28 00:51:28.131  2163  2873 D WifiStateMachine: processMsg: DisconnectedState
03-28 00:51:28.131  2163  2873 D WifiStateMachine: setDetailed state, old =DISCONNECTED and new state=SCANNING
03-28 00:51:28.131  2163  2873 D WifiStateMachine: processMsg: ConnectModeState
03-28 00:51:28.131  2163  2873 D WifiStateMachine: handleMessage: X
03-28 00:51:28.132  3085  3085 V Home    : WifiReceiver : android.net.wifi.supplicant.STATE_CHANGE
03-28 00:51:30.186  2163  2873 D WifiStateMachine: handleMessage: E msg.what=147461
03-28 00:51:30.186  2163  2873 D WifiStateMachine: processMsg: DisconnectedState
03-28 00:51:30.186  2163  2873 D WifiStateMachine: processMsg: ConnectModeState
03-28 00:51:30.186  2163  2873 D WifiStateMachine: processMsg: DriverStartedState
03-28 00:51:30.186  2163  2873 D WifiStateMachine: processMsg: SupplicantStartedState
03-28 00:51:30.186  2163  2873 D WifiHW  : wifi command = IFNAME=wlan0 BSS RANGE=0- MASK=0x21987
03-28 00:51:30.188  2163  2197 D EthernetDataTracker: Interface wlan0 link down
03-28 00:51:30.188  2163  2197 D G3StateTracker: 3g interfaceLinkStateChanged wlan0 link down
03-28 00:51:30.192  2163  2873 D WifiStateMachine: handleMessage: X
03-28 00:51:30.192  3085  3085 V Home    : WifiReceiver : android.net.wifi.SCAN_RESULTS
03-28 00:51:30.192  2163  2873 D WifiStateMachine: handleMessage: E msg.what=147462
03-28 00:51:30.192  2163  2873 D WifiStateMachine: processMsg: DisconnectedState
03-28 00:51:30.192  2163  2873 D WifiStateMachine: setDetailed state, old =SCANNING and new state=DISCONNECTED
03-28 00:51:30.192  2163  2873 D WifiStateMachine: processMsg: ConnectModeState
03-28 00:51:30.193  2163  2873 D WifiStateMachine: handleMessage: X
03-28 00:51:30.195  3085  3085 V Home    : WifiReceiver : android.net.wifi.supplicant.STATE_CHANGE
03-28 00:51:35.760 23981 23981 V MainLiveActivity: handleMessage : 529
03-28 00:51:45.833 23981 23981 V MainLiveActivity: handleMessage : 529
03-28 00:51:46.827 23981 24003 V WatchDogTask: WatchDogTask http://sam.me:21000/c/
03-28 00:51:46.827 23981 24003 V IPTVManager: REQ_setWatchDogMsg : 0
03-28 00:51:55.906 23981 23981 V MainLiveActivity: handleMessage : 529
03-28 00:52:05.978 23981 23981 V MainLiveActivity: handleMessage : 529
03-28 00:52:16.056 23981 23981 V MainLiveActivity: handleMessage : 529
03-28 00:52:16.827 23981 24003 V WatchDogTask: WatchDogTask http://sam.me:21000/c/
03-28 00:52:16.828 23981 24003 V IPTVManager: REQ_setWatchDogMsg : 0
03-28 00:52:26.129 23981 23981 V MainLiveActivity: handleMessage : 529
03-28 00:52:36.202 23981 23981 V MainLiveActivity: handleMessage : 529
03-28 00:52:45.523  1447  1883 D MDnsDS  : MDnsSdListener::Monitor poll timed out
03-28 00:52:45.523  1447  1883 D MDnsDS  : Going to poll with pollCount 1
03-28 00:52:46.270 23981 23981 V MainLiveActivity: handleMessage : 529
03-28 00:52:46.828 23981 24003 V WatchDogTask: WatchDogTask http://sam.me:21000/c/
03-28 00:52:46.828 23981 24003 V IPTVManager: REQ_setWatchDogMsg : 0
03-28 00:52:56.344 23981 23981 V MainLiveActivity: handleMessage : 529
03-28 00:53:00.006  2163  2194 I ProcessStatsService: Prepared write state in 5ms
03-28 00:53:06.416 23981 23981 V MainLiveActivity: handleMessage : 529
03-28 00:53:16.486 23981 23981 V MainLiveActivity: handleMessage : 529
03-28 00:53:16.828 23981 24003 V WatchDogTask: WatchDogTask http://sam.me:21000/c/
03-28 00:53:16.828 23981 24003 V IPTVManager: REQ_setWatchDogMsg : 0
03-28 00:53:26.557 23981 23981 V MainLiveActivity: handleMessage : 529
03-28 00:53:36.630 23981 23981 V MainLiveActivity: handleMessage : 529
03-28 00:53:46.699 23981 23981 V MainLiveActivity: handleMessage : 529
03-28 00:53:46.828 23981 24003 V WatchDogTask: WatchDogTask http://sam.me:21000/c/
03-28 00:53:46.828 23981 24003 V IPTVManager: REQ_setWatchDogMsg : 0
03-28 00:53:56.773 23981 23981 V MainLiveActivity: handleMessage : 529
03-28 00:54:06.845 23981 23981 V MainLiveActivity: handleMessage : 529
03-28 00:54:16.828 23981 24003 V WatchDogTask: WatchDogTask http://sam.me:21000/c/
03-28 00:54:16.828 23981 24003 V IPTVManager: REQ_setWatchDogMsg : 0
03-28 00:54:16.919 23981 23981 V MainLiveActivity: handleMessage : 529
03-28 00:54:26.991 23981 23981 V MainLiveActivity: handleMessage : 529
03-28 00:54:37.066 23981 23981 V MainLiveActivity: handleMessage : 529
03-28 00:54:46.828 23981 24003 V WatchDogTask: WatchDogTask http://sam.me:21000/c/
03-28 00:54:46.829 23981 24003 V IPTVManager: REQ_setWatchDogMsg : 0
03-28 00:54:47.138 23981 23981 V MainLiveActivity: handleMessage : 529
03-28 00:54:57.210 23981 23981 V MainLiveActivity: handleMessage : 529
03-28 00:55:07.285 23981 23981 V MainLiveActivity: handleMessage : 529
03-28 00:55:16.829 23981 24003 V WatchDogTask: WatchDogTask http://sam.me:21000/c/
03-28 00:55:16.829 23981 24003 V IPTVManager: REQ_setWatchDogMsg : 0
03-28 00:55:17.358 23981 23981 V MainLiveActivity: handleMessage : 529
03-28 00:55:27.428 23981 23981 V MainLiveActivity: handleMessage : 529
03-28 00:55:37.500 23981 23981 V MainLiveActivity: handleMessage : 529
