03-28 01:31:23.131 13700 14056 V WatchDogTask: WatchDogTask http://sam.me:21000/c/
03-28 01:31:23.131 13700 14056 V IPTVManager: REQ_setWatchDogMsg : 0
03-28 01:31:27.275 13700 13700 V MainLiveActivity: handleMessage : 529
03-28 01:31:37.347 13700 13700 V MainLiveActivity: handleMessage : 529
03-28 01:31:47.416 13700 13700 V MainLiveActivity: handleMessage : 529
03-28 01:31:53.131 13700 14056 V WatchDogTask: WatchDogTask http://sam.me:21000/c/
03-28 01:31:53.132 13700 14056 V IPTVManager: REQ_setWatchDogMsg : 0
03-28 01:31:57.489 13700 13700 V MainLiveActivity: handleMessage : 529
03-28 01:32:07.563 13700 13700 V MainLiveActivity: handleMessage : 529
03-28 01:32:17.634 13700 13700 V MainLiveActivity: handleMessage : 529
03-28 01:32:18.962  3085  3088 D dalvikvm: GC_CONCURRENT freed 3049K, 22% free 22263K/28192K, paused 1ms+5ms, total 52ms
03-28 01:32:23.131 13700 14056 V WatchDogTask: WatchDogTask http://sam.me:21000/c/
03-28 01:32:23.131 13700 14056 V IPTVManager: REQ_setWatchDogMsg : 0
03-28 01:32:27.701 13700 13700 V MainLiveActivity: handleMessage : 529
03-28 01:32:37.773 13700 13700 V MainLiveActivity: handleMessage : 529
03-28 01:32:45.292  2163  2873 D WifiStateMachine: handleMessage: E msg.what=131143
03-28 01:32:45.292  2163  2873 D WifiStateMachine: processMsg: DisconnectedState
03-28 01:32:45.292  2163  2873 D WifiStateMachine: processMsg: ConnectModeState
03-28 01:32:45.292  2163  2873 D WifiStateMachine: processMsg: DriverStartedState
03-28 01:32:45.294  2163  2873 D WifiHW  : wifi command = IFNAME=wlan0 SCAN
03-28 01:32:45.296  2163  2873 D WifiStateMachine: handleMessage: X
03-28 01:32:45.296  2163  2873 D WifiStateMachine: handleMessage: E msg.what=147462
03-28 01:32:45.296  2163  2873 D WifiStateMachine: processMsg: DisconnectedState
03-28 01:32:45.296  2163  2873 D WifiStateMachine: setDetailed state, old =DISCONNECTED and new state=SCANNING
03-28 01:32:45.296  2163  2873 D WifiStateMachine: processMsg: ConnectModeState
03-28 01:32:45.296  2163  2873 D WifiStateMachine: handleMessage: X
03-28 01:32:45.299  3085  3085 V Home    : WifiReceiver : android.net.wifi.supplicant.STATE_CHANGE
03-28 01:32:45.323 19064 16450 I EventLogService: Aggregate from 1522195365241 (log), 1522195365241 (data)
03-28 01:32:47.395  2163  2873 D WifiStateMachine: handleMessage: E msg.what=147461
03-28 01:32:47.395  2163  2873 D WifiStateMachine: processMsg: DisconnectedState
03-28 01:32:47.395  2163  2873 D WifiStateMachine: processMsg: ConnectModeState
03-28 01:32:47.395  2163  2873 D WifiStateMachine: processMsg: DriverStartedState
03-28 01:32:47.395  2163  2873 D WifiStateMachine: processMsg: SupplicantStartedState
03-28 01:32:47.395  2163  2873 D WifiHW  : wifi command = IFNAME=wlan0 BSS RANGE=0- MASK=0x21987
03-28 01:32:47.397  2163  2197 D EthernetDataTracker: Interface wlan0 link down
03-28 01:32:47.398  2163  2197 D G3StateTracker: 3g interfaceLinkStateChanged wlan0 link down
03-28 01:32:47.398  2163  2873 D WifiStateMachine: handleMessage: X
03-28 01:32:47.398  2163  2873 D WifiStateMachine: handleMessage: E msg.what=147462
03-28 01:32:47.398  2163  2873 D WifiStateMachine: processMsg: DisconnectedState
03-28 01:32:47.398  2163  2873 D WifiStateMachine: setDetailed state, old =SCANNING and new state=DISCONNECTED
03-28 01:32:47.398  2163  2873 D WifiStateMachine: processMsg: ConnectModeState
03-28 01:32:47.398  2163  2873 D WifiStateMachine: handleMessage: X
03-28 01:32:47.399  3085  3085 V Home    : WifiReceiver : android.net.wifi.SCAN_RESULTS
03-28 01:32:47.401  3085  3085 V Home    : WifiReceiver : android.net.wifi.supplicant.STATE_CHANGE
03-28 01:32:47.847 13700 13700 V MainLiveActivity: handleMessage : 529
03-28 01:32:53.131 13700 14056 V WatchDogTask: WatchDogTask http://sam.me:21000/c/
03-28 01:32:53.131 13700 14056 V IPTVManager: REQ_setWatchDogMsg : 0
03-28 01:32:57.920 13700 13700 V MainLiveActivity: handleMessage : 529
03-28 01:33:07.988 13700 13700 V MainLiveActivity: handleMessage : 529
03-28 01:33:18.060 13700 13700 V MainLiveActivity: handleMessage : 529
03-28 01:33:23.131 13700 14056 V WatchDogTask: WatchDogTask http://sam.me:21000/c/
03-28 01:33:23.131 13700 14056 V IPTVManager: REQ_setWatchDogMsg : 0
03-28 01:33:28.134 13700 13700 V MainLiveActivity: handleMessage : 529
03-28 01:33:38.206 13700 13700 V MainLiveActivity: handleMessage : 529
03-28 01:33:48.275 13700 13700 V MainLiveActivity: handleMessage : 529
03-28 01:33:53.131 13700 14056 V WatchDogTask: WatchDogTask http://sam.me:21000/c/
03-28 01:33:53.131 13700 14056 V IPTVManager: REQ_setWatchDogMsg : 0
03-28 01:33:58.343 13700 13700 V MainLiveActivity: handleMessage : 529
03-28 01:34:08.418 13700 13700 V MainLiveActivity: handleMessage : 529
03-28 01:34:18.488 13700 13700 V MainLiveActivity: handleMessage : 529
03-28 01:34:23.131 13700 14056 V WatchDogTask: WatchDogTask http://sam.me:21000/c/
03-28 01:34:23.131 13700 14056 V IPTVManager: REQ_setWatchDogMsg : 0
03-28 01:34:28.562 13700 13700 V MainLiveActivity: handleMessage : 529
03-28 01:34:38.634 13700 13700 V MainLiveActivity: handleMessage : 529
03-28 01:34:48.702 13700 13700 V MainLiveActivity: handleMessage : 529
03-28 01:34:53.131 13700 14056 V WatchDogTask: WatchDogTask http://sam.me:21000/c/
03-28 01:34:53.131 13700 14056 V IPTVManager: REQ_setWatchDogMsg : 0
03-28 01:34:58.775 13700 13700 V MainLiveActivity: handleMessage : 529
03-28 01:35:08.843 13700 13700 V MainLiveActivity: handleMessage : 529
03-28 01:35:18.908 13700 13700 V MainLiveActivity: handleMessage : 529
03-28 01:35:23.131 13700 14056 V WatchDogTask: WatchDogTask http://sam.me:21000/c/
03-28 01:35:23.132 13700 14056 V IPTVManager: REQ_setWatchDogMsg : 0
03-28 01:35:28.970 13700 13700 V MainLiveActivity: handleMessage : 529
03-28 01:35:39.039 13700 13700 V MainLiveActivity: handleMessage : 529
03-28 01:35:49.112 13700 13700 V MainLiveActivity: handleMessage : 529
03-28 01:35:53.132 13700 14056 V WatchDogTask: WatchDogTask http://sam.me:21000/c/
03-28 01:35:53.132 13700 14056 V IPTVManager: REQ_setWatchDogMsg : 0
03-28 01:35:59.179 13700 13700 V MainLiveActivity: handleMessage : 529
03-28 01:36:09.253 13700 13700 V MainLiveActivity: handleMessage : 529
03-28 01:36:19.319 13700 13700 V MainLiveActivity: handleMessage : 529
03-28 01:36:19.388 13700 13703 D dalvikvm: GC_CONCURRENT freed 2708K, 12% free 21763K/24572K, paused 3ms+9ms, total 46ms
03-28 01:36:23.132 13700 14056 V WatchDogTask: WatchDogTask http://sam.me:21000/c/
03-28 01:36:23.133 13700 14056 V IPTVManager: REQ_setWatchDogMsg : 0
03-28 01:36:28.072  2163  2873 D WifiStateMachine: handleMessage: E msg.what=131143
03-28 01:36:28.072  2163  2873 D WifiStateMachine: processMsg: DisconnectedState
03-28 01:36:28.072  2163  2873 D WifiStateMachine: processMsg: ConnectModeState
03-28 01:36:28.072  2163  2873 D WifiStateMachine: processMsg: DriverStartedState
03-28 01:36:28.074  2163  2873 D WifiHW  : wifi command = IFNAME=wlan0 SCAN
03-28 01:36:28.075  2163  2873 D WifiStateMachine: handleMessage: X
03-28 01:36:28.075  2163  2873 D WifiStateMachine: handleMessage: E msg.what=147462
03-28 01:36:28.075  2163  2873 D WifiStateMachine: processMsg: DisconnectedState
03-28 01:36:28.075  2163  2873 D WifiStateMachine: setDetailed state, old =DISCONNECTED and new state=SCANNING
03-28 01:36:28.075  2163  2873 D WifiStateMachine: processMsg: ConnectModeState
03-28 01:36:28.075  2163  2873 D WifiStateMachine: handleMessage: X
03-28 01:36:28.077  3085  3085 V Home    : WifiReceiver : android.net.wifi.supplicant.STATE_CHANGE
03-28 01:36:29.420 13700 13700 V MainLiveActivity: handleMessage : 529
03-28 01:36:30.264  2163  2873 D WifiStateMachine: handleMessage: E msg.what=147461
03-28 01:36:30.264  2163  2873 D WifiStateMachine: processMsg: DisconnectedState
03-28 01:36:30.264  2163  2873 D WifiStateMachine: processMsg: ConnectModeState
03-28 01:36:30.264  2163  2873 D WifiStateMachine: processMsg: DriverStartedState
03-28 01:36:30.264  2163  2873 D WifiStateMachine: processMsg: SupplicantStartedState
03-28 01:36:30.264  2163  2873 D WifiHW  : wifi command = IFNAME=wlan0 BSS RANGE=0- MASK=0x21987
03-28 01:36:30.266  2163  2197 D EthernetDataTracker: Interface wlan0 link down
03-28 01:36:30.266  2163  2197 D G3StateTracker: 3g interfaceLinkStateChanged wlan0 link down
03-28 01:36:30.269  2163  2873 D WifiStateMachine: handleMessage: X
03-28 01:36:30.269  2163  2873 D WifiStateMachine: handleMessage: E msg.what=147462
03-28 01:36:30.269  2163  2873 D WifiStateMachine: processMsg: DisconnectedState
03-28 01:36:30.270  2163  2873 D WifiStateMachine: setDetailed state, old =SCANNING and new state=DISCONNECTED
03-28 01:36:30.270  2163  2873 D WifiStateMachine: processMsg: ConnectModeState
03-28 01:36:30.270  2163  2873 D WifiStateMachine: handleMessage: X
03-28 01:36:30.270  3085  3085 V Home    : WifiReceiver : android.net.wifi.SCAN_RESULTS
03-28 01:36:30.271  3085  3085 V Home    : WifiReceiver : android.net.wifi.supplicant.STATE_CHANGE
03-28 01:36:39.494 13700 13700 V MainLiveActivity: handleMessage : 529
03-28 01:36:49.567 13700 13700 V MainLiveActivity: handleMessage : 529
03-28 01:36:53.133 13700 14056 V WatchDogTask: WatchDogTask http://sam.me:21000/c/
03-28 01:36:53.133 13700 14056 V IPTVManager: REQ_setWatchDogMsg : 0
03-28 01:36:59.638 13700 13700 V MainLiveActivity: handleMessage : 529
03-28 01:37:09.712 13700 13700 V MainLiveActivity: handleMessage : 529
03-28 01:37:18.967  3085  3088 D dalvikvm: GC_CONCURRENT freed 3043K, 22% free 22259K/28192K, paused 1ms+5ms, total 49ms
03-28 01:37:19.772 13700 13700 V MainLiveActivity: handleMessage : 529
03-28 01:37:23.133 13700 14056 V WatchDogTask: WatchDogTask http://sam.me:21000/c/
03-28 01:37:23.133 13700 14056 V IPTVManager: REQ_setWatchDogMsg : 0
03-28 01:37:29.842 13700 13700 V MainLiveActivity: handleMessage : 529
03-28 01:37:39.911 13700 13700 V MainLiveActivity: handleMessage : 529
03-28 01:37:49.985 13700 13700 V MainLiveActivity: handleMessage : 529
03-28 01:37:53.133 13700 14056 V WatchDogTask: WatchDogTask http://sam.me:21000/c/
03-28 01:37:53.133 13700 14056 V IPTVManager: REQ_setWatchDogMsg : 0
03-28 01:38:00.057 13700 13700 V MainLiveActivity: handleMessage : 529
03-28 01:38:10.115 13700 13700 V MainLiveActivity: handleMessage : 529
03-28 01:38:20.179 13700 13700 V MainLiveActivity: handleMessage : 529
03-28 01:38:23.133 13700 14056 V WatchDogTask: WatchDogTask http://sam.me:21000/c/
03-28 01:38:23.133 13700 14056 V IPTVManager: REQ_setWatchDogMsg : 0
03-28 01:38:30.250 13700 13700 V MainLiveActivity: handleMessage : 529
03-28 01:38:40.325 13700 13700 V MainLiveActivity: handleMessage : 529
03-28 01:38:50.394 13700 13700 V MainLiveActivity: handleMessage : 529
03-28 01:38:53.133 13700 14056 V WatchDogTask: WatchDogTask http://sam.me:21000/c/
03-28 01:38:53.133 13700 14056 V IPTVManager: REQ_setWatchDogMsg : 0
03-28 01:39:00.469 13700 13700 V MainLiveActivity: handleMessage : 529
03-28 01:39:05.021  2163  2194 W ProcessCpuTracker: Skipping unknown process pid 17958
03-28 01:39:05.021  2163  2194 W ProcessCpuTracker: Skipping unknown process pid 17963
03-28 01:39:10.538 13700 13700 V MainLiveActivity: handleMessage : 529
03-28 01:39:20.598 13700 13700 V MainLiveActivity: handleMessage : 529
03-28 01:39:23.133 13700 14056 V WatchDogTask: WatchDogTask http://sam.me:21000/c/
03-28 01:39:23.133 13700 14056 V IPTVManager: REQ_setWatchDogMsg : 0
03-28 01:39:30.670 13700 13700 V MainLiveActivity: handleMessage : 529
03-28 01:39:40.743 13700 13700 V MainLiveActivity: handleMessage : 529
03-28 01:39:50.817 13700 13700 V MainLiveActivity: handleMessage : 529
03-28 01:39:53.133 13700 14056 V WatchDogTask: WatchDogTask http://sam.me:21000/c/
03-28 01:39:53.134 13700 14056 V IPTVManager: REQ_setWatchDogMsg : 0
03-28 01:40:00.891 13700 13700 V MainLiveActivity: handleMessage : 529
03-28 01:40:10.960 13700 13700 V MainLiveActivity: handleMessage : 529
03-28 01:40:21.026 13700 13700 V MainLiveActivity: handleMessage : 529
03-28 01:40:23.134 13700 14056 V WatchDogTask: WatchDogTask http://sam.me:21000/c/
03-28 01:40:23.134 13700 14056 V IPTVManager: REQ_setWatchDogMsg : 0
03-28 01:40:31.095 13700 13700 V MainLiveActivity: handleMessage : 529
03-28 01:40:41.170 13700 13700 V MainLiveActivity: handleMessage : 529
03-28 01:40:51.237 13700 13700 V MainLiveActivity: handleMessage : 529
03-28 01:40:53.134 13700 14056 V WatchDogTask: WatchDogTask http://sam.me:21000/c/
03-28 01:40:53.134 13700 14056 V IPTVManager: REQ_setWatchDogMsg : 0
03-28 01:41:01.304 13700 13700 V MainLiveActivity: handleMessage : 529
03-28 01:41:11.378 13700 13700 V MainLiveActivity: handleMessage : 529
03-28 01:41:21.446 13700 13700 V MainLiveActivity: handleMessage : 529
03-28 01:41:23.134 13700 14056 V WatchDogTask: WatchDogTask http://sam.me:21000/c/
03-28 01:41:23.134 13700 14056 V IPTVManager: REQ_setWatchDogMsg : 0
03-28 01:41:31.511 13700 13700 V MainLiveActivity: handleMessage : 529
03-28 01:41:41.580 13700 13700 V MainLiveActivity: handleMessage : 529
03-28 01:41:51.654 13700 13700 V MainLiveActivity: handleMessage : 529
03-28 01:41:53.134 13700 14056 V WatchDogTask: WatchDogTask http://sam.me:21000/c/
03-28 01:41:53.134 13700 14056 V IPTVManager: REQ_setWatchDogMsg : 0
03-28 01:42:01.728 13700 13700 V MainLiveActivity: handleMessage : 529
03-28 01:42:11.795 13700 13700 V MainLiveActivity: handleMessage : 529
03-28 01:42:18.974  3085  3088 D dalvikvm: GC_CONCURRENT freed 3044K, 22% free 22259K/28192K, paused 2ms+6ms, total 53ms
03-28 01:42:21.856 13700 13700 V MainLiveActivity: handleMessage : 529
03-28 01:42:23.134 13700 14056 V WatchDogTask: WatchDogTask http://sam.me:21000/c/
03-28 01:42:23.134 13700 14056 V IPTVManager: REQ_setWatchDogMsg : 0
03-28 01:42:31.923 13700 13700 V MainLiveActivity: handleMessage : 529
03-28 01:42:41.996 13700 13700 V MainLiveActivity: handleMessage : 529
03-28 01:42:52.068 13700 13700 V MainLiveActivity: handleMessage : 529
03-28 01:42:53.134 13700 14056 V WatchDogTask: WatchDogTask http://sam.me:21000/c/
03-28 01:42:53.134 13700 14056 V IPTVManager: REQ_setWatchDogMsg : 0
03-28 01:43:02.136 13700 13700 V MainLiveActivity: handleMessage : 529
03-28 01:43:10.849  2163  2875 D ConnectivityService: Sampling interval elapsed, updating statistics ..
03-28 01:43:10.855  2163  2875 D ConnectivityService: Done.
03-28 01:43:10.855  2163  2875 D ConnectivityService: Setting timer for 720seconds
03-28 01:43:10.860  2163  2873 D WifiStateMachine: handleMessage: E msg.what=131143
03-28 01:43:10.860  2163  2873 D WifiStateMachine: processMsg: DisconnectedState
03-28 01:43:10.861  2163  2873 D WifiStateMachine: processMsg: ConnectModeState
03-28 01:43:10.861  2163  2873 D WifiStateMachine: processMsg: DriverStartedState
03-28 01:43:10.863  2163  2873 D WifiHW  : wifi command = IFNAME=wlan0 SCAN
03-28 01:43:10.864  2163  2873 D WifiStateMachine: handleMessage: X
03-28 01:43:10.864  2163  2873 D WifiStateMachine: handleMessage: E msg.what=147462
03-28 01:43:10.864  2163  2873 D WifiStateMachine: processMsg: DisconnectedState
03-28 01:43:10.864  2163  2873 D WifiStateMachine: setDetailed state, old =DISCONNECTED and new state=SCANNING
03-28 01:43:10.864  2163  2873 D WifiStateMachine: processMsg: ConnectModeState
03-28 01:43:10.864  2163  2873 D WifiStateMachine: handleMessage: X
03-28 01:43:10.866  3085  3085 V Home    : WifiReceiver : android.net.wifi.supplicant.STATE_CHANGE
03-28 01:43:10.938  3126 15621 V NativeCrypto: Read error: ssl=0x4a7cbad8: I/O error during system call, Connection reset by peer
03-28 01:43:10.940  3126 15621 V NativeCrypto: SSL shutdown failed: ssl=0x4a7cbad8: I/O error during system call, Broken pipe
03-28 01:43:10.946  3126 15621 E GCM     : Wifi connection closed with errorCode 20
03-28 01:43:10.950  2163  2875 D ConnectivityService: handleInetConditionChange: net=1 != default=9 - ignore
03-28 01:43:12.208 13700 13700 V MainLiveActivity: handleMessage : 529
03-28 01:43:12.928  2163  2873 D WifiStateMachine: handleMessage: E msg.what=147461
03-28 01:43:12.928  2163  2873 D WifiStateMachine: processMsg: DisconnectedState
03-28 01:43:12.928  2163  2873 D WifiStateMachine: processMsg: ConnectModeState
03-28 01:43:12.928  2163  2873 D WifiStateMachine: processMsg: DriverStartedState
03-28 01:43:12.928  2163  2873 D WifiStateMachine: processMsg: SupplicantStartedState
03-28 01:43:12.928  2163  2873 D WifiHW  : wifi command = IFNAME=wlan0 BSS RANGE=0- MASK=0x21987
03-28 01:43:12.929  2163  2197 D EthernetDataTracker: Interface wlan0 link down
03-28 01:43:12.929  2163  2197 D G3StateTracker: 3g interfaceLinkStateChanged wlan0 link down
03-28 01:43:12.933  2163  2873 D WifiStateMachine: handleMessage: X
03-28 01:43:12.933  2163  2873 D WifiStateMachine: handleMessage: E msg.what=147462
03-28 01:43:12.934  2163  2873 D WifiStateMachine: processMsg: DisconnectedState
03-28 01:43:12.934  2163  2873 D WifiStateMachine: setDetailed state, old =SCANNING and new state=DISCONNECTED
03-28 01:43:12.934  2163  2873 D WifiStateMachine: processMsg: ConnectModeState
03-28 01:43:12.934  2163  2873 D WifiStateMachine: handleMessage: X
03-28 01:43:12.934  3085  3085 V Home    : WifiReceiver : android.net.wifi.SCAN_RESULTS
03-28 01:43:12.936  3085  3085 V Home    : WifiReceiver : android.net.wifi.supplicant.STATE_CHANGE
03-28 01:43:17.720  2163  2875 D ConnectivityService: handleInetConditionChange: net=1 != default=9 - ignore
03-28 01:43:17.730  2163  2875 D ConnectivityService: handleInetConditionChange: net=1 != default=9 - ignore
03-28 01:43:17.737  2163  2875 D ConnectivityService: handleInetConditionChange: net=1 != default=9 - ignore
03-28 01:43:17.750  2163  2875 D ConnectivityService: handleInetConditionChange: net=1 != default=9 - ignore
03-28 01:43:17.802  2163  2167 D dalvikvm: GC_CONCURRENT freed 1211K, 18% free 8475K/10328K, paused 3ms+8ms, total 68ms
03-28 01:43:22.273 13700 13700 V MainLiveActivity: handleMessage : 529
03-28 01:43:22.843  1456  1606 I AOService: hdmi_observer  add@/devices/platform/hiusb-ehci.0/usb1/1-2
03-28 01:43:22.844  1456  1606 I AOService: hdmi_observer  add@/devices/platform/hiusb-ehci.0/usb1/1-2/1-2:1.0
03-28 01:43:22.848  2163  2981 W ContextImpl: Calling a method in the system process without a qualified user: android.app.ContextImpl.sendBroadcast:1200 com.android.server.usb.UsbSettingsManager.deviceAttached:621 com.android.server.usb.UsbHostManager.usbDeviceAdded:156 com.android.server.usb.UsbHostManager.monitorUsbHostBus:-2 com.android.server.usb.UsbHostManager.access$000:38 
03-28 01:43:22.853  1456  1606 I AOService: hdmi_observer  add@/devices/platform/hiusb-ehci.0/usb1/1-2/1-2:1.0/host0
03-28 01:43:22.853  1456  1606 I AOService: hdmi_observer  add@/devices/platform/hiusb-ehci.0/usb1/1-2/1-2:1.0/host0/scsi_host/host0
03-28 01:43:23.134 13700 14056 V WatchDogTask: WatchDogTask http://sam.me:21000/c/
03-28 01:43:23.135 13700 14056 V IPTVManager: REQ_setWatchDogMsg : 0
03-28 01:43:23.863  1456  1606 I AOService: hdmi_observer  add@/devices/platform/hiusb-ehci.0/usb1/1-2/1-2:1.0/host0/target0:0:0
03-28 01:43:23.865  1456  1606 I AOService: hdmi_observer  add@/devices/platform/hiusb-ehci.0/usb1/1-2/1-2:1.0/host0/target0:0:0/0:0:0:0
03-28 01:43:23.865  1456  1606 I AOService: hdmi_observer  add@/devices/platform/hiusb-ehci.0/usb1/1-2/1-2:1.0/host0/target0:0:0/0:0:0:0/scsi_disk/0:0:0:0
03-28 01:43:23.866  1456  1606 I AOService: hdmi_observer  add@/devices/platform/hiusb-ehci.0/usb1/1-2/1-2:1.0/host0/target0:0:0/0:0:0:0/scsi_device/0:0:0:0
03-28 01:43:23.866  1456  1606 I AOService: hdmi_observer  add@/devices/platform/hiusb-ehci.0/usb1/1-2/1-2:1.0/host0/target0:0:0/0:0:0:0/bsg/0:0:0:0
03-28 01:43:25.313  1456  1606 I AOService: hdmi_observer  add@/devices/virtual/bdi/8:0
03-28 01:43:25.329  1456  1606 I AOService: hdmi_observer  add@/devices/platform/hiusb-ehci.0/usb1/1-2/1-2:1.0/host0/target0:0:0/0:0:0:0/block/sda
03-28 01:43:25.329  1456  1606 I AOService: hdmi_observer  add@/devices/platform/hiusb-ehci.0/usb1/1-2/1-2:1.0/host0/target0:0:0/0:0:0:0/block/sda/sda1
03-28 01:43:25.329  1446  1520 D NetlinkEvent: NL param 'DEVPATH=/devices/platform/hiusb-ehci.0/usb1/1-2/1-2:1.0/host0/target0:0:0/0:0:0:0/block/sda'
03-28 01:43:25.329  1446  1520 D NetlinkEvent: NL param 'MAJOR=8'
03-28 01:43:25.329  1446  1520 D NetlinkEvent: NL param 'MINOR=0'
03-28 01:43:25.329  1446  1520 D NetlinkEvent: NL param 'DEVNAME=sda'
03-28 01:43:25.329  1446  1520 D NetlinkEvent: NL param 'DEVTYPE=disk'
03-28 01:43:25.329  1446  1520 D NetlinkEvent: NL param 'NPARTS=1'
03-28 01:43:25.329  1446  1520 D Vold    : [-vold_debug-270] :vm handleBlockEvent
03-28 01:43:25.329  1446  1520 D DirVolume: [-vold_debug-75] :handleBlockEvent begin
03-28 01:43:25.329  1446  1520 D DirVolume: [-vold_debug-75] :handleBlockEvent begin
03-28 01:43:25.329  1446  1520 D NetlinkEvent: NL param 'DEVPATH=/devices/platform/hiusb-ehci.0/usb1/1-2/1-2:1.0/host0/target0:0:0/0:0:0:0/block/sda'
03-28 01:43:25.329  1446  1520 D NetlinkEvent: NL param 'MAJOR=8'
03-28 01:43:25.329  1446  1520 D NetlinkEvent: NL param 'MINOR=0'
03-28 01:43:25.329  1446  1520 D NetlinkEvent: NL param 'DEVNAME=sda'
03-28 01:43:25.329  1446  1520 D NetlinkEvent: NL param 'DEVTYPE=disk'
03-28 01:43:25.329  1446  1520 D NetlinkEvent: NL param 'NPARTS=1'
03-28 01:43:25.329  1446  1520 D NetlinkEvent: NL param 'DEVPATH=/devices/platform/hiusb-ehci.0/usb1/1-2/1-2:1.0/host0/target0:0:0/0:0:0:0/block/sda/sda1'
03-28 01:43:25.329  1446  1520 D NetlinkEvent: NL param 'MAJOR=8'
03-28 01:43:25.329  1446  1520 D NetlinkEvent: NL param 'MINOR=1'
03-28 01:43:25.329  1446  1520 D NetlinkEvent: NL param 'DEVNAME=sda1'
03-28 01:43:25.329  1446  1520 D NetlinkEvent: NL param 'DEVTYPE=partition'
03-28 01:43:25.329  1446  1520 D NetlinkEvent: NL param 'PARTN=1'
03-28 01:43:25.329  1446  1520 D Vold    : [-vold_debug-270] :vm handleBlockEvent
03-28 01:43:25.329  1446  1520 D DirVolume: [-vold_debug-75] :handleBlockEvent begin
03-28 01:43:25.329  1446  1520 D DirVolume: [-vold_debug-75] :handleBlockEvent begin
03-28 01:43:25.329  1446  1520 D NetlinkEvent: NL param 'DEVPATH=/devices/platform/hiusb-ehci.0/usb1/1-2/1-2:1.0/host0/target0:0:0/0:0:0:0/block/sda/sda1'
03-28 01:43:25.329  1446  1520 D NetlinkEvent: NL param 'MAJOR=8'
03-28 01:43:25.329  1446  1520 D NetlinkEvent: NL param 'MINOR=1'
03-28 01:43:25.329  1446  1520 D NetlinkEvent: NL param 'DEVNAME=sda1'
03-28 01:43:25.330  1446  1520 D NetlinkEvent: NL param 'DEVTYPE=partition'
03-28 01:43:25.330  1446  1520 D NetlinkEvent: NL param 'PARTN=1'
03-28 01:43:25.330  1446  1520 D DirVolume: [-vold_debug-220] :the MINOR is 1
03-28 01:43:25.330  1446  1520 D DirVolume: [-vold_debug-269] :DirVolume : handlePartitionAdded, mountpoint /mnt/usb_2/sda/sda1, label sda1, major 8, minor 1, devpath /devices/platform/hiusb-ehci.0/usb1/1-2/1-2:1.0/host0/target0:0:0/0:0:0:0/block/sda/sda1
03-28 01:43:25.332  1446  1520 D Vold    : [-vold_debug-350] :Volume sda1 state changing -1 (Initializing) -> 0 (No-Media)
03-28 01:43:25.332  1446  1520 D Vold    : [-vold_debug-135] :handlePartitionAdded. mPartMajor = 8, mPartMinor = 1, major = 8, minor = 1
03-28 01:43:25.333  2163  2197 I MountService: onEvent:: raw= 605 Volume sda1 /mnt/usb_2/sda/sda1 state changed from -1 (Initializing) to 0 (No-Media) cooked =  605 Volume sda1 /mnt/usb_2/sda/sda1 state changed from -1 (Initializing) to 0 (No-Media)
03-28 01:43:25.334  2163  2197 W MountService: getVolumeState(/mnt/usb_2/sda/sda1): Unknown volume
03-28 01:43:25.334  2163  2197 I MountService: notifyVolumeStateChange::removed
03-28 01:43:25.542  1446  1520 D Vold    : [-vold_debug-350] :Volume sda1 state changing 0 (No-Media) -> 1 (Idle-Unmounted)
03-28 01:43:25.544  2163  2197 I MountService: onEvent:: raw= 605 Volume sda1 /mnt/usb_2/sda/sda1 state changed from 0 (No-Media) to 1 (Idle-Unmounted) cooked =  605 Volume sda1 /mnt/usb_2/sda/sda1 state changed from 0 (No-Media) to 1 (Idle-Unmounted)
03-28 01:43:25.544  2163  2197 W MountService: getVolumeState(/mnt/usb_2/sda/sda1): Unknown volume
03-28 01:43:25.544  2163  2197 I MountService: notifyVolumeStateChange::removed
03-28 01:43:27.543  1446  1520 D Vold    : [-vold_debug-1218] :getUUIDInternal   start check
03-28 01:43:27.567  1446  1520 D Vold    : the UUID is D092-D5E4
03-28 01:43:27.567  1446  1520 D Vold    : [-vold_debug-1248] :getUUIDInternal  end
03-28 01:43:27.567  1446  1520 D Vold    : [-vold_debug-282] :Device '/devices/platform/hiusb-ehci.0/usb1/1-2/1-2:1.0/host0/target0:0:0/0:0:0:0/block/sda/sda1' event handled by volume sda1
03-28 01:43:27.569  2163  2197 I MountService: onEvent:: raw= 630 Volume sda1 /mnt/usb_2/sda/sda1 disk inserted (8:1) cooked =  630 Volume sda1 /mnt/usb_2/sda/sda1 disk inserted (8:1)
03-28 01:43:27.570  2163 18967 I MountService: doMountVolume: Mouting /mnt/usb_2/sda/sda1
03-28 01:43:27.570  2163 18967 D MountService: use the mConnectorSpec[1]
03-28 01:43:27.571  1446  1513 D Vold    : vold : mountVolume v->getMountpoint() = /mnt/usb_2/sda/sda1
03-28 01:43:27.572  1446  1513 D Vold    : [-vold_debug-350] :Volume sda1 state changing 1 (Idle-Unmounted) -> 3 (Checking)
03-28 01:43:27.572  1446  1513 E Vold    : this type=0
03-28 01:43:27.572  1446  1513 D Vold    : [-vold_debug-689] :getMountpoint=(/mnt/usb_2/sda/sda1),ubiName=((null))
03-28 01:43:27.574  2163  2197 I MountService: onEvent:: raw= 605 Volume sda1 /mnt/usb_2/sda/sda1 state changed from 1 (Idle-Unmounted) to 3 (Checking) cooked =  605 Volume sda1 /mnt/usb_2/sda/sda1 state changed from 1 (Idle-Unmounted) to 3 (Checking)
03-28 01:43:27.574  2163  2197 W MountService: getVolumeState(/mnt/usb_2/sda/sda1): Unknown volume
03-28 01:43:27.574  2163  2197 I MountService: notifyVolumeStateChange::removed
03-28 01:43:27.574  2163  2197 I MountService: updating volume state checking
03-28 01:43:27.574  2163  2197 D MountService: volume state changed for /mnt/usb_2/sda/sda1 (null -> checking)
03-28 01:43:27.575  2163  2197 E VoldConnector: Error handling '605 Volume sda1 /mnt/usb_2/sda/sda1 state changed from 1 (Idle-Unmounted) to 3 (Checking)': java.lang.NullPointerException
03-28 01:43:27.600  1446  1513 D Vold    : [-vold_debug-345] :msg=Volume sda1 /mnt/usb_2/sda/sda1 state changed from 3 (Checking) to 4 (Mounted) UUID=D092-D5E4 DevType=USB2.0 2049 D
03-28 01:43:27.603  2163  2197 I MountService: onEvent:: raw= 605 Volume sda1 /mnt/usb_2/sda/sda1 state changed from 3 (Checking) to 4 (Mounted) UUID=D092-D5E4 DevType=USB2.0 2049 D cooked =  605 Volume sda1 /mnt/usb_2/sda/sda1 state changed from 3 (Checking) to 4 (Mounted) UUID=D092-D5E4 DevType=USB2.0 2049 D
03-28 01:43:27.603  2163  2197 D MountService: onEvent : exInfo.mUUID=[D092-D5E4] exInfo.mDevType=[USB2.0] exInfo.mDevNode=[2049]exInfo.mDiskLabel = [D]
03-28 01:43:27.605  2163  2197 E MountService: getDefaultPathFromXml  = null
03-28 01:43:27.605  2163  2197 E MountService: -->Enter isDefaultVolume , output = null
03-28 01:43:27.605  2163  2197 I MountService: notifyVolumeStateChange::checking
03-28 01:43:27.605  2163  2197 I MountService: updating volume state mounted
03-28 01:43:27.605  2163  2197 D MountService: volume state changed for /mnt/usb_2/sda/sda1 (checking -> mounted)
03-28 01:43:27.606  2163  2197 D MountService: sendStorageIntent Intent { act=android.intent.action.MEDIA_MOUNTED dat=file:///mnt/usb_2/sda/sda1 (has extras) } to UserHandle{-1}
03-28 01:43:27.608  2163 18967 E MountService: getDefaultPathFromXml  = null
03-28 01:43:27.609 13700 13700 I StorageStatusReceiver: Intent Action android.intent.action.MEDIA_MOUNTED
03-28 01:43:27.611  3085  3085 I StorageStatusReceiver: Intent Action android.intent.action.MEDIA_MOUNTED
03-28 01:43:27.611  3085  3085 D StorageStatusReceiver: /proc/mount
03-28 01:43:27.612  3030  3030 D MediaService: receive mount event
03-28 01:43:27.612  3085  3085 D StorageStatusReceiver: rootfs / rootfs ro,relatime 0 0
03-28 01:43:27.612  3085  3085 V StorageStatusReceiver: getDevType : rootfs / rootfs ro,relatime 0 0
03-28 01:43:27.613  3085  3085 D StorageStatusReceiver: tmpfs /dev tmpfs rw,nosuid,relatime,size=507796k,nr_inodes=126949,mode=755 0 0
03-28 01:43:27.613  3085  3085 V StorageStatusReceiver: getDevType : tmpfs /dev tmpfs rw,nosuid,relatime,size=507796k,nr_inodes=126949,mode=755 0 0
03-28 01:43:27.613  3030  3030 D MediaService: dirlist:
03-28 01:43:27.613  3085  3085 D StorageStatusReceiver: devpts /dev/pts devpts rw,relatime,mode=600 0 0
03-28 01:43:27.613  3085  3085 V StorageStatusReceiver: getDevType : devpts /dev/pts devpts rw,relatime,mode=600 0 0
03-28 01:43:27.614  3030  3030 E DMS-C   : HI_DLNA_DelDmsSharedDirFailed
03-28 01:43:27.614  3030  3030 D MediaService: dms delShareDir+HiMediaServer+ successfully
03-28 01:43:27.614  3030  3030 E DMS-C   : HI_DLNA_AddDmsSharedDir Failed
03-28 01:43:27.614  3030  3030 I System.out: UpnpSettingActivitycall addSharDir by jni......
03-28 01:43:27.614  3085  3085 D StorageStatusReceiver: adb /dev/usb-ffs/adb functionfs rw,relatime 0 0
03-28 01:43:27.614  3030  3030 D MediaService: dms addShareDir+HiMediaServer+ fail
03-28 01:43:27.614  3085  3085 V StorageStatusReceiver: getDevType : adb /dev/usb-ffs/adb functionfs rw,relatime 0 0
03-28 01:43:27.615  3030  3030 D UPNP    : com.hisilicon.dlna.dms.MediaService.reAddShareDir()  Line:796  (MediaService.java)
03-28 01:43:27.616  3085  3085 D StorageStatusReceiver: proc /proc proc rw,relatime 0 0
03-28 01:43:27.616  3085  3085 V StorageStatusReceiver: getDevType : proc /proc proc rw,relatime 0 0
03-28 01:43:27.620  3085  3085 D StorageStatusReceiver: sysfs /sys sysfs rw,relatime 0 0
03-28 01:43:27.620  3085  3085 V StorageStatusReceiver: getDevType : sysfs /sys sysfs rw,relatime 0 0
03-28 01:43:27.621  3085  3085 D StorageStatusReceiver: tmpfs /mnt tmpfs rw,relatime,size=507796k,nr_inodes=126949,mode=775,gid=1000 0 0
03-28 01:43:27.621  3085  3085 V StorageStatusReceiver: getDevType : tmpfs /mnt tmpfs rw,relatime,size=507796k,nr_inodes=126949,mode=775,gid=1000 0 0
03-28 01:43:27.622  3085  3085 D StorageStatusReceiver: tmpfs /mnt/secure tmpfs rw,relatime,size=507796k,nr_inodes=126949,mode=700 0 0
03-28 01:43:27.622  3085  3085 V StorageStatusReceiver: getDevType : tmpfs /mnt/secure tmpfs rw,relatime,size=507796k,nr_inodes=126949,mode=700 0 0
03-28 01:43:27.622  3085  3085 D StorageStatusReceiver: tmpfs /mnt/asec tmpfs rw,relatime,size=507796k,nr_inodes=126949,mode=755,gid=1000 0 0
03-28 01:43:27.622  3085  3085 V StorageStatusReceiver: getDevType : tmpfs /mnt/asec tmpfs rw,relatime,size=507796k,nr_inodes=126949,mode=755,gid=1000 0 0
03-28 01:43:27.623  3085  3085 D StorageStatusReceiver: tmpfs /mnt/obb tmpfs rw,relatime,size=507796k,nr_inodes=126949,mode=755,gid=1000 0 0
03-28 01:43:27.623  3085  3085 V StorageStatusReceiver: getDevType : tmpfs /mnt/obb tmpfs rw,relatime,size=507796k,nr_inodes=126949,mode=755,gid=1000 0 0
03-28 01:43:27.624  3085  3085 D StorageStatusReceiver: /data/media /mnt/sdcard sdcardfs rw,nosuid,nodev,relatime,uid=1023,gid=1028,derive=legacy,reserved=100MB 0 0
03-28 01:43:27.624  3085  3085 V StorageStatusReceiver: getDevType : /data/media /mnt/sdcard sdcardfs rw,nosuid,nodev,relatime,uid=1023,gid=1028,derive=legacy,reserved=100MB 0 0
03-28 01:43:27.625  3085  3085 D StorageStatusReceiver: tmpfs /tmp tmpfs rw,relatime,size=507796k,nr_inodes=126949,mode=775 0 0
03-28 01:43:27.626  3085  3085 V StorageStatusReceiver: getDevType : tmpfs /tmp tmpfs rw,relatime,size=507796k,nr_inodes=126949,mode=775 0 0
03-28 01:43:27.626  3085  3085 D StorageStatusReceiver: /dev/block/platform/hi_mci.1/by-name/system /system ext4 ro,nosuid,nodev,relatime,data=ordered 0 0
03-28 01:43:27.626  3085  3085 V StorageStatusReceiver: getDevType : /dev/block/platform/hi_mci.1/by-name/system /system ext4 ro,nosuid,nodev,relatime,data=ordered 0 0
03-28 01:43:27.627  3085  3085 D StorageStatusReceiver: /dev/block/platform/hi_mci.1/by-name/reserved /system/reserved ext4 rw,nosuid,nodev,relatime,data=ordered 0 0
03-28 01:43:27.627  3085  3085 V StorageStatusReceiver: getDevType : /dev/block/platform/hi_mci.1/by-name/reserved /system/reserved ext4 rw,nosuid,nodev,relatime,data=ordered 0 0
03-28 01:43:27.628  3085  3085 D StorageStatusReceiver: /dev/block/platform/hi_mci.1/by-name/userdata /data ext4 rw,nosuid,nodev,relatime,data=ordered 0 0
03-28 01:43:27.628  3085  3085 V StorageStatusReceiver: getDevType : /dev/block/platform/hi_mci.1/by-name/userdata /data ext4 rw,nosuid,nodev,relatime,data=ordered 0 0
03-28 01:43:27.628  3085  3085 D StorageStatusReceiver: /dev/block/platform/hi_mci.1/by-name/cache /cache ext4 rw,nosuid,nodev,relatime,data=ordered 0 0
03-28 01:43:27.629  3085  3085 V StorageStatusReceiver: getDevType : /dev/block/platform/hi_mci.1/by-name/cache /cache ext4 rw,nosuid,nodev,relatime,data=ordered 0 0
03-28 01:43:27.630  3085  3085 D StorageStatusReceiver: /data/media /storage/emulated sdcardfs rw,nosuid,nodev,relatime,uid=1023,gid=1028,derive=legacy,reserved=100MB 0 0
03-28 01:43:27.630  3085  3085 V StorageStatusReceiver: getDevType : /data/media /storage/emulated sdcardfs rw,nosuid,nodev,relatime,uid=1023,gid=1028,derive=legacy,reserved=100MB 0 0
03-28 01:43:27.632  3085  3085 D StorageStatusReceiver: /dev/block/vold/8:1 /mnt/usb_2/sda/sda1 vfat rw,dirsync,nosuid,nodev,relatime,uid=1000,gid=1015,fmask=0000,dmask=0000,allow_utime=0022,codepage=437,iocharset=iso8859-1,shortname=mixed,utf8,errors=remount-ro 0 0
03-28 01:43:27.632  3085  3085 V StorageStatusReceiver: getDevType : /dev/block/vold/8:1 /mnt/usb_2/sda/sda1 vfat rw,dirsync,nosuid,nodev,relatime,uid=1000,gid=1015,fmask=0000,dmask=0000,allow_utime=0022,codepage=437,iocharset=iso8859-1,shortname=mixed,utf8,errors=remount-ro 0 0
03-28 01:43:27.632  2163  3074 I ActivityManager: Start proc com.android.externalstorage for broadcast com.android.externalstorage/.MountReceiver: pid=18972 uid=10005 gids={50005, 1028, 1015, 1023}
03-28 01:43:27.634  3085  3085 D StorageStatusReceiver: -----------dev_type= USB
03-28 01:43:27.634  3085  3085 D StorageStatusReceiver: -----------mount_path= /mnt/usb_2/sda/sda1
03-28 01:43:27.634  3085  3085 D StorageStatusReceiver: -----------fs_type= VFAT
03-28 01:43:27.634  3085  3085 D StorageStatusReceiver: -----------io_mode= RW
03-28 01:43:27.634  3085  3085 D StorageStatusReceiver: -----------usbPort= UNKNOWN
03-28 01:43:27.636  3085  3085 V Home    : onStorageChange
03-28 01:43:27.636  3085  3085 V IPTVAppManager: setStorageDetect : /mnt/usb_2/sda/sda1
03-28 01:43:27.637  1466  4925 I DVBSTACK: [Reply] DVB_STORAGE_Detect(250), size:4 (DvbService.cpp, 213)
03-28 01:43:27.650 18972 18972 E Environment: canonicalPath = /mnt/sdcard
03-28 01:43:27.676 18972 18972 D ExternalStorage: After updating volumes, found 0 active roots
03-28 01:43:27.680 18972 18972 D ExternalStorage: After updating volumes, found 0 active roots
03-28 01:43:27.683  2163  3055 I ActivityManager: Killing 21923:com.google.android.gsf.login/u0a6 (adj 15): empty for 14811s
03-28 01:43:27.710 13700 13700 D StorageStatusReceiver: /proc/mount
03-28 01:43:27.711 13700 13700 D StorageStatusReceiver: rootfs / rootfs ro,relatime 0 0
03-28 01:43:27.711 13700 13700 D StorageStatusReceiver: tmpfs /dev tmpfs rw,nosuid,relatime,size=507796k,nr_inodes=126949,mode=755 0 0
03-28 01:43:27.712 13700 13700 D StorageStatusReceiver: devpts /dev/pts devpts rw,relatime,mode=600 0 0
03-28 01:43:27.712 13700 13700 D StorageStatusReceiver: adb /dev/usb-ffs/adb functionfs rw,relatime 0 0
03-28 01:43:27.712 13700 13700 D StorageStatusReceiver: proc /proc proc rw,relatime 0 0
03-28 01:43:27.713 13700 13700 D StorageStatusReceiver: sysfs /sys sysfs rw,relatime 0 0
03-28 01:43:27.713 13700 13700 D StorageStatusReceiver: tmpfs /mnt tmpfs rw,relatime,size=507796k,nr_inodes=126949,mode=775,gid=1000 0 0
03-28 01:43:27.713 13700 13700 D StorageStatusReceiver: tmpfs /mnt/secure tmpfs rw,relatime,size=507796k,nr_inodes=126949,mode=700 0 0
03-28 01:43:27.714 13700 13700 D StorageStatusReceiver: tmpfs /mnt/asec tmpfs rw,relatime,size=507796k,nr_inodes=126949,mode=755,gid=1000 0 0
03-28 01:43:27.714 13700 13700 D StorageStatusReceiver: tmpfs /mnt/obb tmpfs rw,relatime,size=507796k,nr_inodes=126949,mode=755,gid=1000 0 0
03-28 01:43:27.715 13700 13700 D StorageStatusReceiver: /data/media /mnt/sdcard sdcardfs rw,nosuid,nodev,relatime,uid=1023,gid=1028,derive=legacy,reserved=100MB 0 0
03-28 01:43:27.715 13700 13700 D StorageStatusReceiver: tmpfs /tmp tmpfs rw,relatime,size=507796k,nr_inodes=126949,mode=775 0 0
03-28 01:43:27.715 13700 13700 D StorageStatusReceiver: /dev/block/platform/hi_mci.1/by-name/system /system ext4 ro,nosuid,nodev,relatime,data=ordered 0 0
03-28 01:43:27.716 13700 13700 D StorageStatusReceiver: /dev/block/platform/hi_mci.1/by-name/reserved /system/reserved ext4 rw,nosuid,nodev,relatime,data=ordered 0 0
03-28 01:43:27.717 13700 13700 D StorageStatusReceiver: /dev/block/platform/hi_mci.1/by-name/userdata /data ext4 rw,nosuid,nodev,relatime,data=ordered 0 0
03-28 01:43:27.717 13700 13700 D StorageStatusReceiver: /dev/block/platform/hi_mci.1/by-name/cache /cache ext4 rw,nosuid,nodev,relatime,data=ordered 0 0
03-28 01:43:27.718 13700 13700 D StorageStatusReceiver: /data/media /storage/emulated sdcardfs rw,nosuid,nodev,relatime,uid=1023,gid=1028,derive=legacy,reserved=100MB 0 0
03-28 01:43:27.718 13700 13700 D StorageStatusReceiver: /dev/block/vold/8:1 /mnt/usb_2/sda/sda1 vfat rw,dirsync,nosuid,nodev,relatime,uid=1000,gid=1015,fmask=0000,dmask=0000,allow_utime=0022,codepage=437,iocharset=iso8859-1,shortname=mixed,utf8,errors=remount-ro 0 0
03-28 01:43:27.719 13700 13700 D StorageStatusReceiver: -----------dev_type= USB
03-28 01:43:27.719 13700 13700 D StorageStatusReceiver: -----------mount_path= /mnt/usb_2/sda/sda1
03-28 01:43:27.719 13700 13700 D StorageStatusReceiver: -----------fs_type= VFAT
03-28 01:43:27.719 13700 13700 D StorageStatusReceiver: -----------io_mode= RW
03-28 01:43:27.719 13700 13700 D StorageStatusReceiver: -----------usbPort= USB_2
03-28 01:43:27.719 13700 13700 D StorageStatusReceiver: -----------vendor= Unknown
03-28 01:43:27.720 13700 13700 V MainLiveActivity: handleMessage : 527
03-28 01:43:27.720 13700 13700 V rbrb    : setTimeShiftSeekBar who:1 false
03-28 01:43:27.720 13700 13700 V rbrb    : showPvrHelpUi who 1
03-28 01:43:27.720 13700 13700 V rbrb    : setTimeShiftUi who 3 true
03-28 01:43:27.720 13700 13700 V MainLiveActivity: handleMessage : 1025
03-28 01:43:27.720 13700 13700 V MainLiveActivity: timeshift record prepare :  2
03-28 01:43:27.720  1466  1924 I DVBSTACK: [Reply] DVB_STORAGE_RecordPath(246), size:4 (DvbService.cpp, 213)
03-28 01:43:27.845  1466  4460 I DVBSTACK: [Reply] DVB_IPTV_StartRecord(336), size:8 (DvbService.cpp, 213)
03-28 01:43:27.845 13700 13700 V PvrManager: timeshift appStartIptvRecord suc
03-28 01:43:27.845 13700 13700 V MainLiveActivity: timeshift record ts : /mnt/usb_2/sda/sda1/_timeshift.ts
03-28 01:43:27.845  3085 17864 V Home    : onIPTVListener : 257
03-28 01:43:27.845 13700 13710 V PvrManager: onDvbListener : 257
03-28 01:43:27.846  1466 31504 I DVBSTACK: [Reply] DVB_PVR_REC_GetTime(148), size:20 (DvbService.cpp, 213)
03-28 01:43:27.846 13700 13710 V PvrManager: updateRecordInfo E 16
03-28 01:43:27.846  1466  1466 I DVBSTACK: [Reply] DVB_PVR_REC_GetInfo(147), size:116 (DvbService.cpp, 213)
03-28 01:43:27.846 13700 13710 V PvrManager: updateRecordInfo : 0 16 3600
03-28 01:43:27.846 13700 13710 V PvrManager: updateRecordInfo X
03-28 01:43:27.846 13700 13700 V MainLiveActivity: handleMessage : 1024
03-28 01:43:27.846 13700 13710 I b       : sendMsgTo : 257 a
03-28 01:43:28.848 13700 13790 V PvrManager: onDvbListener : 263
03-28 01:43:28.848  3085  3423 V Home    : onIPTVListener : 263
03-28 01:43:28.848 13700 13790 V PvrManager: NOTIFYMSG_PVR_REC_Time 16 0 1 1
03-28 01:43:28.848 13700 13790 V MainLiveActivity: onPvrRecordTime : 0 1 1
03-28 01:43:28.849 13700 13790 I b       : sendMsgTo : 263 a
03-28 01:43:28.849 13700 13700 V MainLiveActivity: handleMessage : 769
03-28 01:43:28.849 13700 13700 V PvrManager: setPvrTime : 1
03-28 01:43:29.851 13700 13711 V PvrManager: onDvbListener : 263
03-28 01:43:29.851  3085  3096 V Home    : onIPTVListener : 263
03-28 01:43:29.851 13700 13711 V PvrManager: NOTIFYMSG_PVR_REC_Time 16 0 2 2
03-28 01:43:29.851 13700 13711 V MainLiveActivity: onPvrRecordTime : 0 2 2
03-28 01:43:29.851 13700 13711 I b       : sendMsgTo : 263 a
03-28 01:43:29.851 13700 13700 V MainLiveActivity: handleMessage : 769
03-28 01:43:29.851 13700 13700 V PvrManager: setPvrTime : 2
03-28 01:43:30.721 13700 13700 V MainLiveActivity: handleMessage : 773
03-28 01:43:30.721 13700 13700 V rbrb    : setTimeShiftUi who 1 false
03-28 01:43:30.854 13700 13710 V PvrManager: onDvbListener : 263
03-28 01:43:30.854 13700 13710 V PvrManager: NOTIFYMSG_PVR_REC_Time 16 0 3 3
03-28 01:43:30.854  3085 30645 V Home    : onIPTVListener : 263
03-28 01:43:30.854 13700 13710 V MainLiveActivity: onPvrRecordTime : 0 3 3
03-28 01:43:30.854 13700 13710 I b       : sendMsgTo : 263 a
03-28 01:43:30.854 13700 13700 V MainLiveActivity: handleMessage : 769
03-28 01:43:30.854 13700 13700 V PvrManager: setPvrTime : 3
03-28 01:43:31.846 13700 13790 V PvrManager: onDvbListener : 263
03-28 01:43:31.846  3085  3095 V Home    : onIPTVListener : 263
03-28 01:43:31.846 13700 13790 V PvrManager: NOTIFYMSG_PVR_REC_Time 16 0 4 4
03-28 01:43:31.846 13700 13790 V MainLiveActivity: onPvrRecordTime : 0 4 4
03-28 01:43:31.846 13700 13790 I b       : sendMsgTo : 263 a
03-28 01:43:31.846 13700 13700 V MainLiveActivity: handleMessage : 769
03-28 01:43:31.847 13700 13700 V PvrManager: setPvrTime : 4
03-28 01:43:32.338 13700 13700 V MainLiveActivity: handleMessage : 529
03-28 01:43:32.849  3085 17864 V Home    : onIPTVListener : 263
03-28 01:43:32.849 13700 13711 V PvrManager: onDvbListener : 263
03-28 01:43:32.849 13700 13711 V PvrManager: NOTIFYMSG_PVR_REC_Time 16 0 5 5
03-28 01:43:32.849 13700 13711 V MainLiveActivity: onPvrRecordTime : 0 5 5
03-28 01:43:32.849 13700 13711 I b       : sendMsgTo : 263 a
03-28 01:43:32.849 13700 13700 V MainLiveActivity: handleMessage : 769
03-28 01:43:32.849 13700 13700 V PvrManager: setPvrTime : 5
03-28 01:43:33.851 13700 13710 V PvrManager: onDvbListener : 263
03-28 01:43:33.851  3085  3423 V Home    : onIPTVListener : 263
03-28 01:43:33.851 13700 13710 V PvrManager: NOTIFYMSG_PVR_REC_Time 16 0 6 6
03-28 01:43:33.851 13700 13710 V MainLiveActivity: onPvrRecordTime : 0 6 6
03-28 01:43:33.851 13700 13710 I b       : sendMsgTo : 263 a
03-28 01:43:33.851 13700 13700 V MainLiveActivity: handleMessage : 769
03-28 01:43:33.851 13700 13700 V PvrManager: setPvrTime : 6
03-28 01:43:34.854 13700 13790 V PvrManager: onDvbListener : 263
03-28 01:43:34.854  3085  3096 V Home    : onIPTVListener : 263
03-28 01:43:34.854 13700 13790 V PvrManager: NOTIFYMSG_PVR_REC_Time 16 0 7 7
03-28 01:43:34.854 13700 13790 V MainLiveActivity: onPvrRecordTime : 0 7 7
03-28 01:43:34.854 13700 13790 I b       : sendMsgTo : 263 a
03-28 01:43:34.854 13700 13700 V MainLiveActivity: handleMessage : 769
03-28 01:43:34.854 13700 13700 V PvrManager: setPvrTime : 7
03-28 01:43:35.846 13700 13711 V PvrManager: onDvbListener : 263
03-28 01:43:35.846 13700 13711 V PvrManager: NOTIFYMSG_PVR_REC_Time 16 0 8 8
03-28 01:43:35.846 13700 13711 V MainLiveActivity: onPvrRecordTime : 0 8 8
03-28 01:43:35.846 13700 13711 I b       : sendMsgTo : 263 a
03-28 01:43:35.846 13700 13700 V MainLiveActivity: handleMessage : 769
03-28 01:43:35.846 13700 13700 V PvrManager: setPvrTime : 8
03-28 01:43:35.847  3085 30645 V Home    : onIPTVListener : 263
03-28 01:43:36.848 13700 13710 V PvrManager: onDvbListener : 263
03-28 01:43:36.848  3085  3095 V Home    : onIPTVListener : 263
03-28 01:43:36.848 13700 13710 V PvrManager: NOTIFYMSG_PVR_REC_Time 16 0 9 9
03-28 01:43:36.849 13700 13710 V MainLiveActivity: onPvrRecordTime : 0 9 9
03-28 01:43:36.849 13700 13710 I b       : sendMsgTo : 263 a
03-28 01:43:36.849 13700 13700 V MainLiveActivity: handleMessage : 769
03-28 01:43:36.849 13700 13700 V PvrManager: setPvrTime : 9
03-28 01:43:37.851 13700 13790 V PvrManager: onDvbListener : 263
03-28 01:43:37.851  3085 17864 V Home    : onIPTVListener : 263
03-28 01:43:37.851 13700 13790 V PvrManager: NOTIFYMSG_PVR_REC_Time 16 0 10 10
03-28 01:43:37.851 13700 13790 V MainLiveActivity: onPvrRecordTime : 0 10 10
03-28 01:43:37.851 13700 13790 I b       : sendMsgTo : 263 a
03-28 01:43:37.851 13700 13700 V MainLiveActivity: handleMessage : 769
03-28 01:43:37.851 13700 13700 V PvrManager: setPvrTime : 10
03-28 01:43:38.010  1456  1606 I AOService: hdmi_observer  change@/devices/virtual/switch/hdmi
03-28 01:43:38.010  1456  1606 I AOService: strncmp(hdmi,0)
03-28 01:43:38.010  1456  1606 E AOService: EDID CAP 0
03-28 01:43:38.010  1456  1606 I AOService: get port sthdmi setting 1
03-28 01:43:38.016  1460  1496 E HI_ADP_HDMI: 
03-28 01:43:38.016  1460  1496 E HI_ADP_HDMI:  ----------HDMI UnPlug-----------
03-28 01:43:38.016  1460  1496 E HI_ADP_HDMI: get_hdmi_suspend_enable: value is :0
03-28 01:43:38.016  1460  1496 E HI_ADP_HDMI: hdmi cec suspend disable
03-28 01:43:38.019  2163  2293 V WiredAccessoryManager: Headset UEVENT: {SUBSYSTEM=switch, SWITCH_STATE=0, DEVPATH=/devices/virtual/switch/hdmi, SEQNUM=1530, ACTION=change, SWITCH_NAME=hdmi}
03-28 01:43:38.019  2163  2293 V WiredAccessoryManager: newName=hdmi newState=0 headsetState=0 prev headsetState=16
03-28 01:43:38.020  2163  2163 V WiredAccessoryManager: device hdmi disconnected
03-28 01:43:38.024  9284  9284 W ContextImpl: Calling a method in the system process without a qualified user: android.app.ContextImpl.startService:1556 android.content.ContextWrapper.startService:494 android.content.ContextWrapper.startService:494 com.hisilicon.android.music.MediaButtonIntentReceiver.onReceive:64 android.app.ActivityThread.handleReceiver:2419 
03-28 01:43:38.029  2163 19571 I MediaFocusControl:   Remote Control   registerMediaButtonIntent() for PendingIntent{2cf9ed40: PendingIntentRecord{2ce00450 com.hisilicon.android.music broadcastIntent}}
03-28 01:43:38.038  9284  9284 V MediaPlayer: constructor
03-28 01:43:38.038  9284  9284 V MediaPlayer: setListener
03-28 01:43:38.040  9284  9284 W ContextImpl: Calling a method in the system process without a qualified user: android.app.ContextImpl.sendStickyBroadcast:1358 android.content.ContextWrapper.sendStickyBroadcast:427 com.hisilicon.android.music.MediaPlaybackService.notifyChange:878 com.hisilicon.android.music.MediaPlaybackService.onCreate:388 android.app.ActivityThread.handleCreateService:2572 
03-28 01:43:38.043  9284  9284 W ContextImpl: Calling a method in the system process without a qualified user: android.app.ContextImpl.sendStickyBroadcast:1358 android.content.ContextWrapper.sendStickyBroadcast:427 com.hisilicon.android.music.MediaPlaybackService.notifyChange:878 com.hisilicon.android.music.MediaPlaybackService.onCreate:389 android.app.ActivityThread.handleCreateService:2572 
03-28 01:43:38.853  3085  3423 V Home    : onIPTVListener : 263
03-28 01:43:38.853 13700 13711 V PvrManager: onDvbListener : 263
03-28 01:43:38.853 13700 13711 V PvrManager: NOTIFYMSG_PVR_REC_Time 16 0 11 11
03-28 01:43:38.853 13700 13711 V MainLiveActivity: onPvrRecordTime : 0 11 11
03-28 01:43:38.853 13700 13711 I b       : sendMsgTo : 263 a
03-28 01:43:38.853 13700 13700 V MainLiveActivity: handleMessage : 769
03-28 01:43:38.853 13700 13700 V PvrManager: setPvrTime : 11
03-28 01:43:38.896  1460  1496 E HI_ADP_HDMI: get_hdmi_suspend_enable: value is :0
03-28 01:43:38.896  1460  1496 E HI_ADP_HDMI: hdmi cec suspend disable
03-28 01:43:39.022  1452  1452 E AudioPolicyManagerBase: setDeviceConnectionState() device: 400, state 0, address 
03-28 01:43:39.022  1452  1452 W AudioPolicyManagerBase: setDeviceConnectionState() device not connected: 400
03-28 01:43:39.023  2163  2896 W ContextImpl: Calling a method in the system process without a qualified user: android.app.ContextImpl.sendBroadcast:1200 android.media.AudioService.onSetWiredDeviceConnectionState:4008 android.media.AudioService.access$6600:115 android.media.AudioService$AudioHandler.handleMessage:3653 android.os.Handler.dispatchMessage:102 
03-28 01:43:39.221  1456  1606 I AOService: hdmi_observer  change@/devices/virtual/switch/hdmi
03-28 01:43:39.221  1456  1606 I AOService: strncmp(hdmi,1)
03-28 01:43:39.221  1456  1606 E AOService: EDID CAP 2
03-28 01:43:39.221  1456  1606 I AOService: get port sthdmi setting 1
03-28 01:43:39.227  2163  2293 V WiredAccessoryManager: Headset UEVENT: {SUBSYSTEM=switch, SWITCH_STATE=1, DEVPATH=/devices/virtual/switch/hdmi, SEQNUM=1531, ACTION=change, SWITCH_NAME=hdmi}
03-28 01:43:39.227  2163  2293 V WiredAccessoryManager: newName=hdmi newState=16 headsetState=16 prev headsetState=0
03-28 01:43:39.228  2163  2163 V WiredAccessoryManager: device hdmi connected
03-28 01:43:39.229  1452  2897 E AudioPolicyManagerBase: setDeviceConnectionState() device: 400, state 1, address 
03-28 01:43:39.229  1452  2897 W AudioPolicyManagerBase: checkOutputsForDevice(): No output available for device 0400
03-28 01:43:39.230  2163  2896 W ContextImpl: Calling a method in the system process without a qualified user: android.app.ContextImpl.sendBroadcast:1200 android.media.AudioService.onSetWiredDeviceConnectionState:4008 android.media.AudioService.access$6600:115 android.media.AudioService$AudioHandler.handleMessage:3653 android.os.Handler.dispatchMessage:102 
03-28 01:43:39.236  1460  1496 I HI_ADP_HDMI: HDMI Hotplug event enter HDMI_HotPlug_Proc(243)
03-28 01:43:39.236  1460  1496 E HI_ADP_HDMI: 
03-28 01:43:39.236  1460  1496 E HI_ADP_HDMI:  --- Get HDMI event: HOTPLUG. --- 
03-28 01:43:39.236  1460  1496 E HI_ADP_HDMI: 
03-28 01:43:39.236  1460  1496 E HI_ADP_HDMI:  getCapRet = 0 
03-28 01:43:39.236  1460  1496 E HI_ADP_HDMI: 4k[0] = 0 
03-28 01:43:39.236  1460  1496 E HI_ADP_HDMI: 4k[1] = 0 
03-28 01:43:39.236  1460  1496 E HI_ADP_HDMI: 4k[2] = 0 
03-28 01:43:39.236  1460  1496 E HI_ADP_HDMI: 4k[3] = 0 
03-28 01:43:39.236  1460  1496 E HI_ADP_HDMI: 4k[4] = 0 
03-28 01:43:39.236  1460  1496 E HI_ADP_HDMI: 4k[5] = 0 
