03-27 20:22:54.615  3517  3517 W ContextImpl: Calling a method in the system process without a qualified user: android.app.ContextImpl.sendBroadcast:1200 android.content.ContextWrapper.sendBroadcast:365 android.app.ActivityThread.performResumeActivity:2785 android.app.ActivityThread.handleResumeActivity:2823 android.app.ActivityThread$H.handleMessage:1238 
03-27 20:22:59.450  3517  3517 W ContextImpl: Calling a method in the system process without a qualified user: android.app.ContextImpl.sendBroadcast:1200 android.content.ContextWrapper.sendBroadcast:365 android.app.ActivityThread.performPauseActivity:3061 android.app.ActivityThread.performPauseActivity:3023 android.app.ActivityThread.handlePauseActivity:3001 
03-27 20:22:59.462  3085  3085 W ContextImpl: Calling a method in the system process without a qualified user: android.app.ContextImpl.sendBroadcast:1200 android.content.ContextWrapper.sendBroadcast:365 android.app.ActivityThread.performResumeActivity:2785 android.app.ActivityThread.handleResumeActivity:2823 android.app.ActivityThread$H.handleMessage:1238 
03-27 20:23:02.176  3085  3085 W ContextImpl: Calling a method in the system process without a qualified user: android.app.ContextImpl.sendBroadcast:1200 android.content.ContextWrapper.sendBroadcast:365 android.app.ActivityThread.performPauseActivity:3061 android.app.ActivityThread.performPauseActivity:3023 android.app.ActivityThread.handlePauseActivity:3001 
03-27 20:23:02.194  3085  3085 W ContextImpl: Calling a method in the system process without a qualified user: android.app.ContextImpl.sendBroadcast:1200 android.content.ContextWrapper.sendBroadcast:365 android.app.ActivityThread.performResumeActivity:2785 android.app.ActivityThread.handleResumeActivity:2823 android.app.ActivityThread$H.handleMessage:1238 
03-27 20:24:21.787  2163  3147 I ActivityManager: START u0 {act=android.intent.action.MAIN cat=[android.intent.category.LAUNCHER] flg=0x10004000 pkg=com.siptv.mytv cmp=com.siptv.mytv/.MainLiveActivity (has extras)} from pid 3085
03-27 20:24:21.924  3085  3085 W ContextImpl: Calling a method in the system process without a qualified user: android.app.ContextImpl.sendBroadcast:1200 android.content.ContextWrapper.sendBroadcast:365 android.app.ActivityThread.performPauseActivity:3061 android.app.ActivityThread.performPauseActivity:3023 android.app.ActivityThread.handlePauseActivity:3001 
03-27 20:24:21.994  2163  2174 I ActivityManager: Start proc com.siptv.mytv for activity com.siptv.mytv/.MainLiveActivity: pid=6164 uid=1000 gids={41000, 1028, 1015, 3003, 3002, 3001}
03-27 20:24:22.713  6164  6179 W ActivityThread: ClassLoader.loadClass: The class loader returned by Thread.getContextClassLoader() may fail for processes that host multiple applications. You should explicitly specify a context class loader. For example: Thread.setContextClassLoader(getClass().getClassLoader());
03-27 20:24:23.101  6164  6164 W ContextImpl: Calling a method in the system process without a qualified user: android.app.ContextImpl.sendBroadcast:1200 android.content.ContextWrapper.sendBroadcast:365 android.app.ActivityThread.performResumeActivity:2785 android.app.ActivityThread.handleResumeActivity:2823 android.app.ActivityThread.handleLaunchActivity:2250 
03-27 20:24:23.426  6164  6164 E ActivityThread: Failed to find provider info for com.android.mysetting
03-27 20:25:15.800  2163  3076 I ActivityManager: START u0 {flg=0x40000 cmp=com.siptv.mytv/.VodListActivity} from pid 6164
03-27 20:25:15.805  6164  6164 W ContextImpl: Calling a method in the system process without a qualified user: android.app.ContextImpl.sendBroadcast:1200 android.content.ContextWrapper.sendBroadcast:365 android.app.ActivityThread.performPauseActivity:3061 android.app.ActivityThread.performPauseActivity:3023 android.app.ActivityThread.handlePauseActivity:3001 
03-27 20:25:16.152  6164  6164 W ContextImpl: Calling a method in the system process without a qualified user: android.app.ContextImpl.sendBroadcast:1200 android.content.ContextWrapper.sendBroadcast:365 android.app.ActivityThread.performResumeActivity:2785 android.app.ActivityThread.handleResumeActivity:2823 android.app.ActivityThread.handleLaunchActivity:2250 
03-27 20:26:59.944  6164  6164 W ContextImpl: Calling a method in the system process without a qualified user: android.app.ContextImpl.sendBroadcast:1200 android.content.ContextWrapper.sendBroadcast:365 android.app.ActivityThread.performPauseActivity:3061 android.app.ActivityThread.performPauseActivity:3023 android.app.ActivityThread.handlePauseActivity:3001 
03-27 20:26:59.974  6164  6164 W ContextImpl: Calling a method in the system process without a qualified user: android.app.ContextImpl.sendBroadcast:1200 android.content.ContextWrapper.sendBroadcast:365 android.app.ActivityThread.performResumeActivity:2785 android.app.ActivityThread.handleResumeActivity:2823 android.app.ActivityThread$H.handleMessage:1238 
03-27 20:27:00.063  6164  6164 E ActivityThread: Failed to find provider info for com.android.mysetting
03-27 20:27:13.069  2163  2173 I ActivityManager: START u0 {flg=0x40000 cmp=com.siptv.mytv/.ServerActivity} from pid 6164
03-27 20:27:13.101  6164  6164 W ContextImpl: Calling a method in the system process without a qualified user: android.app.ContextImpl.sendBroadcast:1200 android.content.ContextWrapper.sendBroadcast:365 android.app.ActivityThread.performPauseActivity:3061 android.app.ActivityThread.performPauseActivity:3023 android.app.ActivityThread.handlePauseActivity:3001 
03-27 20:27:13.326  6164  6164 W ContextImpl: Calling a method in the system process without a qualified user: android.app.ContextImpl.sendBroadcast:1200 android.content.ContextWrapper.sendBroadcast:365 android.app.ActivityThread.performResumeActivity:2785 android.app.ActivityThread.handleResumeActivity:2823 android.app.ActivityThread.handleLaunchActivity:2250 
03-27 20:34:03.868  3000  3012 E ActivityThread: Failed to find provider info for com.hisilicon.android.inputmethod.latin.dictionarypack
03-27 20:35:56.093  2163  2875 D ConnectivityService: Sampling interval elapsed, updating statistics ..
03-27 20:35:56.097  2163  2875 D ConnectivityService: Done.
03-27 20:35:56.098  2163  2875 D ConnectivityService: Setting timer for 720seconds
03-27 20:35:56.181  2163  2875 D ConnectivityService: handleInetConditionChange: net=1 != default=9 - ignore
03-27 20:36:01.107  2163  2194 W ProcessCpuTracker: Skipping unknown process pid 9019
03-27 20:36:05.402  2163  2875 D ConnectivityService: handleInetConditionChange: net=1 != default=9 - ignore
03-27 20:36:05.413  2163  2875 D ConnectivityService: handleInetConditionChange: net=1 != default=9 - ignore
03-27 20:36:05.418  2163  2875 D ConnectivityService: handleInetConditionChange: net=1 != default=9 - ignore
03-27 20:36:33.089  2163  2194 W ProcessCpuTracker: Skipping unknown process pid 9159
03-27 20:36:33.090  2163  2194 W ProcessCpuTracker: Skipping unknown process pid 9164
03-27 20:39:44.648  6164  6164 W ContextImpl: Calling a method in the system process without a qualified user: android.app.ContextImpl.sendBroadcast:1200 android.content.ContextWrapper.sendBroadcast:365 android.app.ActivityThread.performPauseActivity:3061 android.app.ActivityThread.performPauseActivity:3023 android.app.ActivityThread.handlePauseActivity:3001 
03-27 20:39:44.680  6164  6164 W ContextImpl: Calling a method in the system process without a qualified user: android.app.ContextImpl.sendBroadcast:1200 android.content.ContextWrapper.sendBroadcast:365 android.app.ActivityThread.performResumeActivity:2785 android.app.ActivityThread.handleResumeActivity:2823 android.app.ActivityThread$H.handleMessage:1238 
03-27 20:39:44.709  6164  6164 E ActivityThread: Failed to find provider info for com.android.mysetting
03-27 20:39:47.553  2163  3074 I ActivityManager: START u0 {flg=0x40000 cmp=com.siptv.mytv/.ServerActivity} from pid 6164
03-27 20:39:47.587  6164  6164 W ContextImpl: Calling a method in the system process without a qualified user: android.app.ContextImpl.sendBroadcast:1200 android.content.ContextWrapper.sendBroadcast:365 android.app.ActivityThread.performPauseActivity:3061 android.app.ActivityThread.performPauseActivity:3023 android.app.ActivityThread.handlePauseActivity:3001 
03-27 20:39:47.668  6164  6164 W ContextImpl: Calling a method in the system process without a qualified user: android.app.ContextImpl.sendBroadcast:1200 android.content.ContextWrapper.sendBroadcast:365 android.app.ActivityThread.performResumeActivity:2785 android.app.ActivityThread.handleResumeActivity:2823 android.app.ActivityThread.handleLaunchActivity:2250 
03-27 20:41:21.510  1447 10363 W SocketClient: write error (Broken pipe)
03-27 20:49:18.877  2163  2200 W BatteryStatsImpl: Couldn't get kernel wake lock stats
03-27 20:50:05.446  2163  2194 I ProcessStatsService: Prepared write state in 11ms
03-27 20:50:05.456  2163  2194 I ProcessStatsService: Prepared write state in 10ms
03-27 20:50:05.465  2163  2194 I ProcessStatsService: Prepared write state in 9ms
03-27 20:50:05.516  2163  2875 D ConnectivityService: Sampling interval elapsed, updating statistics ..
03-27 20:50:05.518  2163  2163 I ActivityManager: Killing 5390:com.google.android.gms/u0a6 (adj 11): 11725k from cached
03-27 20:50:05.522  2163  2875 D ConnectivityService: Done.
03-27 20:50:05.522  2163  2875 D ConnectivityService: Setting timer for 720seconds
03-27 20:50:05.524  2163  2875 D ConnectivityService: handleInetConditionChange: net=1 != default=9 - ignore
03-27 20:50:16.054  2163  2875 D ConnectivityService: handleInetConditionChange: net=1 != default=9 - ignore
03-27 20:50:16.064  2163  2875 D ConnectivityService: handleInetConditionChange: net=1 != default=9 - ignore
03-27 20:50:16.068  2163  2875 D ConnectivityService: handleInetConditionChange: net=1 != default=9 - ignore
03-27 21:04:16.076  2163  2875 D ConnectivityService: Sampling interval elapsed, updating statistics ..
03-27 21:04:16.081  2163  2875 D ConnectivityService: Done.
03-27 21:04:16.082  2163  2875 D ConnectivityService: Setting timer for 720seconds
03-27 21:04:16.165  2163  2875 D ConnectivityService: handleInetConditionChange: net=1 != default=9 - ignore
03-27 21:04:16.913  2163  2875 D ConnectivityService: handleInetConditionChange: net=1 != default=9 - ignore
03-27 21:04:16.923  2163  2875 D ConnectivityService: handleInetConditionChange: net=1 != default=9 - ignore
03-27 21:04:16.928  2163  2875 D ConnectivityService: handleInetConditionChange: net=1 != default=9 - ignore
03-27 21:04:16.943  2163  2875 D ConnectivityService: handleInetConditionChange: net=1 != default=9 - ignore
03-27 21:17:05.021  2163  2194 W ProcessCpuTracker: Skipping unknown process pid 18771
03-27 21:18:17.045  2163  2875 D ConnectivityService: Sampling interval elapsed, updating statistics ..
03-27 21:18:17.052  2163  2875 D ConnectivityService: Done.
03-27 21:18:17.053  2163  2875 D ConnectivityService: Setting timer for 720seconds
03-27 21:18:17.054  2163  2875 D ConnectivityService: handleInetConditionChange: net=1 != default=9 - ignore
03-27 21:18:17.060  2163  2194 I ActivityManager: Start proc com.google.android.gms for broadcast com.google.android.gms/.checkin.EventLogService$Receiver: pid=19064 uid=10006 gids={50006, 3003, 1007, 1028, 1015, 3002, 3001, 3007, 2001, 3006}
03-27 21:18:17.611  2163  2174 I ActivityManager: Delay finish: com.google.android.gms/.auth.be.account.AccountStatusChecker$InitializeReceiver
03-27 21:18:17.616  2163  3055 I ActivityManager: Resuming delayed broadcast
03-27 21:18:17.625  2163  3146 I ActivityManager: Delay finish: com.google.android.gms/.auth.crypto.ChannelBindingBroadcastReceiver
03-27 21:18:17.794  2163 31750 I ActivityManager: Resuming delayed broadcast
03-27 21:18:22.705  2163  2875 D ConnectivityService: handleInetConditionChange: net=1 != default=9 - ignore
03-27 21:18:22.717  2163  2875 D ConnectivityService: handleInetConditionChange: net=1 != default=9 - ignore
03-27 21:18:22.722  2163  2875 D ConnectivityService: handleInetConditionChange: net=1 != default=9 - ignore
03-27 21:19:18.894  2163  2200 W BatteryStatsImpl: Couldn't get kernel wake lock stats
03-27 21:19:55.794  2163  2293 V WiredAccessoryManager: Headset UEVENT: {SUBSYSTEM=switch, SWITCH_STATE=0, DEVPATH=/devices/virtual/switch/hdmi, SEQNUM=1512, ACTION=change, SWITCH_NAME=hdmi}
03-27 21:19:55.795  2163  2293 V WiredAccessoryManager: newName=hdmi newState=0 headsetState=0 prev headsetState=16
03-27 21:19:55.796  2163  2163 V WiredAccessoryManager: device hdmi disconnected
03-27 21:19:55.820  2163  2194 I ActivityManager: Start proc com.hisilicon.android.music for broadcast com.hisilicon.android.music/.MediaButtonIntentReceiver: pid=19480 uid=1000 gids={41000, 1028, 1015, 3003, 3002, 3001}
03-27 21:19:55.853 19480 19480 W ContextImpl: Calling a method in the system process without a qualified user: android.app.ContextImpl.startService:1556 android.content.ContextWrapper.startService:494 android.content.ContextWrapper.startService:494 com.hisilicon.android.music.MediaButtonIntentReceiver.onReceive:64 android.app.ActivityThread.handleReceiver:2419 
03-27 21:19:55.885 19480 19480 W ContextImpl: Calling a method in the system process without a qualified user: android.app.ContextImpl.sendStickyBroadcast:1358 android.content.ContextWrapper.sendStickyBroadcast:427 com.hisilicon.android.music.MediaPlaybackService.notifyChange:878 com.hisilicon.android.music.MediaPlaybackService.onCreate:388 android.app.ActivityThread.handleCreateService:2572 
03-27 21:19:55.888 19480 19480 W ContextImpl: Calling a method in the system process without a qualified user: android.app.ContextImpl.sendStickyBroadcast:1358 android.content.ContextWrapper.sendStickyBroadcast:427 com.hisilicon.android.music.MediaPlaybackService.notifyChange:878 com.hisilicon.android.music.MediaPlaybackService.onCreate:389 android.app.ActivityThread.handleCreateService:2572 
03-27 21:19:56.800  2163  2896 W ContextImpl: Calling a method in the system process without a qualified user: android.app.ContextImpl.sendBroadcast:1200 android.media.AudioService.onSetWiredDeviceConnectionState:4008 android.media.AudioService.access$6600:115 android.media.AudioService$AudioHandler.handleMessage:3653 android.os.Handler.dispatchMessage:102 
03-27 21:19:57.007  2163  2293 V WiredAccessoryManager: Headset UEVENT: {SUBSYSTEM=switch, SWITCH_STATE=1, DEVPATH=/devices/virtual/switch/hdmi, SEQNUM=1513, ACTION=change, SWITCH_NAME=hdmi}
03-27 21:19:57.007  2163  2293 V WiredAccessoryManager: newName=hdmi newState=16 headsetState=16 prev headsetState=0
03-27 21:19:57.008  2163  2163 V WiredAccessoryManager: device hdmi connected
03-27 21:19:57.011  2163  2896 W ContextImpl: Calling a method in the system process without a qualified user: android.app.ContextImpl.sendBroadcast:1200 android.media.AudioService.onSetWiredDeviceConnectionState:4008 android.media.AudioService.access$6600:115 android.media.AudioService$AudioHandler.handleMessage:3653 android.os.Handler.dispatchMessage:102 
03-27 21:20:04.999  6164  6164 W ContextImpl: Calling a method in the system process without a qualified user: android.app.ContextImpl.sendBroadcast:1200 android.content.ContextWrapper.sendBroadcast:365 android.app.ActivityThread.performPauseActivity:3061 android.app.ActivityThread.performPauseActivity:3023 android.app.ActivityThread.handlePauseActivity:3001 
03-27 21:20:05.032  6164  6164 W ContextImpl: Calling a method in the system process without a qualified user: android.app.ContextImpl.sendBroadcast:1200 android.content.ContextWrapper.sendBroadcast:365 android.app.ActivityThread.performResumeActivity:2785 android.app.ActivityThread.handleResumeActivity:2823 android.app.ActivityThread$H.handleMessage:1238 
03-27 21:20:05.113  6164  6164 E ActivityThread: Failed to find provider info for com.android.mysetting
03-27 21:20:05.550  6164  6164 W ViewRootImpl: Dropping event due to no window focus: KeyEvent { action=ACTION_DOWN, keyCode=KEYCODE_BACK, scanCode=1, metaState=0, flags=0x488, repeatCount=1, eventTime=7246635, downTime=7246134, deviceId=3, source=0x701 }
03-27 21:20:05.551  6164  6164 W ViewRootImpl: Dropping event due to no window focus: KeyEvent { action=ACTION_DOWN, keyCode=KEYCODE_BACK, scanCode=1, metaState=0, flags=0x408, repeatCount=2, eventTime=7246686, downTime=7246134, deviceId=3, source=0x701 }
03-27 21:20:06.048  2163  2194 I ProcessStatsService: Prepared write state in 13ms
03-27 21:20:10.855  2163  2194 I ActivityManager: Waited long enough for: ServiceRecord{2d1265b8 u0 com.hisilicon.android.music/.MediaPlaybackService}
03-27 21:20:11.230  6164  6164 W ContextImpl: Calling a method in the system process without a qualified user: android.app.ContextImpl.sendBroadcast:1200 android.content.ContextWrapper.sendBroadcast:365 android.app.ActivityThread.performPauseActivity:3061 android.app.ActivityThread.performPauseActivity:3023 android.app.ActivityThread.handlePauseActivity:3001 
03-27 21:20:11.253  3085  3085 W ContextImpl: Calling a method in the system process without a qualified user: android.app.ContextImpl.sendBroadcast:1200 android.content.ContextWrapper.sendBroadcast:365 android.app.ActivityThread.performResumeActivity:2785 android.app.ActivityThread.handleResumeActivity:2823 android.app.ActivityThread$H.handleMessage:1238 
03-27 21:20:11.629  2163  3084 I ActivityManager: Process com.siptv.mytv (pid 6164) has died.
03-27 21:20:11.629  2163  3074 I WindowState: WIN DEATH: Window{2d00cd48 u0 com.siptv.mytv/com.siptv.mytv.MainLiveActivity}
03-27 21:20:11.629  2163  3074 W WindowManager: Force-removing child win Window{2d011ba8 u0 SurfaceView} from container Window{2d00cd48 u0 com.siptv.mytv/com.siptv.mytv.MainLiveActivity}
03-27 21:20:11.632  2163  3074 W WindowManager: Force-removing child win Window{2d0a6e00 u0 SurfaceView} from container Window{2d00cd48 u0 com.siptv.mytv/com.siptv.mytv.MainLiveActivity}
03-27 21:20:11.635  2163  3074 W WindowManager: Force-removing child win Window{2d0ad940 u0 SurfaceView} from container Window{2d00cd48 u0 com.siptv.mytv/com.siptv.mytv.MainLiveActivity}
03-27 21:20:11.641  2163 31750 W WindowManager: Failed looking up window
03-27 21:20:11.641  2163 31750 W WindowManager: java.lang.IllegalArgumentException: Requested window android.os.BinderProxy@2cfb5008 does not exist
03-27 21:20:11.641  2163 31750 W WindowManager: 	at com.android.server.wm.WindowManagerService.windowForClientLocked(WindowManagerService.java:7966)
03-27 21:20:11.641  2163 31750 W WindowManager: 	at com.android.server.wm.WindowManagerService.windowForClientLocked(WindowManagerService.java:7957)
03-27 21:20:11.641  2163 31750 W WindowManager: 	at com.android.server.wm.WindowState$DeathRecipient.binderDied(WindowState.java:1047)
03-27 21:20:11.641  2163 31750 W WindowManager: 	at android.os.BinderProxy.sendDeathNotice(Binder.java:493)
03-27 21:20:11.641  2163 31750 W WindowManager: 	at dalvik.system.NativeStart.run(Native Method)
03-27 21:20:11.641  2163 31750 I WindowState: WIN DEATH: null
03-27 21:20:11.641  2163  3146 W WindowManager: Failed looking up window
03-27 21:20:11.641  2163  3146 W WindowManager: java.lang.IllegalArgumentException: Requested window android.os.BinderProxy@2cf24678 does not exist
03-27 21:20:11.641  2163  3146 W WindowManager: 	at com.android.server.wm.WindowManagerService.windowForClientLocked(WindowManagerService.java:7966)
03-27 21:20:11.641  2163  3146 W WindowManager: 	at com.android.server.wm.WindowManagerService.windowForClientLocked(WindowManagerService.java:7957)
03-27 21:20:11.641  2163  3146 W WindowManager: 	at com.android.server.wm.WindowState$DeathRecipient.binderDied(WindowState.java:1047)
03-27 21:20:11.641  2163  3146 W WindowManager: 	at android.os.BinderProxy.sendDeathNotice(Binder.java:493)
03-27 21:20:11.641  2163  3146 W WindowManager: 	at dalvik.system.NativeStart.run(Native Method)
03-27 21:20:11.641  2163  3146 I WindowState: WIN DEATH: null
03-27 21:20:11.642  2163 15603 W WindowManager: Failed looking up window
03-27 21:20:11.642  2163 15603 W WindowManager: java.lang.IllegalArgumentException: Requested window android.os.BinderProxy@2ce44bf0 does not exist
03-27 21:20:11.642  2163 15603 W WindowManager: 	at com.android.server.wm.WindowManagerService.windowForClientLocked(WindowManagerService.java:7966)
03-27 21:20:11.642  2163 15603 W WindowManager: 	at com.android.server.wm.WindowManagerService.windowForClientLocked(WindowManagerService.java:7957)
03-27 21:20:11.642  2163 15603 W WindowManager: 	at com.android.server.wm.WindowState$DeathRecipient.binderDied(WindowState.java:1047)
03-27 21:20:11.642  2163 15603 W WindowManager: 	at android.os.BinderProxy.sendDeathNotice(Binder.java:493)
03-27 21:20:11.642  2163 15603 W WindowManager: 	at dalvik.system.NativeStart.run(Native Method)
03-27 21:20:11.642  2163 15603 I WindowState: WIN DEATH: null
03-27 21:20:11.642  2163  3055 I WindowState: WIN DEATH: Window{2ce3a628 u0 com.siptv.mytv}
03-27 21:20:23.393  2163  2173 I ActivityManager: START u0 {flg=0x10008000 cmp=com.android.siptv.launcher/.settings.SettingsActivity} from pid 3085
03-27 21:20:23.535  3085  3085 W ContextImpl: Calling a method in the system process without a qualified user: android.app.ContextImpl.sendBroadcast:1200 android.content.ContextWrapper.sendBroadcast:365 android.app.ActivityThread.performPauseActivity:3061 android.app.ActivityThread.performPauseActivity:3023 android.app.ActivityThread.handlePauseActivity:3001 
03-27 21:20:23.639  3085  3085 W ContextImpl: Calling a method in the system process without a qualified user: android.app.ContextImpl.sendBroadcast:1200 android.content.ContextWrapper.sendBroadcast:365 android.app.ActivityThread.performResumeActivity:2785 android.app.ActivityThread.handleResumeActivity:2823 android.app.ActivityThread.handleLaunchActivity:2250 
03-27 21:20:26.195  2163  2173 I ActivityManager: START u0 {cmp=com.android.siptv.launcher/.install.settings.SystemInfoActivity (has extras)} from pid 3085
03-27 21:20:26.233  3085  3085 W ContextImpl: Calling a method in the system process without a qualified user: android.app.ContextImpl.sendBroadcast:1200 android.content.ContextWrapper.sendBroadcast:365 android.app.ActivityThread.performPauseActivity:3061 android.app.ActivityThread.performPauseActivity:3023 android.app.ActivityThread.handlePauseActivity:3001 
03-27 21:20:26.424  3085  3085 W ContextImpl: Calling a method in the system process without a qualified user: android.app.ContextImpl.sendBroadcast:1200 android.content.ContextWrapper.sendBroadcast:365 android.app.ActivityThread.performResumeActivity:2785 android.app.ActivityThread.handleResumeActivity:2823 android.app.ActivityThread.handleLaunchActivity:2250 
03-27 21:20:40.402  3085  3085 W ViewRootImpl: Dropping event due to root view being removed: KeyEvent { action=ACTION_DOWN, keyCode=KEYCODE_0, scanCode=11, metaState=0, flags=0x8, repeatCount=0, eventTime=7281473, downTime=7281473, deviceId=3, source=0x701 }
03-27 21:20:55.524  3085  3085 W ContextImpl: Calling a method in the system process without a qualified user: android.app.ContextImpl.sendBroadcast:1200 android.content.ContextWrapper.sendBroadcast:365 android.app.ActivityThread.performPauseActivity:3061 android.app.ActivityThread.performPauseActivity:3023 android.app.ActivityThread.handlePauseActivity:3001 
03-27 21:20:55.536  3085  3085 W ContextImpl: Calling a method in the system process without a qualified user: android.app.ContextImpl.sendBroadcast:1200 android.content.ContextWrapper.sendBroadcast:365 android.app.ActivityThread.performResumeActivity:2785 android.app.ActivityThread.handleResumeActivity:2823 android.app.ActivityThread$H.handleMessage:1238 
03-27 21:20:55.938 19480 19480 W ContextImpl: Calling a method in the system process without a qualified user: android.app.ContextImpl.sendBroadcast:1200 android.content.ContextWrapper.sendBroadcast:365 com.hisilicon.android.music.MediaPlaybackService.onDestroy:428 android.app.ActivityThread.handleStopService:2732 android.app.ActivityThread.access$2200:135 
03-27 21:20:55.955  2163  2194 I ActivityManager: Start proc com.android.musicfx for broadcast com.android.musicfx/.ControlPanelReceiver: pid=19774 uid=10010 gids={50010, 3003, 3002}
03-27 21:20:56.001  2163 31750 I ActivityManager: Killing 4094:com.google.android.gms.unstable/u0a6 (adj 15): empty for 7139s
03-27 21:20:59.910  3085  3085 W ContextImpl: Calling a method in the system process without a qualified user: android.app.ContextImpl.sendBroadcast:1200 android.content.ContextWrapper.sendBroadcast:365 android.app.ActivityThread.performPauseActivity:3061 android.app.ActivityThread.performPauseActivity:3023 android.app.ActivityThread.handlePauseActivity:3001 
03-27 21:20:59.931  3085  3085 W ContextImpl: Calling a method in the system process without a qualified user: android.app.ContextImpl.sendBroadcast:1200 android.content.ContextWrapper.sendBroadcast:365 android.app.ActivityThread.performResumeActivity:2785 android.app.ActivityThread.handleResumeActivity:2823 android.app.ActivityThread$H.handleMessage:1238 
03-27 21:21:05.151  2163  3146 I ActivityManager: START u0 {act=android.intent.action.MAIN cat=[android.intent.category.LAUNCHER] flg=0x10004000 pkg=com.siptv.mytv cmp=com.siptv.mytv/.MainLiveActivity (has extras)} from pid 3085
03-27 21:21:05.211  3085  3085 W ContextImpl: Calling a method in the system process without a qualified user: android.app.ContextImpl.sendBroadcast:1200 android.content.ContextWrapper.sendBroadcast:365 android.app.ActivityThread.performPauseActivity:3061 android.app.ActivityThread.performPauseActivity:3023 android.app.ActivityThread.handlePauseActivity:3001 
03-27 21:21:05.233  2163  3147 I ActivityManager: Start proc com.siptv.mytv for activity com.siptv.mytv/.MainLiveActivity: pid=19831 uid=1000 gids={41000, 1028, 1015, 3003, 3002, 3001}
03-27 21:21:06.013 19831 19856 W ActivityThread: ClassLoader.loadClass: The class loader returned by Thread.getContextClassLoader() may fail for processes that host multiple applications. You should explicitly specify a context class loader. For example: Thread.setContextClassLoader(getClass().getClassLoader());
03-27 21:21:06.415 19831 19831 W ContextImpl: Calling a method in the system process without a qualified user: android.app.ContextImpl.sendBroadcast:1200 android.content.ContextWrapper.sendBroadcast:365 android.app.ActivityThread.performResumeActivity:2785 android.app.ActivityThread.handleResumeActivity:2823 android.app.ActivityThread.handleLaunchActivity:2250 
03-27 21:21:06.713 19831 19831 E ActivityThread: Failed to find provider info for com.android.mysetting
03-27 21:24:57.617  2163  3147 I ActivityManager: START u0 {flg=0x40000 cmp=com.siptv.mytv/.SettingActivity} from pid 19831
03-27 21:24:57.626 19831 19831 W ContextImpl: Calling a method in the system process without a qualified user: android.app.ContextImpl.sendBroadcast:1200 android.content.ContextWrapper.sendBroadcast:365 android.app.ActivityThread.performPauseActivity:3061 android.app.ActivityThread.performPauseActivity:3023 android.app.ActivityThread.handlePauseActivity:3001 
03-27 21:24:57.686 19831 19831 W ContextImpl: Calling a method in the system process without a qualified user: android.app.ContextImpl.sendBroadcast:1200 android.content.ContextWrapper.sendBroadcast:365 android.app.ActivityThread.performResumeActivity:2785 android.app.ActivityThread.handleResumeActivity:2823 android.app.ActivityThread.handleLaunchActivity:2250 
03-27 21:25:19.424 19831 19831 W ContextImpl: Calling a method in the system process without a qualified user: android.app.ContextImpl.sendBroadcast:1200 android.content.ContextWrapper.sendBroadcast:365 android.app.ActivityThread.performPauseActivity:3061 android.app.ActivityThread.performPauseActivity:3023 android.app.ActivityThread.handlePauseActivity:3001 
03-27 21:25:19.460 19831 19831 W ContextImpl: Calling a method in the system process without a qualified user: android.app.ContextImpl.sendBroadcast:1200 android.content.ContextWrapper.sendBroadcast:365 android.app.ActivityThread.performResumeActivity:2785 android.app.ActivityThread.handleResumeActivity:2823 android.app.ActivityThread$H.handleMessage:1238 
03-27 21:25:23.510  2163  3146 I ActivityManager: START u0 {flg=0x40000 cmp=com.siptv.mytv/.ServerActivity} from pid 19831
03-27 21:25:23.535 19831 19831 W ContextImpl: Calling a method in the system process without a qualified user: android.app.ContextImpl.sendBroadcast:1200 android.content.ContextWrapper.sendBroadcast:365 android.app.ActivityThread.performPauseActivity:3061 android.app.ActivityThread.performPauseActivity:3023 android.app.ActivityThread.handlePauseActivity:3001 
03-27 21:25:23.708 19831 19831 W ContextImpl: Calling a method in the system process without a qualified user: android.app.ContextImpl.sendBroadcast:1200 android.content.ContextWrapper.sendBroadcast:365 android.app.ActivityThread.performResumeActivity:2785 android.app.ActivityThread.handleResumeActivity:2823 android.app.ActivityThread.handleLaunchActivity:2250 
03-27 21:25:55.466 19831 19831 W ContextImpl: Calling a method in the system process without a qualified user: android.app.ContextImpl.sendBroadcast:1200 android.content.ContextWrapper.sendBroadcast:365 android.app.ActivityThread.performPauseActivity:3061 android.app.ActivityThread.performPauseActivity:3023 android.app.ActivityThread.handlePauseActivity:3001 
03-27 21:25:55.497 19831 19831 W ContextImpl: Calling a method in the system process without a qualified user: android.app.ContextImpl.sendBroadcast:1200 android.content.ContextWrapper.sendBroadcast:365 android.app.ActivityThread.performResumeActivity:2785 android.app.ActivityThread.handleResumeActivity:2823 android.app.ActivityThread$H.handleMessage:1238 
03-27 21:25:55.551 19831 19831 E ActivityThread: Failed to find provider info for com.android.mysetting
03-27 21:25:57.952  2163  3076 I ActivityManager: START u0 {flg=0x40000 cmp=com.siptv.mytv/.ServerActivity} from pid 19831
03-27 21:25:57.985 19831 19831 W ContextImpl: Calling a method in the system process without a qualified user: android.app.ContextImpl.sendBroadcast:1200 android.content.ContextWrapper.sendBroadcast:365 android.app.ActivityThread.performPauseActivity:3061 android.app.ActivityThread.performPauseActivity:3023 android.app.ActivityThread.handlePauseActivity:3001 
03-27 21:25:58.067 19831 19831 W ContextImpl: Calling a method in the system process without a qualified user: android.app.ContextImpl.sendBroadcast:1200 android.content.ContextWrapper.sendBroadcast:365 android.app.ActivityThread.performResumeActivity:2785 android.app.ActivityThread.handleResumeActivity:2823 android.app.ActivityThread.handleLaunchActivity:2250 
03-27 21:26:33.090  2163  2194 W ProcessCpuTracker: Skipping unknown process pid 21313
03-27 21:26:33.091  2163  2194 W ProcessCpuTracker: Skipping unknown process pid 21318
03-27 21:26:54.672 19831 19831 W ContextImpl: Calling a method in the system process without a qualified user: android.app.ContextImpl.sendBroadcast:1200 android.content.ContextWrapper.sendBroadcast:365 android.app.ActivityThread.performPauseActivity:3061 android.app.ActivityThread.performPauseActivity:3023 android.app.ActivityThread.handlePauseActivity:3001 
03-27 21:26:54.694 19831 19831 W ContextImpl: Calling a method in the system process without a qualified user: android.app.ContextImpl.sendBroadcast:1200 android.content.ContextWrapper.sendBroadcast:365 android.app.ActivityThread.performResumeActivity:2785 android.app.ActivityThread.handleResumeActivity:2823 android.app.ActivityThread$H.handleMessage:1238 
03-27 21:26:54.708 19831 19831 E ActivityThread: Failed to find provider info for com.android.mysetting
03-27 21:27:05.226 19831 19831 W ContextImpl: Calling a method in the system process without a qualified user: android.app.ContextImpl.sendBroadcast:1200 android.content.ContextWrapper.sendBroadcast:365 android.app.ActivityThread.performPauseActivity:3061 android.app.ActivityThread.performPauseActivity:3023 android.app.ActivityThread.handlePauseActivity:3001 
03-27 21:27:05.253  3085  3085 W ContextImpl: Calling a method in the system process without a qualified user: android.app.ContextImpl.sendBroadcast:1200 android.content.ContextWrapper.sendBroadcast:365 android.app.ActivityThread.performResumeActivity:2785 android.app.ActivityThread.handleResumeActivity:2823 android.app.ActivityThread$H.handleMessage:1238 
03-27 21:27:05.554  2163  2194 I ActivityManager: Killing 4365:com.android.gallery3d/u0a21 (adj 15): empty for 6831s
03-27 21:27:05.619  2163  3076 I ActivityManager: Process com.siptv.mytv (pid 19831) has died.
03-27 21:27:05.619  2163  2173 I WindowState: WIN DEATH: Window{2d037e30 u0 com.siptv.mytv/com.siptv.mytv.MainLiveActivity}
03-27 21:27:05.620  2163  2173 W WindowManager: Force-removing child win Window{2d0402a0 u0 SurfaceView} from container Window{2d037e30 u0 com.siptv.mytv/com.siptv.mytv.MainLiveActivity}
03-27 21:27:05.622  2163  2173 W WindowManager: Force-removing child win Window{2d0abb70 u0 SurfaceView} from container Window{2d037e30 u0 com.siptv.mytv/com.siptv.mytv.MainLiveActivity}
03-27 21:27:05.624  2163  2173 W WindowManager: Force-removing child win Window{2cf07d58 u0 SurfaceView} from container Window{2d037e30 u0 com.siptv.mytv/com.siptv.mytv.MainLiveActivity}
03-27 21:27:05.627  2163 19571 I WindowState: WIN DEATH: Window{2cf13858 u0 com.siptv.mytv}
03-27 21:27:05.633  2163  3147 W WindowManager: Failed looking up window
03-27 21:27:05.633  2163  3147 W WindowManager: java.lang.IllegalArgumentException: Requested window android.os.BinderProxy@2ce96a70 does not exist
03-27 21:27:05.633  2163  3147 W WindowManager: 	at com.android.server.wm.WindowManagerService.windowForClientLocked(WindowManagerService.java:7966)
03-27 21:27:05.633  2163  3147 W WindowManager: 	at com.android.server.wm.WindowManagerService.windowForClientLocked(WindowManagerService.java:7957)
03-27 21:27:05.633  2163  3147 W WindowManager: 	at com.android.server.wm.WindowState$DeathRecipient.binderDied(WindowState.java:1047)
03-27 21:27:05.633  2163  3147 W WindowManager: 	at android.os.BinderProxy.sendDeathNotice(Binder.java:493)
03-27 21:27:05.633  2163  3147 W WindowManager: 	at dalvik.system.NativeStart.run(Native Method)
03-27 21:27:05.633  2163  3147 I WindowState: WIN DEATH: null
03-27 21:27:05.636  2163  3074 W WindowManager: Failed looking up window
03-27 21:27:05.636  2163  3074 W WindowManager: java.lang.IllegalArgumentException: Requested window android.os.BinderProxy@2cf065a0 does not exist
03-27 21:27:05.636  2163  3074 W WindowManager: 	at com.android.server.wm.WindowManagerService.windowForClientLocked(WindowManagerService.java:7966)
03-27 21:27:05.636  2163  3074 W WindowManager: 	at com.android.server.wm.WindowManagerService.windowForClientLocked(WindowManagerService.java:7957)
03-27 21:27:05.636  2163  3074 W WindowManager: 	at com.android.server.wm.WindowState$DeathRecipient.binderDied(WindowState.java:1047)
03-27 21:27:05.636  2163  3074 W WindowManager: 	at android.os.BinderProxy.sendDeathNotice(Binder.java:493)
03-27 21:27:05.636  2163  3074 W WindowManager: 	at dalvik.system.NativeStart.run(Native Method)
03-27 21:27:05.636  2163  3074 I WindowState: WIN DEATH: null
03-27 21:27:21.713  2163  3076 I ActivityManager: START u0 {flg=0x10008000 cmp=com.android.siptv.launcher/.settings.SettingsActivity} from pid 3085
03-27 21:27:21.860  3085  3085 W ContextImpl: Calling a method in the system process without a qualified user: android.app.ContextImpl.sendBroadcast:1200 android.content.ContextWrapper.sendBroadcast:365 android.app.ActivityThread.performPauseActivity:3061 android.app.ActivityThread.performPauseActivity:3023 android.app.ActivityThread.handlePauseActivity:3001 
03-27 21:27:21.992  3085  3085 W ContextImpl: Calling a method in the system process without a qualified user: android.app.ContextImpl.sendBroadcast:1200 android.content.ContextWrapper.sendBroadcast:365 android.app.ActivityThread.performResumeActivity:2785 android.app.ActivityThread.handleResumeActivity:2823 android.app.ActivityThread.handleLaunchActivity:2250 
03-27 21:27:25.692  2163  3146 I ActivityManager: START u0 {cmp=com.android.siptv.launcher/.install.settings.SystemInfoActivity (has extras)} from pid 3085
03-27 21:27:25.697  3085  3085 W ContextImpl: Calling a method in the system process without a qualified user: android.app.ContextImpl.sendBroadcast:1200 android.content.ContextWrapper.sendBroadcast:365 android.app.ActivityThread.performPauseActivity:3061 android.app.ActivityThread.performPauseActivity:3023 android.app.ActivityThread.handlePauseActivity:3001 
03-27 21:27:25.883  3085  3085 W ContextImpl: Calling a method in the system process without a qualified user: android.app.ContextImpl.sendBroadcast:1200 android.content.ContextWrapper.sendBroadcast:365 android.app.ActivityThread.performResumeActivity:2785 android.app.ActivityThread.handleResumeActivity:2823 android.app.ActivityThread.handleLaunchActivity:2250 
03-27 21:27:41.661  3085  3085 W ViewRootImpl: Dropping event due to root view being removed: KeyEvent { action=ACTION_DOWN, keyCode=KEYCODE_0, scanCode=11, metaState=0, flags=0x8, repeatCount=0, eventTime=7702708, downTime=7702708, deviceId=3, source=0x701 }
03-27 21:27:56.020  3085  3085 W ContextImpl: Calling a method in the system process without a qualified user: android.app.ContextImpl.sendBroadcast:1200 android.content.ContextWrapper.sendBroadcast:365 android.app.ActivityThread.performPauseActivity:3061 android.app.ActivityThread.performPauseActivity:3023 android.app.ActivityThread.handlePauseActivity:3001 
03-27 21:27:56.032  3085  3085 W ContextImpl: Calling a method in the system process without a qualified user: android.app.ContextImpl.sendBroadcast:1200 android.content.ContextWrapper.sendBroadcast:365 android.app.ActivityThread.performResumeActivity:2785 android.app.ActivityThread.handleResumeActivity:2823 android.app.ActivityThread$H.handleMessage:1238 
03-27 21:28:00.436  2163  3054 I ActivityManager: START u0 {act=android.intent.action.MAIN cat=[android.intent.category.LAUNCHER] flg=0x10000000 pkg=com.android.settings cmp=com.android.settings/.Settings} from pid 3085
03-27 21:28:00.559  3085  3085 W ContextImpl: Calling a method in the system process without a qualified user: android.app.ContextImpl.sendBroadcast:1200 android.content.ContextWrapper.sendBroadcast:365 android.app.ActivityThread.performPauseActivity:3061 android.app.ActivityThread.performPauseActivity:3023 android.app.ActivityThread.handlePauseActivity:3001 
03-27 21:28:00.654  3517  3517 W ContextImpl: Calling a method in the system process without a qualified user: android.app.ContextImpl.sendBroadcast:1200 android.content.ContextWrapper.sendBroadcast:365 android.app.ActivityThread.performResumeActivity:2785 android.app.ActivityThread.handleResumeActivity:2823 android.app.ActivityThread.handleLaunchActivity:2250 
03-27 21:28:00.724  2163  3146 D WifiService: setWifiEnabled: true pid=3517, uid=1000
03-27 21:28:06.393  2163  3055 I ActivityManager: START u0 {act=android.intent.action.MAIN cmp=com.android.settings/.SubSettings (has extras)} from pid 3517
03-27 21:28:06.434  3517  3517 W ContextImpl: Calling a method in the system process without a qualified user: android.app.ContextImpl.sendBroadcast:1200 android.content.ContextWrapper.sendBroadcast:365 android.app.ActivityThread.performPauseActivity:3061 android.app.ActivityThread.performPauseActivity:3023 android.app.ActivityThread.handlePauseActivity:3001 
03-27 21:28:06.506  3517  3517 W ContextImpl: Calling a method in the system process without a qualified user: android.app.ContextImpl.bindService:1620 android.content.ContextWrapper.bindService:517 com.android.settings.applications.ManageApplications.onCreate:863 android.app.Fragment.performCreate:1678 android.app.FragmentManagerImpl.moveToState:859 
03-27 21:28:06.595  3517  3517 W ContextImpl: Calling a method in the system process without a qualified user: android.app.ContextImpl.sendBroadcast:1200 android.content.ContextWrapper.sendBroadcast:365 android.app.ActivityThread.performResumeActivity:2785 android.app.ActivityThread.handleResumeActivity:2823 android.app.ActivityThread.handleLaunchActivity:2250 
03-27 21:28:11.684  2163 31750 I ActivityManager: START u0 {act=android.intent.action.MAIN cmp=com.android.settings/.SubSettings (has extras)} from pid 3517
03-27 21:28:11.691  3517  3517 W ContextImpl: Calling a method in the system process without a qualified user: android.app.ContextImpl.sendBroadcast:1200 android.content.ContextWrapper.sendBroadcast:365 android.app.ActivityThread.performPauseActivity:3061 android.app.ActivityThread.performPauseActivity:3023 android.app.ActivityThread.handlePauseActivity:3001 
03-27 21:28:12.259  3517  3517 E InstalledAppDetails: getDefaultPathFromXml  = null
03-27 21:28:12.265  3517  3517 W ContextImpl: Calling a method in the system process without a qualified user: android.app.ContextImpl.sendBroadcast:1200 android.content.ContextWrapper.sendBroadcast:365 android.app.ActivityThread.performResumeActivity:2785 android.app.ActivityThread.handleResumeActivity:2823 android.app.ActivityThread.handleLaunchActivity:2250 
03-27 21:28:32.483  3517  3517 W ContextImpl: Calling a method in the system process without a qualified user: android.app.ContextImpl.sendBroadcast:1200 android.content.ContextWrapper.sendBroadcast:365 android.app.ActivityThread.performPauseActivity:3061 android.app.ActivityThread.performPauseActivity:3023 android.app.ActivityThread.handlePauseActivity:3001 
03-27 21:28:32.511  3517  3517 W ContextImpl: Calling a method in the system process without a qualified user: android.app.ContextImpl.sendBroadcast:1200 android.content.ContextWrapper.sendBroadcast:365 android.app.ActivityThread.performResumeActivity:2785 android.app.ActivityThread.handleResumeActivity:2823 android.app.ActivityThread$H.handleMessage:1238 
03-27 21:28:33.783  2163 19571 I ActivityManager: START u0 {act=android.intent.action.MAIN cmp=com.android.settings/.SubSettings (has extras)} from pid 3517
03-27 21:28:33.797  3517  3517 W ContextImpl: Calling a method in the system process without a qualified user: android.app.ContextImpl.sendBroadcast:1200 android.content.ContextWrapper.sendBroadcast:365 android.app.ActivityThread.performPauseActivity:3061 android.app.ActivityThread.performPauseActivity:3023 android.app.ActivityThread.handlePauseActivity:3001 
03-27 21:28:34.232  3517  3517 E InstalledAppDetails: getDefaultPathFromXml  = null
03-27 21:28:34.237  3517  3517 W ContextImpl: Calling a method in the system process without a qualified user: android.app.ContextImpl.sendBroadcast:1200 android.content.ContextWrapper.sendBroadcast:365 android.app.ActivityThread.performResumeActivity:2785 android.app.ActivityThread.handleResumeActivity:2823 android.app.ActivityThread.handleLaunchActivity:2250 
03-27 21:28:45.622  3517  3517 W ContextImpl: Calling a method in the system process without a qualified user: android.app.ContextImpl.sendBroadcast:1200 android.content.ContextWrapper.sendBroadcast:365 android.app.ActivityThread.performPauseActivity:3061 android.app.ActivityThread.performPauseActivity:3023 android.app.ActivityThread.handlePauseActivity:3001 
03-27 21:28:45.648  3517  3517 W ContextImpl: Calling a method in the system process without a qualified user: android.app.ContextImpl.sendBroadcast:1200 android.content.ContextWrapper.sendBroadcast:365 android.app.ActivityThread.performResumeActivity:2785 android.app.ActivityThread.handleResumeActivity:2823 android.app.ActivityThread$H.handleMessage:1238 
03-27 21:28:46.954  3517  3517 W ContextImpl: Calling a method in the system process without a qualified user: android.app.ContextImpl.sendBroadcast:1200 android.content.ContextWrapper.sendBroadcast:365 android.app.ActivityThread.performPauseActivity:3061 android.app.ActivityThread.performPauseActivity:3023 android.app.ActivityThread.handlePauseActivity:3001 
03-27 21:28:46.996  3517  3517 W ContextImpl: Calling a method in the system process without a qualified user: android.app.ContextImpl.sendBroadcast:1200 android.content.ContextWrapper.sendBroadcast:365 android.app.ActivityThread.performResumeActivity:2785 android.app.ActivityThread.handleResumeActivity:2823 android.app.ActivityThread$H.handleMessage:1238 
03-27 21:28:49.502  3517  3517 W ContextImpl: Calling a method in the system process without a qualified user: android.app.ContextImpl.sendBroadcast:1200 android.content.ContextWrapper.sendBroadcast:365 android.app.ActivityThread.performPauseActivity:3061 android.app.ActivityThread.performPauseActivity:3023 android.app.ActivityThread.handlePauseActivity:3001 
03-27 21:28:49.531  3085  3085 W ContextImpl: Calling a method in the system process without a qualified user: android.app.ContextImpl.sendBroadcast:1200 android.content.ContextWrapper.sendBroadcast:365 android.app.ActivityThread.performResumeActivity:2785 android.app.ActivityThread.handleResumeActivity:2823 android.app.ActivityThread$H.handleMessage:1238 
03-27 21:28:54.096  3085  3085 W ContextImpl: Calling a method in the system process without a qualified user: android.app.ContextImpl.sendBroadcast:1200 android.content.ContextWrapper.sendBroadcast:365 android.app.ActivityThread.performPauseActivity:3061 android.app.ActivityThread.performPauseActivity:3023 android.app.ActivityThread.handlePauseActivity:3001 
03-27 21:28:54.117  3085  3085 W ContextImpl: Calling a method in the system process without a qualified user: android.app.ContextImpl.sendBroadcast:1200 android.content.ContextWrapper.sendBroadcast:365 android.app.ActivityThread.performResumeActivity:2785 android.app.ActivityThread.handleResumeActivity:2823 android.app.ActivityThread$H.handleMessage:1238 
03-27 21:28:59.997  2163  3146 I ActivityManager: START u0 {act=android.intent.action.MAIN cat=[android.intent.category.LAUNCHER] flg=0x10000000 pkg=com.android.vending cmp=com.android.vending/.AssetBrowserActivity} from pid 3085
03-27 21:29:00.144  3085  3085 W ContextImpl: Calling a method in the system process without a qualified user: android.app.ContextImpl.sendBroadcast:1200 android.content.ContextWrapper.sendBroadcast:365 android.app.ActivityThread.performPauseActivity:3061 android.app.ActivityThread.performPauseActivity:3023 android.app.ActivityThread.handlePauseActivity:3001 
03-27 21:29:00.198  2163  3074 W ActivityManager: Unable to start service Intent { cmp=com.android.vending/com.google.android.finsky.safemode.SafeModeService } U=0: not found
03-27 21:29:00.200  2163  3147 I ActivityManager: START u0 {act=android.intent.action.MAIN cat=[android.intent.category.LAUNCHER] flg=0x10000000 pkg=com.android.vending cmp=com.android.vending/com.google.android.finsky.activities.MainActivity} from pid 3014
03-27 21:29:00.232  2163 15603 W ActivityManager: Unable to start service Intent { cmp=com.android.vending/com.google.android.finsky.safemode.SafeModeService } U=0: not found
03-27 21:29:00.233  2163  2174 W ActivityManager: Unable to start service Intent { cmp=com.android.vending/com.google.android.finsky.safemode.SafeModeService } U=0: not found
03-27 21:29:00.577  2163  3055 D WifiStateTracker: getNetworkInfo Wifi disguise to ethernet!
03-27 21:29:00.596  2163  3076 I ActivityManager: START u0 {flg=0x80000 cmp=com.google.android.gsf.login/.AccountIntroActivity (has extras)} from pid 3014
03-27 21:29:00.676  2163 15603 I ActivityManager: Start proc com.google.android.gsf.login for activity com.google.android.gsf.login/.AccountIntroActivity: pid=21923 uid=10006 gids={50006, 3003, 1007, 1028, 1015, 3002, 3001, 3007, 2001, 3006}
03-27 21:29:00.770  2163  3076 I ActivityManager: START u0 {cmp=com.google.android.gsf.login/.AccountIntroUIActivity (has extras)} from pid 21923
03-27 21:29:03.548  2163  3076 I WindowManager: Screenshot max retries 4 of Token{2ceb2710 ActivityRecord{2ce3a828 u0 com.android.vending/com.google.android.finsky.activities.MainActivity t23 f}} appWin=Window{2cf00f68 u0 com.android.vending/com.google.android.finsky.activities.MainActivity} drawState=1
03-27 21:29:03.548  2163  3076 W WindowManager: Screenshot failure taking screenshot for (1280x720) to layer 21010
03-27 21:29:03.588  2163  3074 W InputMethodManagerService: Focus gain on non-focused client com.android.internal.view.IInputMethodClient$Stub$Proxy@2d06a590 (uid=10012 pid=3014)
03-27 21:29:03.722  3085  3085 W ContextImpl: Calling a method in the system process without a qualified user: android.app.ContextImpl.sendBroadcast:1200 android.content.ContextWrapper.sendBroadcast:365 android.app.ActivityThread.performResumeActivity:2785 android.app.ActivityThread.handleResumeActivity:2823 android.app.ActivityThread$H.handleMessage:1238 
03-27 21:29:13.145  2163  2194 W ActivityManager: Launch timeout has expired, giving up wake lock!
03-27 21:29:19.150  2163  3076 I ActivityManager: START u0 {act=android.intent.action.MAIN cat=[android.intent.category.LAUNCHER] flg=0x10004000 pkg=com.siptv.mytv cmp=com.siptv.mytv/.MainLiveActivity (has extras)} from pid 3085
03-27 21:29:19.200  3085  3085 W ContextImpl: Calling a method in the system process without a qualified user: android.app.ContextImpl.sendBroadcast:1200 android.content.ContextWrapper.sendBroadcast:365 android.app.ActivityThread.performPauseActivity:3061 android.app.ActivityThread.performPauseActivity:3023 android.app.ActivityThread.handlePauseActivity:3001 
03-27 21:29:19.221  2163  3074 I ActivityManager: Start proc com.siptv.mytv for activity com.siptv.mytv/.MainLiveActivity: pid=22035 uid=1000 gids={41000, 1028, 1015, 3003, 3002, 3001}
03-27 21:29:19.987 22035 22050 W ActivityThread: ClassLoader.loadClass: The class loader returned by Thread.getContextClassLoader() may fail for processes that host multiple applications. You should explicitly specify a context class loader. For example: Thread.setContextClassLoader(getClass().getClassLoader());
