03-27 20:04:46.975  2163  2875 D Nat464Xlat: requiresClat: netType=1, hasIPv4Address=false
03-27 20:04:46.975  2163  2875 D WifiStateTracker: do not disguise!
03-27 20:04:46.976  2163  2871 D WifiStateTracker: do not disguise!
03-27 20:04:46.978  2163  2875 D ConnectivityService: handleInetConditionChange: no active default network - ignore
03-27 20:04:46.983  2163  2163 D WifiStateTracker: Do not change WIFI_P2P info!!!
03-27 20:04:47.013  2163  2870 D WifiStateTracker: do not disguise!
03-27 20:04:49.982  2163  2973 D ConnectivityService: setProvNotificationVisible: E visible=false networkType=1 extraInfo=null url=null
03-27 20:04:49.988  2163 15603 D WifiStateTracker: do not disguise!
03-27 20:04:49.989  2163  2195 D WifiStateTracker: do not disguise!
03-27 20:04:49.990  2163  3074 D WifiStateTracker: do not disguise!
03-27 20:04:50.001  2163 31750 I ActivityManager: Killing 31874:com.google.android.gms/u0a6 (adj 11): 11738k from cached
03-27 20:04:51.534  2163  2194 I ActivityManager: Start proc com.google.android.gms for broadcast com.google.android.gms/.gcm.gmsproc.GmsAutoStarter: pid=1029 uid=10006 gids={50006, 3003, 1007, 1028, 1015, 3002, 3001, 3007, 2001, 3006}
03-27 20:04:54.097  3085  3085 W ContextImpl: Calling a method in the system process without a qualified user: android.app.ContextImpl.sendBroadcast:1200 android.content.ContextWrapper.sendBroadcast:365 android.app.ActivityThread.performPauseActivity:3061 android.app.ActivityThread.performPauseActivity:3023 android.app.ActivityThread.handlePauseActivity:3001 
03-27 20:04:54.106  3085  3085 W ContextImpl: Calling a method in the system process without a qualified user: android.app.ContextImpl.sendBroadcast:1200 android.content.ContextWrapper.sendBroadcast:365 android.app.ActivityThread.performResumeActivity:2785 android.app.ActivityThread.handleResumeActivity:2823 android.app.ActivityThread$H.handleMessage:1238 
03-27 20:04:56.282  2163  2875 D ConnectivityService: handleInetConditionChange: no active default network - ignore
03-27 20:04:56.949  2163  2174 I ActivityManager: START u0 {act=android.intent.action.MAIN cat=[android.intent.category.LAUNCHER] flg=0x10000000 pkg=com.android.settings cmp=com.android.settings/.Settings} from pid 3085
03-27 20:04:56.999  3085  3085 W ContextImpl: Calling a method in the system process without a qualified user: android.app.ContextImpl.sendBroadcast:1200 android.content.ContextWrapper.sendBroadcast:365 android.app.ActivityThread.performPauseActivity:3061 android.app.ActivityThread.performPauseActivity:3023 android.app.ActivityThread.handlePauseActivity:3001 
03-27 20:04:57.132  3517  3517 W ContextImpl: Calling a method in the system process without a qualified user: android.app.ContextImpl.sendBroadcast:1200 android.content.ContextWrapper.sendBroadcast:365 android.app.ActivityThread.performResumeActivity:2785 android.app.ActivityThread.handleResumeActivity:2823 android.app.ActivityThread.handleLaunchActivity:2250 
03-27 20:04:57.199  2163  2272 D WifiService: setWifiEnabled: true pid=3517, uid=1000
03-27 20:04:58.788  2163  3054 I ActivityManager: START u0 {act=android.intent.action.MAIN cmp=com.android.settings/.SubSettings (has extras)} from pid 3517
03-27 20:04:58.795  3517  3517 W ContextImpl: Calling a method in the system process without a qualified user: android.app.ContextImpl.sendBroadcast:1200 android.content.ContextWrapper.sendBroadcast:365 android.app.ActivityThread.performPauseActivity:3061 android.app.ActivityThread.performPauseActivity:3023 android.app.ActivityThread.handlePauseActivity:3001 
03-27 20:04:58.852  3517  3517 W ContextImpl: Calling a method in the system process without a qualified user: android.app.ContextImpl.sendBroadcast:1200 android.content.ContextWrapper.sendBroadcast:365 android.app.ActivityThread.performResumeActivity:2785 android.app.ActivityThread.handleResumeActivity:2823 android.app.ActivityThread.handleLaunchActivity:2250 
03-27 20:05:14.264  2163  3074 W InputMethodManagerService: Window already focused, ignoring focus gain of: com.android.internal.view.IInputMethodClient$Stub$Proxy@2cf45160 attribute=null, token = android.os.BinderProxy@2cf8b138
03-27 20:05:14.883  2163  2875 D ConnectivityService: handleInetConditionChange: no active default network - ignore
03-27 20:05:52.075  2163  2875 D ConnectivityService: handleInetConditionChange: no active default network - ignore
03-27 20:06:40.631  2163  2163 D WifiStateTracker: Do not change WIFI_P2P info!!!
03-27 20:06:40.774  2163  2163 D WifiStateTracker: Do not change WIFI_P2P info!!!
03-27 20:06:41.596  2163  2163 D WifiStateTracker: Do not change WIFI_P2P info!!!
03-27 20:06:41.605  2163  2163 D WifiStateTracker: Do not change WIFI_P2P info!!!
03-27 20:06:41.606  2163  2875 D ConnectivityService: Captive portal check NetworkInfo: type: WIFI[], state: CONNECTING/CAPTIVE_PORTAL_CHECK, reason: (unspecified), extra: "H2", roaming: false, failover: false, isAvailable: true, isConnectedToProvisioningNetwork: false
03-27 20:06:41.606  2163  2875 D ConnectivityService: handleCaptivePortalTrackerCheck: call captivePortalCheckComplete ni=NetworkInfo: type: WIFI[], state: CONNECTING/CAPTIVE_PORTAL_CHECK, reason: (unspecified), extra: "H2", roaming: false, failover: false, isAvailable: true, isConnectedToProvisioningNetwork: false
03-27 20:06:41.619  2163  2163 D WifiStateTracker: Do not change WIFI_P2P info!!!
03-27 20:06:41.621  2163  2875 D ConnectivityService: ConnectivityChange for WIFI: CONNECTED/CONNECTED
03-27 20:06:41.622  2163  2875 D ConnectivityService: Coexist!! Do not teardown: WIFI
03-27 20:06:41.627  2163  2875 E ConnectivityService: Unexpected mtu value: android.net.wifi.WifiStateTracker@2cd682e0
03-27 20:06:41.634  2163  2875 E ConnectivityService: updatedns, getDnsRemain: mNumDnsEntries = 0
03-27 20:06:41.634  2163  2875 E ConnectivityService: updateDnsLocked, dnses:[/192.168.1.1]
03-27 20:06:41.637  2163  2875 E ConnectivityService: wifidns:[/192.168.1.1] g3dns:null ethdns:null
03-27 20:06:41.637  2163  2875 E ConnectivityService: updateDns, adding net.dns1 192.168.1.1
03-27 20:06:41.641  2163  2875 D ConnectivityService: sending Proxy Broadcast for [192.168.1.102] 8888 xl=
03-27 20:06:41.644  2163  2875 D ConnectivityService: curLp before coexist handle: null
03-27 20:06:41.645  2163  2875 D ConnectivityService: newLp before coexist handle: {InterfaceName: wlan0 LinkAddresses: [192.168.1.100/24,]  Routes: [192.168.1.0/24 -> 0.0.0.0,0.0.0.0/0 -> 192.168.1.1,] DnsAddresses: [192.168.1.1,] Domains: HomeMTU: 0HttpProxy: [192.168.1.102] 8888 xl= }
03-27 20:06:41.645  2163  2875 D ConnectivityService: newLpPrefered before coexist handle: false
03-27 20:06:41.645  2163  2875 D ConnectivityService: Coexist!! No Previous Available Network!! New newType(1) Connected!!
03-27 20:06:41.645  2163  2875 D ConnectivityService: curLp before updateRoutes: null
03-27 20:06:41.645  2163  2875 D ConnectivityService: newLp before updateRoutes: {InterfaceName: wlan0 LinkAddresses: [192.168.1.100/24,]  Routes: [192.168.1.0/24 -> 0.0.0.0,0.0.0.0/0 -> 192.168.1.1,] DnsAddresses: [192.168.1.1,] Domains: HomeMTU: 0HttpProxy: [192.168.1.102] 8888 xl= }
03-27 20:06:41.645  2163  2875 D ConnectivityService: newLpPrefered before updateRoutes: true
03-27 20:06:41.646  2163  2875 D ConnectivityService: not adding 192.168.1.0/24 -> 0.0.0.0 into mAddedRoutes as it's already in use
03-27 20:06:41.649  2163  2875 D ConnectivityService: not adding 192.168.1.1/32 -> 0.0.0.0 into mAddedRoutes as it's already in use
03-27 20:06:41.651  2163  2875 D ConnectivityService: not adding 0.0.0.0/0 -> 192.168.1.1 into mAddedRoutes as it's already in use
03-27 20:06:41.654  2163  2875 D Nat464Xlat: requiresClat: netType=1, hasIPv4Address=true
03-27 20:06:41.655  2163  2875 D ConnectivityService: Coexist!! NewType(1) priority is higher than CurrentType(-1), update mActiveDefaultNetwork!
03-27 20:06:43.494  2163  2163 D WifiStateTracker: Do not change WIFI_P2P info!!!
03-27 20:06:43.501  2163  2875 E ConnectivityService: updatedns, getDnsRemain: mNumDnsEntries = 1
03-27 20:06:43.501  2163  2875 E ConnectivityService: updateDnsLocked, dnses:[/192.168.1.1]
03-27 20:06:43.503  2163  2875 E ConnectivityService: wifidns:[/192.168.1.1] g3dns:null ethdns:null
03-27 20:06:43.503  2163  2875 E ConnectivityService: updateDns: 192.168.1.1 Remain!!
03-27 20:06:43.504  2163  2875 E ConnectivityService: updateDns, adding net.dns1 192.168.1.1
03-27 20:06:43.506  2163  2875 D ConnectivityService: handleConnectivityChange: addresses changed linkProperty[1]: resetMask=0
03-27 20:06:43.506  2163  2875 D ConnectivityService:    car=removed=[] added=[fe80::be1c:81ff:fe29:9f2d/64,]
03-27 20:06:43.507  2163  2875 D ConnectivityService: curLp before coexist handle: {InterfaceName: wlan0 LinkAddresses: [192.168.1.100/24,]  Routes: [192.168.1.0/24 -> 0.0.0.0,0.0.0.0/0 -> 192.168.1.1,] DnsAddresses: [192.168.1.1,] Domains: HomeMTU: 0HttpProxy: [192.168.1.102] 8888 xl= }
03-27 20:06:43.508  2163  2875 D ConnectivityService: newLp before coexist handle: {InterfaceName: wlan0 LinkAddresses: [192.168.1.100/24,fe80::be1c:81ff:fe29:9f2d/64,]  Routes: [192.168.1.0/24 -> 0.0.0.0,0.0.0.0/0 -> 192.168.1.1,] DnsAddresses: [192.168.1.1,] Domains: HomeMTU: 0HttpProxy: [192.168.1.102] 8888 xl= }
03-27 20:06:43.508  2163  2875 D ConnectivityService: newLpPrefered before coexist handle: false
03-27 20:06:43.508  2163  2875 D ConnectivityService: Coexist!! mActiveDefaultNetwork and netType is the same: 1
03-27 20:06:43.509  2163  2875 D ConnectivityService: curLp before updateRoutes: {InterfaceName: wlan0 LinkAddresses: [192.168.1.100/24,]  Routes: [192.168.1.0/24 -> 0.0.0.0,0.0.0.0/0 -> 192.168.1.1,] DnsAddresses: [192.168.1.1,] Domains: HomeMTU: 0HttpProxy: [192.168.1.102] 8888 xl= }
03-27 20:06:43.510  2163  2875 D ConnectivityService: newLp before updateRoutes: {InterfaceName: wlan0 LinkAddresses: [192.168.1.100/24,fe80::be1c:81ff:fe29:9f2d/64,]  Routes: [192.168.1.0/24 -> 0.0.0.0,0.0.0.0/0 -> 192.168.1.1,] DnsAddresses: [192.168.1.1,] Domains: HomeMTU: 0HttpProxy: [192.168.1.102] 8888 xl= }
03-27 20:06:43.510  2163  2875 D ConnectivityService: newLpPrefered before updateRoutes: true
03-27 20:06:43.510  2163  2875 D ConnectivityService: Coexist!! newLpPrefered !!!!
03-27 20:06:43.510  2163  2875 D ConnectivityService: Coexist!! newLpPrefered!! Only Remove Default Route!!
03-27 20:06:43.510  2163  2875 D ConnectivityService: Coexist!! newLpPrefered!! Remove Default route
03-27 20:06:43.516  2163  2875 D ConnectivityService: not adding 192.168.1.0/24 -> 0.0.0.0 into mAddedRoutes as it's already in use
03-27 20:06:43.519  2163  2875 D ConnectivityService: Adding 192.168.1.1/32 -> 0.0.0.0 into mAddedRoutes as it's already in use
03-27 20:06:43.522  2163  2875 D ConnectivityService: Adding 0.0.0.0/0 -> 192.168.1.1 into mAddedRoutes as it's already in use
03-27 20:06:43.529  2163  2875 D Nat464Xlat: requiresClat: netType=1, hasIPv4Address=true
03-27 20:06:44.685  2163  2272 I ActivityManager: Killing 1029:com.google.android.gms/u0a6 (adj 9): 11350k from cached
03-27 20:06:50.790  3517  3517 W ContextImpl: Calling a method in the system process without a qualified user: android.app.ContextImpl.sendBroadcast:1200 android.content.ContextWrapper.sendBroadcast:365 android.app.ActivityThread.performPauseActivity:3061 android.app.ActivityThread.performPauseActivity:3023 android.app.ActivityThread.handlePauseActivity:3001 
03-27 20:06:50.809  2163  2194 I ActivityManager: Start proc com.google.android.gms for broadcast com.google.android.gms/.gcm.gmsproc.GmsAutoStarter: pid=1216 uid=10006 gids={50006, 3003, 1007, 1028, 1015, 3002, 3001, 3007, 2001, 3006}
03-27 20:06:50.818  3517  3517 W ContextImpl: Calling a method in the system process without a qualified user: android.app.ContextImpl.sendBroadcast:1200 android.content.ContextWrapper.sendBroadcast:365 android.app.ActivityThread.performResumeActivity:2785 android.app.ActivityThread.handleResumeActivity:2823 android.app.ActivityThread$H.handleMessage:1238 
03-27 20:06:52.107  2163  2875 D ConnectivityService: handleInetConditionHoldEnd: net=1, condition=100, published condition=0
03-27 20:06:52.278  3517  3517 W ContextImpl: Calling a method in the system process without a qualified user: android.app.ContextImpl.sendBroadcast:1200 android.content.ContextWrapper.sendBroadcast:365 android.app.ActivityThread.performPauseActivity:3061 android.app.ActivityThread.performPauseActivity:3023 android.app.ActivityThread.handlePauseActivity:3001 
03-27 20:06:52.295  3085  3085 W ContextImpl: Calling a method in the system process without a qualified user: android.app.ContextImpl.sendBroadcast:1200 android.content.ContextWrapper.sendBroadcast:365 android.app.ActivityThread.performResumeActivity:2785 android.app.ActivityThread.handleResumeActivity:2823 android.app.ActivityThread$H.handleMessage:1238 
03-27 20:06:54.363  3085  3085 W ContextImpl: Calling a method in the system process without a qualified user: android.app.ContextImpl.sendBroadcast:1200 android.content.ContextWrapper.sendBroadcast:365 android.app.ActivityThread.performPauseActivity:3061 android.app.ActivityThread.performPauseActivity:3023 android.app.ActivityThread.handlePauseActivity:3001 
03-27 20:06:54.383  3085  3085 W ContextImpl: Calling a method in the system process without a qualified user: android.app.ContextImpl.sendBroadcast:1200 android.content.ContextWrapper.sendBroadcast:365 android.app.ActivityThread.performResumeActivity:2785 android.app.ActivityThread.handleResumeActivity:2823 android.app.ActivityThread$H.handleMessage:1238 
03-27 20:06:54.673  2163  2973 D ConnectivityService: setProvNotificationVisible: E visible=false networkType=1 extraInfo=null url=null
03-27 20:06:55.304  2163  2875 D ConnectivityService: handleInetConditionHoldEnd: net=1, condition=100, published condition=100
03-27 20:06:56.907  2163  3146 I ActivityManager: START u0 {act=android.intent.action.MAIN cat=[android.intent.category.LAUNCHER] flg=0x10004000 pkg=com.siptv.mytv cmp=com.siptv.mytv/.MainLiveActivity (has extras)} from pid 3085
03-27 20:06:57.054  3085  3085 W ContextImpl: Calling a method in the system process without a qualified user: android.app.ContextImpl.sendBroadcast:1200 android.content.ContextWrapper.sendBroadcast:365 android.app.ActivityThread.performPauseActivity:3061 android.app.ActivityThread.performPauseActivity:3023 android.app.ActivityThread.handlePauseActivity:3001 
03-27 20:06:57.120  2163  3076 I ActivityManager: Start proc com.siptv.mytv for activity com.siptv.mytv/.MainLiveActivity: pid=1273 uid=1000 gids={41000, 1028, 1015, 3003, 3002, 3001}
03-27 20:06:57.854  1273  1288 W ActivityThread: ClassLoader.loadClass: The class loader returned by Thread.getContextClassLoader() may fail for processes that host multiple applications. You should explicitly specify a context class loader. For example: Thread.setContextClassLoader(getClass().getClassLoader());
03-27 20:06:58.248  1273  1273 W ContextImpl: Calling a method in the system process without a qualified user: android.app.ContextImpl.sendBroadcast:1200 android.content.ContextWrapper.sendBroadcast:365 android.app.ActivityThread.performResumeActivity:2785 android.app.ActivityThread.handleResumeActivity:2823 android.app.ActivityThread.handleLaunchActivity:2250 
03-27 20:06:58.545  1273  1273 E ActivityThread: Failed to find provider info for com.android.mysetting
03-27 20:07:02.053  2163  2973 D ConnectivityService: captivePortalCheckCompleted: ni=NetworkInfo: type: WIFI[], state: CONNECTED/CONNECTED, reason: (unspecified), extra: "H2", roaming: false, failover: false, isAvailable: true, isConnectedToProvisioningNetwork: false captive=false
03-27 20:07:53.765  2163  2174 I ActivityManager: START u0 {flg=0x40000 cmp=com.siptv.mytv/.ServerActivity} from pid 1273
03-27 20:07:53.800  1273  1273 W ContextImpl: Calling a method in the system process without a qualified user: android.app.ContextImpl.sendBroadcast:1200 android.content.ContextWrapper.sendBroadcast:365 android.app.ActivityThread.performPauseActivity:3061 android.app.ActivityThread.performPauseActivity:3023 android.app.ActivityThread.handlePauseActivity:3001 
03-27 20:07:53.985  1273  1273 W ContextImpl: Calling a method in the system process without a qualified user: android.app.ContextImpl.sendBroadcast:1200 android.content.ContextWrapper.sendBroadcast:365 android.app.ActivityThread.performResumeActivity:2785 android.app.ActivityThread.handleResumeActivity:2823 android.app.ActivityThread.handleLaunchActivity:2250 
03-27 20:09:15.436  1273  1273 W ContextImpl: Calling a method in the system process without a qualified user: android.app.ContextImpl.sendBroadcast:1200 android.content.ContextWrapper.sendBroadcast:365 android.app.ActivityThread.performPauseActivity:3061 android.app.ActivityThread.performPauseActivity:3023 android.app.ActivityThread.handlePauseActivity:3001 
03-27 20:09:15.467  1273  1273 W ContextImpl: Calling a method in the system process without a qualified user: android.app.ContextImpl.sendBroadcast:1200 android.content.ContextWrapper.sendBroadcast:365 android.app.ActivityThread.performResumeActivity:2785 android.app.ActivityThread.handleResumeActivity:2823 android.app.ActivityThread$H.handleMessage:1238 
03-27 20:09:15.544  1273  1273 E ActivityThread: Failed to find provider info for com.android.mysetting
03-27 20:09:23.999  2163 15603 I ActivityManager: START u0 {flg=0x40000 cmp=com.siptv.mytv/.VodListActivity} from pid 1273
03-27 20:09:24.004  1273  1273 W ContextImpl: Calling a method in the system process without a qualified user: android.app.ContextImpl.sendBroadcast:1200 android.content.ContextWrapper.sendBroadcast:365 android.app.ActivityThread.performPauseActivity:3061 android.app.ActivityThread.performPauseActivity:3023 android.app.ActivityThread.handlePauseActivity:3001 
03-27 20:09:24.361  1273  1273 W ContextImpl: Calling a method in the system process without a qualified user: android.app.ContextImpl.sendBroadcast:1200 android.content.ContextWrapper.sendBroadcast:365 android.app.ActivityThread.performResumeActivity:2785 android.app.ActivityThread.handleResumeActivity:2823 android.app.ActivityThread.handleLaunchActivity:2250 
03-27 20:09:54.700  2163  2875 D ConnectivityService: Sampling interval elapsed, updating statistics ..
03-27 20:09:54.706  2163  2875 D ConnectivityService: Done.
03-27 20:09:54.706  2163  2875 D ConnectivityService: Setting timer for 720seconds
03-27 20:10:16.098  1273  1273 W ContextImpl: Calling a method in the system process without a qualified user: android.app.ContextImpl.sendBroadcast:1200 android.content.ContextWrapper.sendBroadcast:365 android.app.ActivityThread.performPauseActivity:3061 android.app.ActivityThread.performPauseActivity:3023 android.app.ActivityThread.handlePauseActivity:3001 
03-27 20:10:16.130  1273  1273 W ContextImpl: Calling a method in the system process without a qualified user: android.app.ContextImpl.sendBroadcast:1200 android.content.ContextWrapper.sendBroadcast:365 android.app.ActivityThread.performResumeActivity:2785 android.app.ActivityThread.handleResumeActivity:2823 android.app.ActivityThread$H.handleMessage:1238 
03-27 20:10:16.194  1273  1273 E ActivityThread: Failed to find provider info for com.android.mysetting
03-27 20:12:09.063  1273  1273 W ContextImpl: Calling a method in the system process without a qualified user: android.app.ContextImpl.sendBroadcast:1200 android.content.ContextWrapper.sendBroadcast:365 android.app.ActivityThread.performPauseActivity:3061 android.app.ActivityThread.performPauseActivity:3023 android.app.ActivityThread.handlePauseActivity:3001 
03-27 20:12:09.085  3085  3085 W ContextImpl: Calling a method in the system process without a qualified user: android.app.ContextImpl.sendBroadcast:1200 android.content.ContextWrapper.sendBroadcast:365 android.app.ActivityThread.performResumeActivity:2785 android.app.ActivityThread.handleResumeActivity:2823 android.app.ActivityThread$H.handleMessage:1238 
03-27 20:12:09.469  2163  3147 I ActivityManager: Process com.siptv.mytv (pid 1273) has died.
03-27 20:12:09.469  2163  2174 I WindowState: WIN DEATH: Window{2ce66500 u0 com.siptv.mytv/com.siptv.mytv.MainLiveActivity}
03-27 20:12:09.470  2163  2174 W WindowManager: Force-removing child win Window{2ce9dc48 u0 SurfaceView} from container Window{2ce66500 u0 com.siptv.mytv/com.siptv.mytv.MainLiveActivity}
03-27 20:12:09.473  2163  2174 W WindowManager: Force-removing child win Window{2ceee720 u0 SurfaceView} from container Window{2ce66500 u0 com.siptv.mytv/com.siptv.mytv.MainLiveActivity}
03-27 20:12:09.475  2163  2174 W WindowManager: Force-removing child win Window{2cef46c8 u0 SurfaceView} from container Window{2ce66500 u0 com.siptv.mytv/com.siptv.mytv.MainLiveActivity}
03-27 20:12:09.479  2163  3054 W WindowManager: Failed looking up window
03-27 20:12:09.479  2163  3054 W WindowManager: java.lang.IllegalArgumentException: Requested window android.os.BinderProxy@2cf10218 does not exist
03-27 20:12:09.479  2163  3054 W WindowManager: 	at com.android.server.wm.WindowManagerService.windowForClientLocked(WindowManagerService.java:7966)
03-27 20:12:09.479  2163  3054 W WindowManager: 	at com.android.server.wm.WindowManagerService.windowForClientLocked(WindowManagerService.java:7957)
03-27 20:12:09.479  2163  3054 W WindowManager: 	at com.android.server.wm.WindowState$DeathRecipient.binderDied(WindowState.java:1047)
03-27 20:12:09.479  2163  3054 W WindowManager: 	at android.os.BinderProxy.sendDeathNotice(Binder.java:493)
03-27 20:12:09.479  2163  3054 W WindowManager: 	at dalvik.system.NativeStart.run(Native Method)
03-27 20:12:09.479  2163  3054 I WindowState: WIN DEATH: null
03-27 20:12:09.480  2163  3055 W WindowManager: Failed looking up window
03-27 20:12:09.480  2163  3055 W WindowManager: java.lang.IllegalArgumentException: Requested window android.os.BinderProxy@2ce5a238 does not exist
03-27 20:12:09.480  2163  3055 W WindowManager: 	at com.android.server.wm.WindowManagerService.windowForClientLocked(WindowManagerService.java:7966)
03-27 20:12:09.480  2163  3055 W WindowManager: 	at com.android.server.wm.WindowManagerService.windowForClientLocked(WindowManagerService.java:7957)
03-27 20:12:09.480  2163  3055 W WindowManager: 	at com.android.server.wm.WindowState$DeathRecipient.binderDied(WindowState.java:1047)
03-27 20:12:09.480  2163  3055 W WindowManager: 	at android.os.BinderProxy.sendDeathNotice(Binder.java:493)
03-27 20:12:09.480  2163  3055 W WindowManager: 	at dalvik.system.NativeStart.run(Native Method)
03-27 20:12:09.480  2163  3055 I WindowState: WIN DEATH: null
03-27 20:12:09.480  2163  3146 I WindowState: WIN DEATH: Window{2d0376e0 u0 com.siptv.mytv}
03-27 20:12:09.483  2163  3074 W WindowManager: Failed looking up window
03-27 20:12:09.483  2163  3074 W WindowManager: java.lang.IllegalArgumentException: Requested window android.os.BinderProxy@2cd6e378 does not exist
03-27 20:12:09.483  2163  3074 W WindowManager: 	at com.android.server.wm.WindowManagerService.windowForClientLocked(WindowManagerService.java:7966)
03-27 20:12:09.483  2163  3074 W WindowManager: 	at com.android.server.wm.WindowManagerService.windowForClientLocked(WindowManagerService.java:7957)
03-27 20:12:09.483  2163  3074 W WindowManager: 	at com.android.server.wm.WindowState$DeathRecipient.binderDied(WindowState.java:1047)
03-27 20:12:09.483  2163  3074 W WindowManager: 	at android.os.BinderProxy.sendDeathNotice(Binder.java:493)
03-27 20:12:09.483  2163  3074 W WindowManager: 	at dalvik.system.NativeStart.run(Native Method)
03-27 20:12:09.483  2163  3074 I WindowState: WIN DEATH: null
03-27 20:13:04.665  2163  3054 I ActivityManager: START u0 {flg=0x10008000 cmp=com.android.siptv.launcher/.settings.SettingsActivity} from pid 3085
03-27 20:13:04.757  3085  3085 W ContextImpl: Calling a method in the system process without a qualified user: android.app.ContextImpl.sendBroadcast:1200 android.content.ContextWrapper.sendBroadcast:365 android.app.ActivityThread.performPauseActivity:3061 android.app.ActivityThread.performPauseActivity:3023 android.app.ActivityThread.handlePauseActivity:3001 
03-27 20:13:04.952  3085  3085 W ContextImpl: Calling a method in the system process without a qualified user: android.app.ContextImpl.sendBroadcast:1200 android.content.ContextWrapper.sendBroadcast:365 android.app.ActivityThread.performResumeActivity:2785 android.app.ActivityThread.handleResumeActivity:2823 android.app.ActivityThread.handleLaunchActivity:2250 
03-27 20:13:10.146  2163  3146 I ActivityManager: START u0 {cmp=com.android.siptv.launcher/.install.settings.InstallWifiActivity (has extras)} from pid 3085
03-27 20:13:10.185  3085  3085 W ContextImpl: Calling a method in the system process without a qualified user: android.app.ContextImpl.sendBroadcast:1200 android.content.ContextWrapper.sendBroadcast:365 android.app.ActivityThread.performPauseActivity:3061 android.app.ActivityThread.performPauseActivity:3023 android.app.ActivityThread.handlePauseActivity:3001 
03-27 20:13:10.272  3085  3085 W ContextImpl: Calling a method in the system process without a qualified user: android.app.ContextImpl.sendBroadcast:1200 android.content.ContextWrapper.sendBroadcast:365 android.app.ActivityThread.performResumeActivity:2785 android.app.ActivityThread.handleResumeActivity:2823 android.app.ActivityThread.handleLaunchActivity:2250 
03-27 20:14:12.524  3085  3085 W ContextImpl: Calling a method in the system process without a qualified user: android.app.ContextImpl.sendBroadcast:1200 android.content.ContextWrapper.sendBroadcast:365 android.app.ActivityThread.performPauseActivity:3061 android.app.ActivityThread.performPauseActivity:3023 android.app.ActivityThread.handlePauseActivity:3001 
03-27 20:14:12.533  3085  3085 W ContextImpl: Calling a method in the system process without a qualified user: android.app.ContextImpl.sendBroadcast:1200 android.content.ContextWrapper.sendBroadcast:365 android.app.ActivityThread.performResumeActivity:2785 android.app.ActivityThread.handleResumeActivity:2823 android.app.ActivityThread$H.handleMessage:1238 
03-27 20:14:14.655  3085  3085 W ContextImpl: Calling a method in the system process without a qualified user: android.app.ContextImpl.sendBroadcast:1200 android.content.ContextWrapper.sendBroadcast:365 android.app.ActivityThread.performPauseActivity:3061 android.app.ActivityThread.performPauseActivity:3023 android.app.ActivityThread.handlePauseActivity:3001 
03-27 20:14:14.674  3085  3085 W ContextImpl: Calling a method in the system process without a qualified user: android.app.ContextImpl.sendBroadcast:1200 android.content.ContextWrapper.sendBroadcast:365 android.app.ActivityThread.performResumeActivity:2785 android.app.ActivityThread.handleResumeActivity:2823 android.app.ActivityThread$H.handleMessage:1238 
03-27 20:14:18.587  2163  3084 I ActivityManager: START u0 {act=android.intent.action.MAIN cat=[android.intent.category.LAUNCHER] flg=0x10004000 pkg=com.siptv.mytv cmp=com.siptv.mytv/.MainLiveActivity (has extras)} from pid 3085
03-27 20:14:18.731  3085  3085 W ContextImpl: Calling a method in the system process without a qualified user: android.app.ContextImpl.sendBroadcast:1200 android.content.ContextWrapper.sendBroadcast:365 android.app.ActivityThread.performPauseActivity:3061 android.app.ActivityThread.performPauseActivity:3023 android.app.ActivityThread.handlePauseActivity:3001 
03-27 20:14:18.793  2163  3054 I ActivityManager: Start proc com.siptv.mytv for activity com.siptv.mytv/.MainLiveActivity: pid=3504 uid=1000 gids={41000, 1028, 1015, 3003, 3002, 3001}
03-27 20:14:19.539  3504  3530 W ActivityThread: ClassLoader.loadClass: The class loader returned by Thread.getContextClassLoader() may fail for processes that host multiple applications. You should explicitly specify a context class loader. For example: Thread.setContextClassLoader(getClass().getClassLoader());
03-27 20:14:19.931  3504  3504 W ContextImpl: Calling a method in the system process without a qualified user: android.app.ContextImpl.sendBroadcast:1200 android.content.ContextWrapper.sendBroadcast:365 android.app.ActivityThread.performResumeActivity:2785 android.app.ActivityThread.handleResumeActivity:2823 android.app.ActivityThread.handleLaunchActivity:2250 
03-27 20:14:20.267  3504  3504 E ActivityThread: Failed to find provider info for com.android.mysetting
03-27 20:16:17.266  2163  3055 I ActivityManager: START u0 {flg=0x40000 cmp=com.siptv.mytv/.VodListActivity} from pid 3504
03-27 20:16:17.273  3504  3504 W ContextImpl: Calling a method in the system process without a qualified user: android.app.ContextImpl.sendBroadcast:1200 android.content.ContextWrapper.sendBroadcast:365 android.app.ActivityThread.performPauseActivity:3061 android.app.ActivityThread.performPauseActivity:3023 android.app.ActivityThread.handlePauseActivity:3001 
03-27 20:16:17.632  3504  3504 W ContextImpl: Calling a method in the system process without a qualified user: android.app.ContextImpl.sendBroadcast:1200 android.content.ContextWrapper.sendBroadcast:365 android.app.ActivityThread.performResumeActivity:2785 android.app.ActivityThread.handleResumeActivity:2823 android.app.ActivityThread.handleLaunchActivity:2250 
03-27 20:17:29.285  3504  3504 W ContextImpl: Calling a method in the system process without a qualified user: android.app.ContextImpl.sendBroadcast:1200 android.content.ContextWrapper.sendBroadcast:365 android.app.ActivityThread.performPauseActivity:3061 android.app.ActivityThread.performPauseActivity:3023 android.app.ActivityThread.handlePauseActivity:3001 
03-27 20:17:29.319  3504  3504 W ContextImpl: Calling a method in the system process without a qualified user: android.app.ContextImpl.sendBroadcast:1200 android.content.ContextWrapper.sendBroadcast:365 android.app.ActivityThread.performResumeActivity:2785 android.app.ActivityThread.handleResumeActivity:2823 android.app.ActivityThread$H.handleMessage:1238 
03-27 20:17:29.347  3504  3504 E ActivityThread: Failed to find provider info for com.android.mysetting
03-27 20:17:40.254  2163  3076 I ActivityManager: START u0 {flg=0x40000 cmp=com.siptv.mytv/.ServerActivity} from pid 3504
03-27 20:17:40.287  3504  3504 W ContextImpl: Calling a method in the system process without a qualified user: android.app.ContextImpl.sendBroadcast:1200 android.content.ContextWrapper.sendBroadcast:365 android.app.ActivityThread.performPauseActivity:3061 android.app.ActivityThread.performPauseActivity:3023 android.app.ActivityThread.handlePauseActivity:3001 
03-27 20:17:40.463  3504  3504 W ContextImpl: Calling a method in the system process without a qualified user: android.app.ContextImpl.sendBroadcast:1200 android.content.ContextWrapper.sendBroadcast:365 android.app.ActivityThread.performResumeActivity:2785 android.app.ActivityThread.handleResumeActivity:2823 android.app.ActivityThread.handleLaunchActivity:2250 
03-27 20:19:18.874  2163  2200 W BatteryStatsImpl: Couldn't get kernel wake lock stats
03-27 20:20:00.036  2163  2194 I ProcessStatsService: Prepared write state in 11ms
03-27 20:20:54.886  2163  3076 I ActivityManager: Killing 1216:com.google.android.gms/u0a6 (adj 9): 11537k from cached
03-27 20:20:58.048  2163  2875 D ConnectivityService: handleInetConditionHoldEnd: net=1, condition=0, published condition=100
03-27 20:20:58.873  2163  2875 D ConnectivityService: handleInetConditionHoldEnd: net=1, condition=100, published condition=0
03-27 20:20:59.827  2163  2194 W ProcessCpuTracker: Skipping unknown process pid 5281
03-27 20:21:09.889  3504  3504 W ContextImpl: Calling a method in the system process without a qualified user: android.app.ContextImpl.sendBroadcast:1200 android.content.ContextWrapper.sendBroadcast:365 android.app.ActivityThread.performPauseActivity:3061 android.app.ActivityThread.performPauseActivity:3023 android.app.ActivityThread.handlePauseActivity:3001 
03-27 20:21:09.920  3504  3504 W ContextImpl: Calling a method in the system process without a qualified user: android.app.ContextImpl.sendBroadcast:1200 android.content.ContextWrapper.sendBroadcast:365 android.app.ActivityThread.performResumeActivity:2785 android.app.ActivityThread.handleResumeActivity:2823 android.app.ActivityThread$H.handleMessage:1238 
03-27 20:21:09.948  3504  3504 E ActivityThread: Failed to find provider info for com.android.mysetting
03-27 20:21:16.723  3504  3504 W ContextImpl: Calling a method in the system process without a qualified user: android.app.ContextImpl.sendBroadcast:1200 android.content.ContextWrapper.sendBroadcast:365 android.app.ActivityThread.performPauseActivity:3061 android.app.ActivityThread.performPauseActivity:3023 android.app.ActivityThread.handlePauseActivity:3001 
03-27 20:21:16.761  3085  3085 W ContextImpl: Calling a method in the system process without a qualified user: android.app.ContextImpl.sendBroadcast:1200 android.content.ContextWrapper.sendBroadcast:365 android.app.ActivityThread.performResumeActivity:2785 android.app.ActivityThread.handleResumeActivity:2823 android.app.ActivityThread$H.handleMessage:1238 
03-27 20:21:17.180  2163  2173 I ActivityManager: Process com.siptv.mytv (pid 3504) has died.
03-27 20:21:17.180  2163  2174 I WindowState: WIN DEATH: Window{2ce7b058 u0 com.siptv.mytv/com.siptv.mytv.MainLiveActivity}
03-27 20:21:17.180  2163  2174 W WindowManager: Force-removing child win Window{2cf00f68 u0 SurfaceView} from container Window{2ce7b058 u0 com.siptv.mytv/com.siptv.mytv.MainLiveActivity}
03-27 20:21:17.184  2163  2174 W WindowManager: Force-removing child win Window{2cf709f8 u0 SurfaceView} from container Window{2ce7b058 u0 com.siptv.mytv/com.siptv.mytv.MainLiveActivity}
03-27 20:21:17.187  2163  2174 W WindowManager: Force-removing child win Window{2cf85950 u0 SurfaceView} from container Window{2ce7b058 u0 com.siptv.mytv/com.siptv.mytv.MainLiveActivity}
03-27 20:21:17.191  2163  3076 I WindowState: WIN DEATH: Window{2d0aa670 u0 com.siptv.mytv}
03-27 20:21:17.193  2163  3054 W WindowManager: Failed looking up window
03-27 20:21:17.193  2163  3054 W WindowManager: java.lang.IllegalArgumentException: Requested window android.os.BinderProxy@2ce8cf48 does not exist
03-27 20:21:17.193  2163  3054 W WindowManager: 	at com.android.server.wm.WindowManagerService.windowForClientLocked(WindowManagerService.java:7966)
03-27 20:21:17.193  2163  3054 W WindowManager: 	at com.android.server.wm.WindowManagerService.windowForClientLocked(WindowManagerService.java:7957)
03-27 20:21:17.193  2163  3054 W WindowManager: 	at com.android.server.wm.WindowState$DeathRecipient.binderDied(WindowState.java:1047)
03-27 20:21:17.193  2163  3054 W WindowManager: 	at android.os.BinderProxy.sendDeathNotice(Binder.java:493)
03-27 20:21:17.193  2163  3054 W WindowManager: 	at dalvik.system.NativeStart.run(Native Method)
03-27 20:21:17.193  2163  3054 I WindowState: WIN DEATH: null
03-27 20:21:17.194  2163  3084 W WindowManager: Failed looking up window
03-27 20:21:17.194  2163  3084 W WindowManager: java.lang.IllegalArgumentException: Requested window android.os.BinderProxy@2ce7a6f8 does not exist
03-27 20:21:17.194  2163  3084 W WindowManager: 	at com.android.server.wm.WindowManagerService.windowForClientLocked(WindowManagerService.java:7966)
03-27 20:21:17.194  2163  3084 W WindowManager: 	at com.android.server.wm.WindowManagerService.windowForClientLocked(WindowManagerService.java:7957)
03-27 20:21:17.194  2163  3084 W WindowManager: 	at com.android.server.wm.WindowState$DeathRecipient.binderDied(WindowState.java:1047)
03-27 20:21:17.194  2163  3084 W WindowManager: 	at android.os.BinderProxy.sendDeathNotice(Binder.java:493)
03-27 20:21:17.194  2163  3084 W WindowManager: 	at dalvik.system.NativeStart.run(Native Method)
03-27 20:21:17.194  2163  3084 I WindowState: WIN DEATH: null
03-27 20:21:22.545  2163  3054 I ActivityManager: START u0 {flg=0x10008000 cmp=com.android.siptv.launcher/.settings.SettingsActivity} from pid 3085
03-27 20:21:22.691  3085  3085 W ContextImpl: Calling a method in the system process without a qualified user: android.app.ContextImpl.sendBroadcast:1200 android.content.ContextWrapper.sendBroadcast:365 android.app.ActivityThread.performPauseActivity:3061 android.app.ActivityThread.performPauseActivity:3023 android.app.ActivityThread.handlePauseActivity:3001 
03-27 20:21:22.790  3085  3085 W ContextImpl: Calling a method in the system process without a qualified user: android.app.ContextImpl.sendBroadcast:1200 android.content.ContextWrapper.sendBroadcast:365 android.app.ActivityThread.performResumeActivity:2785 android.app.ActivityThread.handleResumeActivity:2823 android.app.ActivityThread.handleLaunchActivity:2250 
03-27 20:21:24.265  2163  2272 I ActivityManager: START u0 {cmp=com.android.siptv.launcher/.install.settings.InstallWifiActivity (has extras)} from pid 3085
03-27 20:21:24.305  3085  3085 W ContextImpl: Calling a method in the system process without a qualified user: android.app.ContextImpl.sendBroadcast:1200 android.content.ContextWrapper.sendBroadcast:365 android.app.ActivityThread.performPauseActivity:3061 android.app.ActivityThread.performPauseActivity:3023 android.app.ActivityThread.handlePauseActivity:3001 
03-27 20:21:24.400  3085  3085 W ContextImpl: Calling a method in the system process without a qualified user: android.app.ContextImpl.sendBroadcast:1200 android.content.ContextWrapper.sendBroadcast:365 android.app.ActivityThread.performResumeActivity:2785 android.app.ActivityThread.handleResumeActivity:2823 android.app.ActivityThread.handleLaunchActivity:2250 
03-27 20:21:28.048  2163  2163 D WifiStateTracker: Do not change WIFI_P2P info!!!
03-27 20:21:28.048  2163  2875 D ConnectivityService: ConnectivityChange for WIFI: DISCONNECTED/DISCONNECTED
03-27 20:21:28.048  2163  2875 D ConnectivityService: tryFailover: set mActiveDefaultNetwork=-1, prevNetType=1
03-27 20:21:28.051  2163  2875 D ConnectivityService: Attempting to switch to mobile
03-27 20:21:28.052  2163  2875 W ContextImpl: Calling a method in the system process without a qualified user: android.app.ContextImpl.sendStickyBroadcast:1358 android.net.EthernetDataTracker.postNotification:695 android.net.EthernetDataTracker.reconnect:969 com.android.server.ConnectivityService.tryFailover:2175 com.android.server.ConnectivityService.handleDisconnect:2052 
03-27 20:21:28.053  2163  2875 D ConnectivityService: Attempting to switch to ETHERNET
03-27 20:21:28.053  2163  2875 D ConnectivityService: Attempting to switch to G3
03-27 20:21:28.054  2163  2875 D WifiStateTracker: do not disguise!
03-27 20:21:28.054  2163  2875 D WifiStateTracker: do not disguise!
03-27 20:21:28.054  2163  2875 E ConnectivityService: handle Disconnect delete dnses
03-27 20:21:28.054  2163  2875 E ConnectivityService: netType(1) dnses: [/192.168.1.1]
03-27 20:21:28.054  2163  2875 D WifiStateTracker: do not disguise!
03-27 20:21:28.054  2163  2875 E ConnectivityService: checkingnet.dns1 192.168.1.1
03-27 20:21:28.054  2163  2875 E ConnectivityService: checkingnet.dns2 
03-27 20:21:28.054  2163  2875 E ConnectivityService: deleteDnsLocked: last = 1
03-27 20:21:28.055  2163  2875 E ConnectivityService: no dns Remain!!
03-27 20:21:28.055  2163  2875 E ConnectivityService: mNumDnsEntries after delete: 0
03-27 20:21:28.056  2163  2875 D WifiStateTracker: do not disguise!
03-27 20:21:28.057  2163  2875 D ConnectivityService: curLp before coexist handle: {InterfaceName: wlan0 LinkAddresses: [192.168.1.100/24,fe80::be1c:81ff:fe29:9f2d/64,]  Routes: [192.168.1.0/24 -> 0.0.0.0,0.0.0.0/0 -> 192.168.1.1,] DnsAddresses: [192.168.1.1,] Domains: HomeMTU: 0HttpProxy: [192.168.1.102] 8888 xl= }
03-27 20:21:28.057  2163  2875 D ConnectivityService: newLp before coexist handle: null
03-27 20:21:28.057  2163  2875 D ConnectivityService: newLpPrefered before coexist handle: false
03-27 20:21:28.057  2163  2875 D ConnectivityService: Coexist!! hanleDisconnect!! Network(1) Disconnected!!
03-27 20:21:28.058  2163  2875 D ConnectivityService: curLp before updateRoutes: {InterfaceName: wlan0 LinkAddresses: [192.168.1.100/24,fe80::be1c:81ff:fe29:9f2d/64,]  Routes: [192.168.1.0/24 -> 0.0.0.0,0.0.0.0/0 -> 192.168.1.1,] DnsAddresses: [192.168.1.1,] Domains: HomeMTU: 0HttpProxy: [192.168.1.102] 8888 xl= }
03-27 20:21:28.058  2163  2875 D ConnectivityService: newLp before updateRoutes: null
03-27 20:21:28.058  2163  2875 D ConnectivityService: newLpPrefered before updateRoutes: false
03-27 20:21:28.059  2163  2875 D ConnectivityService: Coexist!! newLp is not Prefered!!
03-27 20:21:28.059  2163  2875 D ConnectivityService: ready to reset: wlan0
03-27 20:21:28.059  2163  2875 D ConnectivityService: resetConnections(wlan0, 3)
03-27 20:21:28.064  2163  2875 D Nat464Xlat: requiresClat: netType=1, hasIPv4Address=false
03-27 20:21:28.064  2163  2875 D WifiStateTracker: do not disguise!
03-27 20:21:28.066  2163  2871 D WifiStateTracker: do not disguise!
03-27 20:21:28.067  2163  2875 D ConnectivityService: handleInetConditionChange: no active default network - ignore
03-27 20:21:28.069  2163  2163 D WifiStateTracker: Do not change WIFI_P2P info!!!
03-27 20:21:28.087  2163  2870 D WifiStateTracker: do not disguise!
03-27 20:21:31.079  2163  2973 D ConnectivityService: setProvNotificationVisible: E visible=false networkType=1 extraInfo=null url=null
03-27 20:21:31.087  2163  2173 D WifiStateTracker: do not disguise!
03-27 20:21:31.089  2163  3074 D WifiStateTracker: do not disguise!
03-27 20:21:31.092  2163  2195 D WifiStateTracker: do not disguise!
03-27 20:21:31.121  2163  3147 I ActivityManager: Start proc com.google.android.gms for broadcast com.google.android.gms/com.google.android.libraries.social.autobackup.AutoBackupEnvironment$ConnectivityReceiver: pid=5390 uid=10006 gids={50006, 3003, 1007, 1028, 1015, 3002, 3001, 3007, 2001, 3006}
03-27 20:21:36.077  3085  3085 W ContextImpl: Calling a method in the system process without a qualified user: android.app.ContextImpl.sendBroadcast:1200 android.content.ContextWrapper.sendBroadcast:365 android.app.ActivityThread.performPauseActivity:3061 android.app.ActivityThread.performPauseActivity:3023 android.app.ActivityThread.handlePauseActivity:3001 
03-27 20:21:36.088  3085  3085 W ContextImpl: Calling a method in the system process without a qualified user: android.app.ContextImpl.sendBroadcast:1200 android.content.ContextWrapper.sendBroadcast:365 android.app.ActivityThread.performResumeActivity:2785 android.app.ActivityThread.handleResumeActivity:2823 android.app.ActivityThread$H.handleMessage:1238 
03-27 20:21:36.117  2163  2875 D ConnectivityService: handleInetConditionChange: no active default network - ignore
03-27 20:21:45.074  2163  3146 I ActivityManager: START u0 {act=android.intent.action.MAIN cat=[android.intent.category.LAUNCHER] flg=0x10000000 pkg=com.android.settings cmp=com.android.settings/.Settings} from pid 3085
03-27 20:21:45.216  3085  3085 W ContextImpl: Calling a method in the system process without a qualified user: android.app.ContextImpl.sendBroadcast:1200 android.content.ContextWrapper.sendBroadcast:365 android.app.ActivityThread.performPauseActivity:3061 android.app.ActivityThread.performPauseActivity:3023 android.app.ActivityThread.handlePauseActivity:3001 
03-27 20:21:45.283  3517  3517 W ContextImpl: Calling a method in the system process without a qualified user: android.app.ContextImpl.sendBroadcast:1200 android.content.ContextWrapper.sendBroadcast:365 android.app.ActivityThread.performResumeActivity:2785 android.app.ActivityThread.handleResumeActivity:2823 android.app.ActivityThread.handleLaunchActivity:2250 
03-27 20:21:45.358  2163  3055 D WifiService: setWifiEnabled: true pid=3517, uid=1000
03-27 20:21:47.988  2163  2272 I ActivityManager: START u0 {act=android.intent.action.MAIN cmp=com.android.settings/.SubSettings (has extras)} from pid 3517
03-27 20:21:47.995  3517  3517 W ContextImpl: Calling a method in the system process without a qualified user: android.app.ContextImpl.sendBroadcast:1200 android.content.ContextWrapper.sendBroadcast:365 android.app.ActivityThread.performPauseActivity:3061 android.app.ActivityThread.performPauseActivity:3023 android.app.ActivityThread.handlePauseActivity:3001 
03-27 20:21:48.079  3517  3517 W ContextImpl: Calling a method in the system process without a qualified user: android.app.ContextImpl.sendBroadcast:1200 android.content.ContextWrapper.sendBroadcast:365 android.app.ActivityThread.performResumeActivity:2785 android.app.ActivityThread.handleResumeActivity:2823 android.app.ActivityThread.handleLaunchActivity:2250 
03-27 20:21:51.612  2163  3055 W ContextImpl: Calling a method in the system process without a qualified user: android.app.ContextImpl.sendStickyBroadcast:1358 android.net.EthernetDataTracker.postNotification:695 android.net.EthernetDataTracker.reconnect:969 android.net.EthernetDataTracker.interfaceAdded:202 android.net.EthernetDataTracker.resetInterface:1185 
03-27 20:21:52.124  2163  2197 W ContextImpl: Calling a method in the system process without a qualified user: android.app.ContextImpl.sendStickyBroadcast:1358 android.net.EthernetDataTracker.postNotification:695 android.net.EthernetDataTracker.access$800:60 android.net.EthernetDataTracker$InterfaceObserver.interfaceLinkStateChanged:145 com.android.server.NetworkManagementService.notifyInterfaceLinkStateChanged:283 
03-27 20:21:52.126  2163  2197 W ContextImpl: Calling a method in the system process without a qualified user: android.app.ContextImpl.sendStickyBroadcast:1358 android.net.EthernetDataTracker.postNotification:695 android.net.EthernetDataTracker.access$800:60 android.net.EthernetDataTracker$InterfaceObserver.interfaceLinkStateChanged:149 com.android.server.NetworkManagementService.notifyInterfaceLinkStateChanged:283 
03-27 20:21:52.209  2163  2875 D ConnectivityService: handleInetConditionChange: no active default network - ignore
03-27 20:21:52.533  2163  2875 D ConnectivityService: ConnectivityChange for ETHERNET: CONNECTED/CONNECTED
03-27 20:21:52.533  2163  2875 D ConnectivityService: Coexist!! Do not teardown: ETHERNET
03-27 20:21:52.534  2163  5428 W ContextImpl: Calling a method in the system process without a qualified user: android.app.ContextImpl.sendStickyBroadcast:1358 android.net.EthernetDataTracker.postNotification:695 android.net.EthernetDataTracker.access$800:60 android.net.EthernetDataTracker$1.run:299 java.lang.Thread.run:841 
03-27 20:21:52.536  2163  2875 E ConnectivityService: Unexpected mtu value: android.net.EthernetDataTracker@2cda90c8
03-27 20:21:52.541  2163  2875 E ConnectivityService: updatedns, getDnsRemain: mNumDnsEntries = 0
03-27 20:21:52.542  2163  2875 E ConnectivityService: updateDnsLocked, dnses:[/192.168.1.1]
03-27 20:21:52.542  2163  2875 E ConnectivityService: wifidns:null g3dns:null ethdns:[/192.168.1.1]
03-27 20:21:52.542  2163  2875 E ConnectivityService: updateDns, adding net.dns1 192.168.1.1
03-27 20:21:52.545  2163  2875 D ConnectivityService: sending Proxy Broadcast for [] 0 xl=
03-27 20:21:52.545  2163  2875 D ConnectivityService: curLp before coexist handle: null
03-27 20:21:52.546  2163  2875 D ConnectivityService: newLp before coexist handle: {InterfaceName: eth0 LinkAddresses: [192.168.1.104/24,]  Routes: [192.168.1.0/24 -> 0.0.0.0,0.0.0.0/0 -> 192.168.1.1,] DnsAddresses: [192.168.1.1,] Domains: nullMTU: 0}
03-27 20:21:52.546  2163  2875 D ConnectivityService: newLpPrefered before coexist handle: false
03-27 20:21:52.546  2163  2875 D ConnectivityService: Coexist!! No Previous Available Network!! New newType(9) Connected!!
03-27 20:21:52.546  2163  2875 D ConnectivityService: curLp before updateRoutes: null
03-27 20:21:52.547  2163  2875 D ConnectivityService: newLp before updateRoutes: {InterfaceName: eth0 LinkAddresses: [192.168.1.104/24,]  Routes: [192.168.1.0/24 -> 0.0.0.0,0.0.0.0/0 -> 192.168.1.1,] DnsAddresses: [192.168.1.1,] Domains: nullMTU: 0}
03-27 20:21:52.547  2163  2875 D ConnectivityService: newLpPrefered before updateRoutes: true
03-27 20:21:52.547  2163  2875 D ConnectivityService: not adding 192.168.1.0/24 -> 0.0.0.0 into mAddedRoutes as it's already in use
03-27 20:21:52.550  2163  2875 D ConnectivityService: not adding 192.168.1.1/32 -> 0.0.0.0 into mAddedRoutes as it's already in use
03-27 20:21:52.552  2163  2875 D ConnectivityService: not adding 0.0.0.0/0 -> 192.168.1.1 into mAddedRoutes as it's already in use
03-27 20:21:52.554  2163  2875 D Nat464Xlat: requiresClat: netType=9, hasIPv4Address=true
03-27 20:21:52.555  2163  2875 D ConnectivityService: Coexist!! NewType(9) priority is higher than CurrentType(-1), update mActiveDefaultNetwork!
03-27 20:21:52.556  2163  2871 D WifiStateTracker: getNetworkInfo Wifi disguise to ethernet!
03-27 20:21:52.571  2163  2870 D WifiStateTracker: getNetworkInfo Wifi disguise to ethernet!
03-27 20:21:54.707  2163  2875 D ConnectivityService: Sampling interval elapsed, updating statistics ..
03-27 20:21:54.711  2163  2875 D ConnectivityService: Done.
03-27 20:21:54.712  2163  2875 D ConnectivityService: Setting timer for 720seconds
03-27 20:21:55.997  2163  2875 D ConnectivityService: handleInetConditionChange: net=1 != default=9 - ignore
03-27 20:21:56.006  2163  2875 D ConnectivityService: handleInetConditionChange: net=1 != default=9 - ignore
03-27 20:21:56.009  2163  2875 D ConnectivityService: handleInetConditionChange: net=1 != default=9 - ignore
03-27 20:21:56.086  2163  2875 D ConnectivityService: handleInetConditionChange: net=1 != default=9 - ignore
03-27 20:22:54.607  3517  3517 W ContextImpl: Calling a method in the system process without a qualified user: android.app.ContextImpl.sendBroadcast:1200 android.content.ContextWrapper.sendBroadcast:365 android.app.ActivityThread.performPauseActivity:3061 android.app.ActivityThread.performPauseActivity:3023 android.app.ActivityThread.handlePauseActivity:3001 
