03-28 01:44:45.107 19374 19456 F ----STALKER CPP----: m_portalver new [4.9.19]
03-28 01:44:45.240 19374 19374 E ActivityThread: Failed to find provider info for com.android.mysetting
03-28 01:44:45.246  2163 19571 W InputMethodManagerService: Got RemoteException sending setActive(false) notification to pid 13700 uid 1000
03-28 01:44:45.250  3000  3012 W Binder  : Caught a RuntimeException from the binder stub implementation.
03-28 01:44:45.250  3000  3012 W Binder  : java.lang.NullPointerException
03-28 01:44:45.250  3000  3012 W Binder  : 	at android.inputmethodservice.IInputMethodWrapper.setSessionEnabled(IInputMethodWrapper.java:280)
03-28 01:44:45.250  3000  3012 W Binder  : 	at com.android.internal.view.IInputMethod$Stub.onTransact(IInputMethod.java:129)
03-28 01:44:45.250  3000  3012 W Binder  : 	at android.os.Binder.execTransact(Binder.java:404)
03-28 01:44:45.250  3000  3012 W Binder  : 	at dalvik.system.NativeStart.run(Native Method)
03-28 01:44:45.301 19374 19374 V RenderScript: 0x4ceb89e0 Launching thread(s), CPUs 4
03-28 01:44:45.392 19374 19374 V MainLiveActivity: T_QUERY_OTT_Connect_Progress_Ack : 0
03-28 01:44:45.432  2163  2193 I ActivityManager: Displayed com.siptv.mytv/.MainLiveActivity: +5s753ms
03-28 01:44:45.834 19374 19374 V MainLiveActivity: handleMessage : 529
03-28 01:44:46.121 19374 19456 F ----STALKER CPP----: m_vodPath [/media/]
03-28 01:44:46.653 19374 19456 V IPTVCallbackListener: T_QUERY_OTT_Connect_Server_Ack Progress status : 105
03-28 01:44:47.930 19374 19456 V IPTVCallbackListener: T_QUERY_OTT_Connect_Server_Ack Progress status : 106
03-28 01:44:47.930 19374 19456 V IPTVCallbackListener: T_QUERY_OTT_Connect_Server_Ack Progress status : 107
03-28 01:44:48.123 19374 19456 F ----STALKER CPP----: clear token, no save
03-28 01:44:48.123 19374 19456 F ----STALKER CPP----: WatchDog Timeout - NULL (30) 
03-28 01:44:48.624 19374 19456 V IPTVCallbackListener: T_QUERY_OTT_Connect_Server_Ack Pass : 110
03-28 01:44:48.624 19374 19456 V IPTVCallbackListener: T_QUERY_OTT_Connect_Server_Ack OK : 0 30
03-28 01:44:48.624 19374 19374 V MainLiveActivity: T_QUERY_OTT_Connect_Server_Ack : 110 false
03-28 01:44:48.624 19374 19374 V MainLiveActivity: T_QUERY_OTT_Connect_Server_Ack : 0 false
03-28 01:44:48.626 19374 19374 V IPTVManager: REQ_getLiveGroupList : 0
03-28 01:44:50.623 19374 19386 V WatchDogTask: WatchDogTask http://sam.me:21000/c/
03-28 01:44:50.624 19374 19386 V IPTVManager: REQ_setWatchDogMsg : 0
03-28 01:44:50.624 19374 19457 F ----STALKER CPP----: skip setwdt
03-28 01:44:51.817 19374 19456 W ----STALKER CPP----: File Created - /system/reserved/db/0/neon.ddns.me:21000.glck(0)
03-28 01:44:51.839 19374 19456 E SQLiteLog: (1) statement aborts at 2: [commit transaction;] cannot commit - no transaction is active
03-28 01:44:52.034 19374 19456 V iptv    : getLiveGroupFromDB Start
03-28 01:44:52.049 19374 19456 V iptv    : getLiveGroupFromDB End : 0
03-28 01:44:52.050 19374 19374 V IPTVManager: REQ_getLiveChannelList : 0
03-28 01:44:52.696 19374 19374 V MainLiveActivity: T_QUERY_OTT_Connect_Progress_Ack : 1
03-28 01:44:52.790 19374 19374 V MainLiveActivity: T_QUERY_OTT_Connect_Progress_Ack : 2
03-28 01:44:52.956 19374 19374 V MainLiveActivity: T_QUERY_OTT_Connect_Progress_Ack : 3
03-28 01:44:53.048 19374 19374 V MainLiveActivity: T_QUERY_OTT_Connect_Progress_Ack : 4
03-28 01:44:53.139 19374 19374 V MainLiveActivity: T_QUERY_OTT_Connect_Progress_Ack : 5
03-28 01:44:53.231 19374 19374 V MainLiveActivity: T_QUERY_OTT_Connect_Progress_Ack : 6
03-28 01:44:53.319 19374 19374 V MainLiveActivity: T_QUERY_OTT_Connect_Progress_Ack : 7
03-28 01:44:53.429 19374 19374 V MainLiveActivity: T_QUERY_OTT_Connect_Progress_Ack : 8
03-28 01:44:53.533 19374 19374 V MainLiveActivity: T_QUERY_OTT_Connect_Progress_Ack : 9
03-28 01:44:53.618 19374 19374 V MainLiveActivity: T_QUERY_OTT_Connect_Progress_Ack : 10
03-28 01:44:53.704 19374 19374 V MainLiveActivity: T_QUERY_OTT_Connect_Progress_Ack : 11
03-28 01:44:53.785 19374 19374 V MainLiveActivity: T_QUERY_OTT_Connect_Progress_Ack : 12
03-28 01:44:53.866 19374 19374 V MainLiveActivity: T_QUERY_OTT_Connect_Progress_Ack : 13
03-28 01:44:53.943 19374 19374 V MainLiveActivity: T_QUERY_OTT_Connect_Progress_Ack : 14
03-28 01:44:53.945 19374 19456 F ----STALKER CPP----: GetLiveList(4399) length(360861)
03-28 01:44:53.993 19374 19456 F ----STALKER CPP----: GetLiveList(4478) tc(314) groupId_isNumber(1)
03-28 01:44:54.003 19374 19456 F ----STALKER CPP----: GetLiveList(4664) channel_tot_count(314)
03-28 01:44:54.003 19374 19456 F ----STALKER CPP----: GetLiveList(4668) valid tvch_cnt(314)
03-28 01:44:54.211 19374 19456 F ----STALKER CPP----: GetLiveList(4399) length(0)
03-28 01:44:54.211 19374 19456 F ----STALKER CPP----: GetLiveList : js root error
03-28 01:44:54.211 19374 19456 V TAG     : GetLiveURL : getLiveChannelFromDB 33281 0
03-28 01:44:54.212 19374 19374 V MainLiveActivity: Robin T_QUERY_OTT_Get_Live_ChannelList_Ack : errCode 57349 mLiveListLayout.getTvRadioType():0
03-28 01:44:54.212 19374 19374 D WDate   : setFormat format : dd-MM-yyyy
03-28 01:44:54.226 19374 19374 V IPTVManager: REQ_GetEPGRemindAll : 0
03-28 01:44:54.226 19374 19374 V IPTVManager: getReservedAll E
03-28 01:44:54.229 19374 19374 V MainLiveActivity: changeMode : 1281
03-28 01:44:54.229 19374 19374 V MainLiveActivity: changeMode : 1281
03-28 01:44:54.229 19374 19374 D WDate   : setFormat format : dd-MM-yyyy
03-28 01:44:54.292 19374 19374 V MainMenuLayout: resumeMainMenu isShown
03-28 01:44:54.411 19374 19456 V IPTVCallbackListener: T_QUERY_OTT_GET_EPG_RemindAll_Ack : 0
03-28 01:44:54.431 19374 19456 D dalvikvm: GC_FOR_ALLOC freed 1395K, 9% free 15790K/17292K, paused 19ms, total 19ms
03-28 01:44:54.439 19374 19456 I dalvikvm-heap: Grow heap (frag case) to 17.512MB for 2097168-byte allocation
03-28 01:44:54.455 19374 19382 D dalvikvm: GC_FOR_ALLOC freed 71K, 9% free 17767K/19344K, paused 16ms, total 16ms
03-28 01:44:54.458 19374 19456 V FileManager: FileNotFoundException : /mnt/ramdisk/epg_remind.json: open failed: ENOENT (No such file or directory)
03-28 01:44:55.902 19374 19374 V MainLiveActivity: handleMessage : 529
03-28 01:45:05.981 19374 19374 V MainLiveActivity: handleMessage : 529
03-28 01:45:16.060 19374 19374 V MainLiveActivity: handleMessage : 529
03-28 01:45:17.857 19374 19374 V MainLiveActivity: dispatchKeyEvent : 20  0 false 0
03-28 01:45:18.281 19374 19374 V MainLiveActivity: dispatchKeyEvent : 20  1 false 0
03-28 01:45:19.004  3000  3000 D LatinIME: [onKeyDown]::dpad_center========23
03-28 01:45:19.005 19374 19374 V MainLiveActivity: dispatchKeyEvent : 23  0 false 0
03-28 01:45:19.429 19374 19374 V MainLiveActivity: dispatchKeyEvent : 23  1 false 0
03-28 01:45:19.429 19365 19365 I DVBSTACK: [Reply] DVB_SYS_ChangeContext(1), size:12 (DvbService.cpp, 213)
03-28 01:45:20.624 19374 19386 V WatchDogTask: WatchDogTask http://sam.me:21000/c/
03-28 01:45:20.624 19374 19386 V IPTVManager: REQ_setWatchDogMsg : 0
03-28 01:45:20.625 19374 19457 F ----STALKER CPP----: skip setwdt
03-28 01:45:21.658  3000  3000 D LatinIME: [onKeyDown]::dpad_center========23
03-28 01:45:21.658 19374 19374 V MainLiveActivity: dispatchKeyEvent : 23  0 false 0
03-28 01:45:22.158  3000  3000 D LatinIME: [onKeyDown]::dpad_center========23
03-28 01:45:22.158 19374 19374 V MainLiveActivity: dispatchKeyEvent : 23  0 false 0
03-28 01:45:22.190 19374 19374 V MainLiveActivity: dispatchKeyEvent : 23  1 false 0
03-28 01:45:22.191 19365 19453 I DVBSTACK: [Reply] DVB_SYS_ChangeContext(1), size:12 (DvbService.cpp, 213)
03-28 01:45:22.709  3000  3000 D LatinIME: [onKeyDown]::dpad_center========23
03-28 01:45:22.709 19374 19374 V MainLiveActivity: dispatchKeyEvent : 23  0 false 0
03-28 01:45:23.209  3000  3000 D LatinIME: [onKeyDown]::dpad_center========23
03-28 01:45:23.209 19374 19374 V MainLiveActivity: dispatchKeyEvent : 23  0 false 0
03-28 01:45:23.242 19374 19374 V MainLiveActivity: dispatchKeyEvent : 23  1 false 0
03-28 01:45:23.242 19365 19365 I DVBSTACK: [Reply] DVB_SYS_ChangeContext(1), size:12 (DvbService.cpp, 213)
03-28 01:45:26.123 19374 19374 V MainLiveActivity: handleMessage : 529
03-28 01:45:36.196 19374 19374 V MainLiveActivity: handleMessage : 529
03-28 01:45:46.273 19374 19374 V MainLiveActivity: handleMessage : 529
03-28 01:45:50.624 19374 19386 V WatchDogTask: WatchDogTask http://sam.me:21000/c/
03-28 01:45:50.624 19374 19386 V IPTVManager: REQ_setWatchDogMsg : 0
03-28 01:45:56.342 19374 19374 V MainLiveActivity: handleMessage : 529
03-28 01:46:06.416 19374 19374 V MainLiveActivity: handleMessage : 529
03-28 01:46:16.492 19374 19374 V MainLiveActivity: handleMessage : 529
03-28 01:46:20.625 19374 19386 V WatchDogTask: WatchDogTask http://sam.me:21000/c/
03-28 01:46:20.625 19374 19386 V IPTVManager: REQ_setWatchDogMsg : 0
03-28 01:46:26.563 19374 19374 V MainLiveActivity: handleMessage : 529
03-28 01:46:27.777  2163  2873 D WifiStateMachine: handleMessage: E msg.what=131143
03-28 01:46:27.777  2163  2873 D WifiStateMachine: processMsg: DisconnectedState
03-28 01:46:27.777  2163  2873 D WifiStateMachine: processMsg: ConnectModeState
03-28 01:46:27.777  2163  2873 D WifiStateMachine: processMsg: DriverStartedState
03-28 01:46:27.780  2163  2873 D WifiHW  : wifi command = IFNAME=wlan0 SCAN
03-28 01:46:27.781  2163  2873 D WifiStateMachine: handleMessage: X
03-28 01:46:27.781  2163  2873 D WifiStateMachine: handleMessage: E msg.what=147462
03-28 01:46:27.781  2163  2873 D WifiStateMachine: processMsg: DisconnectedState
03-28 01:46:27.781  2163  2873 D WifiStateMachine: setDetailed state, old =DISCONNECTED and new state=SCANNING
03-28 01:46:27.781  2163  2873 D WifiStateMachine: processMsg: ConnectModeState
03-28 01:46:27.782  2163  2873 D WifiStateMachine: handleMessage: X
03-28 01:46:27.783  3085  3085 V Home    : WifiReceiver : android.net.wifi.supplicant.STATE_CHANGE
03-28 01:46:29.838  2163  2873 D WifiStateMachine: handleMessage: E msg.what=147461
03-28 01:46:29.838  2163  2873 D WifiStateMachine: processMsg: DisconnectedState
03-28 01:46:29.838  2163  2873 D WifiStateMachine: processMsg: ConnectModeState
03-28 01:46:29.838  2163  2873 D WifiStateMachine: processMsg: DriverStartedState
03-28 01:46:29.838  2163  2873 D WifiStateMachine: processMsg: SupplicantStartedState
03-28 01:46:29.838  2163  2873 D WifiHW  : wifi command = IFNAME=wlan0 BSS RANGE=0- MASK=0x21987
03-28 01:46:29.840  2163  2197 D EthernetDataTracker: Interface wlan0 link down
03-28 01:46:29.840  2163  2197 D G3StateTracker: 3g interfaceLinkStateChanged wlan0 link down
03-28 01:46:29.843  2163  2873 D WifiStateMachine: handleMessage: X
03-28 01:46:29.843  2163  2873 D WifiStateMachine: handleMessage: E msg.what=147462
03-28 01:46:29.843  2163  2873 D WifiStateMachine: processMsg: DisconnectedState
03-28 01:46:29.843  2163  2873 D WifiStateMachine: setDetailed state, old =SCANNING and new state=DISCONNECTED
03-28 01:46:29.843  2163  2873 D WifiStateMachine: processMsg: ConnectModeState
03-28 01:46:29.843  2163  2873 D WifiStateMachine: handleMessage: X
03-28 01:46:29.844  3085  3085 V Home    : WifiReceiver : android.net.wifi.SCAN_RESULTS
03-28 01:46:29.846  3085  3085 V Home    : WifiReceiver : android.net.wifi.supplicant.STATE_CHANGE
03-28 01:46:36.636 19374 19374 V MainLiveActivity: handleMessage : 529
03-28 01:46:46.713 19374 19374 V MainLiveActivity: handleMessage : 529
03-28 01:46:50.625 19374 19386 V WatchDogTask: WatchDogTask http://sam.me:21000/c/
03-28 01:46:50.625 19374 19386 V IPTVManager: REQ_setWatchDogMsg : 0
03-28 01:46:56.789 19374 19374 V MainLiveActivity: handleMessage : 529
03-28 01:47:06.865 19374 19374 V MainLiveActivity: handleMessage : 529
03-28 01:47:07.809  1456  1606 I AOService: hdmi_observer  add@/devices/platform/hiusb-ehci.0/usb1/1-1
03-28 01:47:07.810  1456  1606 I AOService: hdmi_observer  add@/devices/platform/hiusb-ehci.0/usb1/1-1/1-1:1.0
03-28 01:47:07.818  1456  1606 I AOService: hdmi_observer  add@/devices/platform/hiusb-ehci.0/usb1/1-1/1-1:1.0/host1
03-28 01:47:07.819  1456  1606 I AOService: hdmi_observer  add@/devices/platform/hiusb-ehci.0/usb1/1-1/1-1:1.0/host1/scsi_host/host1
03-28 01:47:07.824  2163  2981 W ContextImpl: Calling a method in the system process without a qualified user: android.app.ContextImpl.sendBroadcast:1200 com.android.server.usb.UsbSettingsManager.deviceAttached:621 com.android.server.usb.UsbHostManager.usbDeviceAdded:156 com.android.server.usb.UsbHostManager.monitorUsbHostBus:-2 com.android.server.usb.UsbHostManager.access$000:38 
03-28 01:47:08.829  1456  1606 I AOService: hdmi_observer  add@/devices/platform/hiusb-ehci.0/usb1/1-1/1-1:1.0/host1/target1:0:0
03-28 01:47:08.830  1456  1606 I AOService: hdmi_observer  add@/devices/platform/hiusb-ehci.0/usb1/1-1/1-1:1.0/host1/target1:0:0/1:0:0:0
03-28 01:47:08.830  1456  1606 I AOService: hdmi_observer  add@/devices/platform/hiusb-ehci.0/usb1/1-1/1-1:1.0/host1/target1:0:0/1:0:0:0/scsi_disk/1:0:0:0
03-28 01:47:08.831  1456  1606 I AOService: hdmi_observer  add@/devices/platform/hiusb-ehci.0/usb1/1-1/1-1:1.0/host1/target1:0:0/1:0:0:0/scsi_device/1:0:0:0
03-28 01:47:08.831  1456  1606 I AOService: hdmi_observer  add@/devices/platform/hiusb-ehci.0/usb1/1-1/1-1:1.0/host1/target1:0:0/1:0:0:0/bsg/1:0:0:0
03-28 01:47:10.283  1456  1606 I AOService: hdmi_observer  add@/devices/virtual/bdi/8:0
03-28 01:47:10.298  1456  1606 I AOService: hdmi_observer  add@/devices/platform/hiusb-ehci.0/usb1/1-1/1-1:1.0/host1/target1:0:0/1:0:0:0/block/sda
03-28 01:47:10.298  1446  1520 D NetlinkEvent: NL param 'DEVPATH=/devices/platform/hiusb-ehci.0/usb1/1-1/1-1:1.0/host1/target1:0:0/1:0:0:0/block/sda'
03-28 01:47:10.298  1446  1520 D NetlinkEvent: NL param 'MAJOR=8'
03-28 01:47:10.298  1446  1520 D NetlinkEvent: NL param 'MINOR=0'
03-28 01:47:10.298  1446  1520 D NetlinkEvent: NL param 'DEVNAME=sda'
03-28 01:47:10.298  1446  1520 D NetlinkEvent: NL param 'DEVTYPE=disk'
03-28 01:47:10.298  1446  1520 D NetlinkEvent: NL param 'NPARTS=1'
03-28 01:47:10.298  1446  1520 D Vold    : [-vold_debug-270] :vm handleBlockEvent
03-28 01:47:10.298  1446  1520 D DirVolume: [-vold_debug-75] :handleBlockEvent begin
03-28 01:47:10.298  1446  1520 D NetlinkEvent: NL param 'DEVPATH=/devices/platform/hiusb-ehci.0/usb1/1-1/1-1:1.0/host1/target1:0:0/1:0:0:0/block/sda'
03-28 01:47:10.298  1446  1520 D NetlinkEvent: NL param 'MAJOR=8'
03-28 01:47:10.298  1446  1520 D NetlinkEvent: NL param 'MINOR=0'
03-28 01:47:10.298  1446  1520 D NetlinkEvent: NL param 'DEVNAME=sda'
03-28 01:47:10.298  1446  1520 D NetlinkEvent: NL param 'DEVTYPE=disk'
03-28 01:47:10.298  1446  1520 D NetlinkEvent: NL param 'NPARTS=1'
03-28 01:47:10.299  1456  1606 I AOService: hdmi_observer  add@/devices/platform/hiusb-ehci.0/usb1/1-1/1-1:1.0/host1/target1:0:0/1:0:0:0/block/sda/sda1
03-28 01:47:10.299  1446  1520 D DirVolume: [-vold_debug-75] :handleBlockEvent begin
03-28 01:47:10.299  1446  1520 D NetlinkEvent: NL param 'DEVPATH=/devices/platform/hiusb-ehci.0/usb1/1-1/1-1:1.0/host1/target1:0:0/1:0:0:0/block/sda/sda1'
03-28 01:47:10.299  1446  1520 D NetlinkEvent: NL param 'MAJOR=8'
03-28 01:47:10.299  1446  1520 D NetlinkEvent: NL param 'MINOR=1'
03-28 01:47:10.299  1446  1520 D NetlinkEvent: NL param 'DEVNAME=sda1'
03-28 01:47:10.299  1446  1520 D NetlinkEvent: NL param 'DEVTYPE=partition'
03-28 01:47:10.299  1446  1520 D NetlinkEvent: NL param 'PARTN=1'
03-28 01:47:10.299  1446  1520 D Vold    : [-vold_debug-270] :vm handleBlockEvent
03-28 01:47:10.299  1446  1520 D DirVolume: [-vold_debug-75] :handleBlockEvent begin
03-28 01:47:10.299  1446  1520 D NetlinkEvent: NL param 'DEVPATH=/devices/platform/hiusb-ehci.0/usb1/1-1/1-1:1.0/host1/target1:0:0/1:0:0:0/block/sda/sda1'
03-28 01:47:10.299  1446  1520 D NetlinkEvent: NL param 'MAJOR=8'
03-28 01:47:10.299  1446  1520 D NetlinkEvent: NL param 'MINOR=1'
03-28 01:47:10.299  1446  1520 D NetlinkEvent: NL param 'DEVNAME=sda1'
03-28 01:47:10.299  1446  1520 D NetlinkEvent: NL param 'DEVTYPE=partition'
03-28 01:47:10.299  1446  1520 D NetlinkEvent: NL param 'PARTN=1'
03-28 01:47:10.299  1446  1520 D DirVolume: [-vold_debug-220] :the MINOR is 1
03-28 01:47:10.299  1446  1520 D DirVolume: [-vold_debug-269] :DirVolume : handlePartitionAdded, mountpoint /mnt/usb_1/sda/sda1, label sda1, major 8, minor 1, devpath /devices/platform/hiusb-ehci.0/usb1/1-1/1-1:1.0/host1/target1:0:0/1:0:0:0/block/sda/sda1
03-28 01:47:10.299  1446  1520 D Vold    : [-vold_debug-350] :Volume sda1 state changing -1 (Initializing) -> 0 (No-Media)
03-28 01:47:10.299  1446  1520 D DirVolume: [-vold_debug-75] :handleBlockEvent begin
03-28 01:47:10.299  1446  1520 D Vold    : [-vold_debug-135] :handlePartitionAdded. mPartMajor = 8, mPartMinor = 1, major = 8, minor = 1
03-28 01:47:10.301  2163  2197 I MountService: onEvent:: raw= 605 Volume sda1 /mnt/usb_1/sda/sda1 state changed from -1 (Initializing) to 0 (No-Media) cooked =  605 Volume sda1 /mnt/usb_1/sda/sda1 state changed from -1 (Initializing) to 0 (No-Media)
03-28 01:47:10.301  2163  2197 W MountService: getVolumeState(/mnt/usb_1/sda/sda1): Unknown volume
03-28 01:47:10.301  2163  2197 I MountService: notifyVolumeStateChange::removed
03-28 01:47:10.502  1446  1520 D Vold    : [-vold_debug-350] :Volume sda1 state changing 0 (No-Media) -> 1 (Idle-Unmounted)
03-28 01:47:10.504  2163  2197 I MountService: onEvent:: raw= 605 Volume sda1 /mnt/usb_1/sda/sda1 state changed from 0 (No-Media) to 1 (Idle-Unmounted) cooked =  605 Volume sda1 /mnt/usb_1/sda/sda1 state changed from 0 (No-Media) to 1 (Idle-Unmounted)
03-28 01:47:10.504  2163  2197 W MountService: getVolumeState(/mnt/usb_1/sda/sda1): Unknown volume
03-28 01:47:10.504  2163  2197 I MountService: notifyVolumeStateChange::removed
03-28 01:47:12.502  1446  1520 D Vold    : [-vold_debug-1218] :getUUIDInternal   start check
03-28 01:47:12.526  1446  1520 D Vold    : the UUID is D092-D5E4
03-28 01:47:12.527  1446  1520 D Vold    : [-vold_debug-1248] :getUUIDInternal  end
03-28 01:47:12.527  1446  1520 D Vold    : [-vold_debug-282] :Device '/devices/platform/hiusb-ehci.0/usb1/1-1/1-1:1.0/host1/target1:0:0/1:0:0:0/block/sda/sda1' event handled by volume sda1
03-28 01:47:12.528  2163  2197 I MountService: onEvent:: raw= 630 Volume sda1 /mnt/usb_1/sda/sda1 disk inserted (8:1) cooked =  630 Volume sda1 /mnt/usb_1/sda/sda1 disk inserted (8:1)
03-28 01:47:12.529  2163 20072 I MountService: doMountVolume: Mouting /mnt/usb_1/sda/sda1
03-28 01:47:12.529  2163 20072 D MountService: use the mConnectorSpec[0]
03-28 01:47:12.530  1446  1512 D Vold    : vold : mountVolume v->getMountpoint() = /mnt/usb_1/sda/sda1
03-28 01:47:12.531  1446  1512 D Vold    : [-vold_debug-350] :Volume sda1 state changing 1 (Idle-Unmounted) -> 3 (Checking)
03-28 01:47:12.531  1446  1512 E Vold    : this type=0
03-28 01:47:12.531  1446  1512 D Vold    : [-vold_debug-689] :getMountpoint=(/mnt/usb_1/sda/sda1),ubiName=((null))
03-28 01:47:12.533  2163  2197 I MountService: onEvent:: raw= 605 Volume sda1 /mnt/usb_1/sda/sda1 state changed from 1 (Idle-Unmounted) to 3 (Checking) cooked =  605 Volume sda1 /mnt/usb_1/sda/sda1 state changed from 1 (Idle-Unmounted) to 3 (Checking)
03-28 01:47:12.533  2163  2197 W MountService: getVolumeState(/mnt/usb_1/sda/sda1): Unknown volume
03-28 01:47:12.533  2163  2197 I MountService: notifyVolumeStateChange::removed
03-28 01:47:12.533  2163  2197 I MountService: updating volume state checking
03-28 01:47:12.533  2163  2197 D MountService: volume state changed for /mnt/usb_1/sda/sda1 (null -> checking)
03-28 01:47:12.534  2163  2197 E VoldConnector: Error handling '605 Volume sda1 /mnt/usb_1/sda/sda1 state changed from 1 (Idle-Unmounted) to 3 (Checking)': java.lang.NullPointerException
03-28 01:47:12.558  1446  1512 D Vold    : [-vold_debug-345] :msg=Volume sda1 /mnt/usb_1/sda/sda1 state changed from 3 (Checking) to 4 (Mounted) UUID=D092-D5E4 DevType=USB2.0 2049 D
03-28 01:47:12.561  2163  2197 I MountService: onEvent:: raw= 605 Volume sda1 /mnt/usb_1/sda/sda1 state changed from 3 (Checking) to 4 (Mounted) UUID=D092-D5E4 DevType=USB2.0 2049 D cooked =  605 Volume sda1 /mnt/usb_1/sda/sda1 state changed from 3 (Checking) to 4 (Mounted) UUID=D092-D5E4 DevType=USB2.0 2049 D
03-28 01:47:12.561  2163  2197 D MountService: onEvent : exInfo.mUUID=[D092-D5E4] exInfo.mDevType=[USB2.0] exInfo.mDevNode=[2049]exInfo.mDiskLabel = [D]
03-28 01:47:12.563  2163  2197 E MountService: getDefaultPathFromXml  = null
03-28 01:47:12.563  2163  2197 E MountService: -->Enter isDefaultVolume , output = null
03-28 01:47:12.563  2163  2197 I MountService: notifyVolumeStateChange::checking
03-28 01:47:12.563  2163  2197 I MountService: updating volume state mounted
03-28 01:47:12.563  2163  2197 D MountService: volume state changed for /mnt/usb_1/sda/sda1 (checking -> mounted)
03-28 01:47:12.563  2163 20072 E MountService: getDefaultPathFromXml  = null
03-28 01:47:12.564  2163  2197 D MountService: sendStorageIntent Intent { act=android.intent.action.MEDIA_MOUNTED dat=file:///mnt/usb_1/sda/sda1 (has extras) } to UserHandle{-1}
03-28 01:47:12.567  3085  3085 I StorageStatusReceiver: Intent Action android.intent.action.MEDIA_MOUNTED
03-28 01:47:12.567  3085  3085 D StorageStatusReceiver: /proc/mount
03-28 01:47:12.568  3085  3085 D StorageStatusReceiver: rootfs / rootfs ro,relatime 0 0
03-28 01:47:12.568  3085  3085 V StorageStatusReceiver: getDevType : rootfs / rootfs ro,relatime 0 0
03-28 01:47:12.569  3085  3085 D StorageStatusReceiver: tmpfs /dev tmpfs rw,nosuid,relatime,size=507796k,nr_inodes=126949,mode=755 0 0
03-28 01:47:12.569  3085  3085 V StorageStatusReceiver: getDevType : tmpfs /dev tmpfs rw,nosuid,relatime,size=507796k,nr_inodes=126949,mode=755 0 0
03-28 01:47:12.569  3030  3030 D MediaService: receive mount event
03-28 01:47:12.569  3085  3085 D StorageStatusReceiver: devpts /dev/pts devpts rw,relatime,mode=600 0 0
03-28 01:47:12.569  3085  3085 V StorageStatusReceiver: getDevType : devpts /dev/pts devpts rw,relatime,mode=600 0 0
03-28 01:47:12.570 19374 19374 I StorageStatusReceiver: Intent Action android.intent.action.MEDIA_MOUNTED
03-28 01:47:12.571  3085  3085 D StorageStatusReceiver: adb /dev/usb-ffs/adb functionfs rw,relatime 0 0
03-28 01:47:12.571  3085  3085 V StorageStatusReceiver: getDevType : adb /dev/usb-ffs/adb functionfs rw,relatime 0 0
03-28 01:47:12.572  3085  3085 D StorageStatusReceiver: proc /proc proc rw,relatime 0 0
03-28 01:47:12.572  3085  3085 V StorageStatusReceiver: getDevType : proc /proc proc rw,relatime 0 0
03-28 01:47:12.573  3085  3085 D StorageStatusReceiver: sysfs /sys sysfs rw,relatime 0 0
03-28 01:47:12.573  3085  3085 V StorageStatusReceiver: getDevType : sysfs /sys sysfs rw,relatime 0 0
03-28 01:47:12.573  3085  3085 D StorageStatusReceiver: tmpfs /mnt tmpfs rw,relatime,size=507796k,nr_inodes=126949,mode=775,gid=1000 0 0
03-28 01:47:12.573  3085  3085 V StorageStatusReceiver: getDevType : tmpfs /mnt tmpfs rw,relatime,size=507796k,nr_inodes=126949,mode=775,gid=1000 0 0
03-28 01:47:12.575  3085  3085 D StorageStatusReceiver: tmpfs /mnt/secure tmpfs rw,relatime,size=507796k,nr_inodes=126949,mode=700 0 0
03-28 01:47:12.575  3085  3085 V StorageStatusReceiver: getDevType : tmpfs /mnt/secure tmpfs rw,relatime,size=507796k,nr_inodes=126949,mode=700 0 0
03-28 01:47:12.575  3085  3085 D StorageStatusReceiver: tmpfs /mnt/asec tmpfs rw,relatime,size=507796k,nr_inodes=126949,mode=755,gid=1000 0 0
03-28 01:47:12.576  3085  3085 V StorageStatusReceiver: getDevType : tmpfs /mnt/asec tmpfs rw,relatime,size=507796k,nr_inodes=126949,mode=755,gid=1000 0 0
03-28 01:47:12.577 18972 18972 D ExternalStorage: After updating volumes, found 0 active roots
03-28 01:47:12.578  3085  3085 D StorageStatusReceiver: tmpfs /mnt/obb tmpfs rw,relatime,size=507796k,nr_inodes=126949,mode=755,gid=1000 0 0
03-28 01:47:12.578  3085  3085 V StorageStatusReceiver: getDevType : tmpfs /mnt/obb tmpfs rw,relatime,size=507796k,nr_inodes=126949,mode=755,gid=1000 0 0
03-28 01:47:12.579  3085  3085 D StorageStatusReceiver: /data/media /mnt/sdcard sdcardfs rw,nosuid,nodev,relatime,uid=1023,gid=1028,derive=legacy,reserved=100MB 0 0
03-28 01:47:12.579  3085  3085 V StorageStatusReceiver: getDevType : /data/media /mnt/sdcard sdcardfs rw,nosuid,nodev,relatime,uid=1023,gid=1028,derive=legacy,reserved=100MB 0 0
03-28 01:47:12.579  3085  3085 D StorageStatusReceiver: tmpfs /tmp tmpfs rw,relatime,size=507796k,nr_inodes=126949,mode=775 0 0
03-28 01:47:12.579  3085  3085 V StorageStatusReceiver: getDevType : tmpfs /tmp tmpfs rw,relatime,size=507796k,nr_inodes=126949,mode=775 0 0
03-28 01:47:12.580  3085  3085 D StorageStatusReceiver: /dev/block/platform/hi_mci.1/by-name/system /system ext4 ro,nosuid,nodev,relatime,data=ordered 0 0
03-28 01:47:12.580  3085  3085 V StorageStatusReceiver: getDevType : /dev/block/platform/hi_mci.1/by-name/system /system ext4 ro,nosuid,nodev,relatime,data=ordered 0 0
03-28 01:47:12.582  3085  3085 D StorageStatusReceiver: /dev/block/platform/hi_mci.1/by-name/reserved /system/reserved ext4 rw,nosuid,nodev,relatime,data=ordered 0 0
03-28 01:47:12.582  3085  3085 V StorageStatusReceiver: getDevType : /dev/block/platform/hi_mci.1/by-name/reserved /system/reserved ext4 rw,nosuid,nodev,relatime,data=ordered 0 0
03-28 01:47:12.583  3085  3085 D StorageStatusReceiver: /dev/block/platform/hi_mci.1/by-name/userdata /data ext4 rw,nosuid,nodev,relatime,data=ordered 0 0
03-28 01:47:12.583  3085  3085 V StorageStatusReceiver: getDevType : /dev/block/platform/hi_mci.1/by-name/userdata /data ext4 rw,nosuid,nodev,relatime,data=ordered 0 0
03-28 01:47:12.584  3085  3085 D StorageStatusReceiver: /dev/block/platform/hi_mci.1/by-name/cache /cache ext4 rw,nosuid,nodev,relatime,data=ordered 0 0
03-28 01:47:12.584  3085  3085 V StorageStatusReceiver: getDevType : /dev/block/platform/hi_mci.1/by-name/cache /cache ext4 rw,nosuid,nodev,relatime,data=ordered 0 0
03-28 01:47:12.584  3085  3085 D StorageStatusReceiver: /data/media /storage/emulated sdcardfs rw,nosuid,nodev,relatime,uid=1023,gid=1028,derive=legacy,reserved=100MB 0 0
03-28 01:47:12.584  3085  3085 V StorageStatusReceiver: getDevType : /data/media /storage/emulated sdcardfs rw,nosuid,nodev,relatime,uid=1023,gid=1028,derive=legacy,reserved=100MB 0 0
03-28 01:47:12.586  3085  3085 D StorageStatusReceiver: /dev/block/vold/8:1 /mnt/usb_1/sda/sda1 vfat rw,dirsync,nosuid,nodev,relatime,uid=1000,gid=1015,fmask=0000,dmask=0000,allow_utime=0022,codepage=437,iocharset=iso8859-1,shortname=mixed,utf8,errors=remount-ro 0 0
03-28 01:47:12.586  3085  3085 V StorageStatusReceiver: getDevType : /dev/block/vold/8:1 /mnt/usb_1/sda/sda1 vfat rw,dirsync,nosuid,nodev,relatime,uid=1000,gid=1015,fmask=0000,dmask=0000,allow_utime=0022,codepage=437,iocharset=iso8859-1,shortname=mixed,utf8,errors=remount-ro 0 0
03-28 01:47:12.587  3085  3085 D StorageStatusReceiver: -----------dev_type= USB
03-28 01:47:12.587  3085  3085 D StorageStatusReceiver: -----------mount_path= /mnt/usb_1/sda/sda1
03-28 01:47:12.587  3085  3085 D StorageStatusReceiver: -----------fs_type= VFAT
03-28 01:47:12.587  3085  3085 D StorageStatusReceiver: -----------io_mode= RW
03-28 01:47:12.587  3085  3085 D StorageStatusReceiver: -----------usbPort= UNKNOWN
03-28 01:47:12.588  3085  3085 V Home    : onStorageChange
03-28 01:47:12.588  3085  3085 V IPTVAppManager: setStorageDetect : /mnt/usb_1/sda/sda1
03-28 01:47:12.593  3085  3085 E DvbApi  : native_invoke : -32
03-28 01:47:12.594  3085  3085 D AndroidRuntime: Shutting down VM
03-28 01:47:12.594  3085  3085 W dalvikvm: threadid=1: thread exiting with uncaught exception (group=0x2c887ba8)
03-28 01:47:12.605  3085  3085 E AndroidRuntime: FATAL EXCEPTION: main
03-28 01:47:12.605  3085  3085 E AndroidRuntime: Process: com.android.siptv.launcher, PID: 3085
03-28 01:47:12.605  3085  3085 E AndroidRuntime: java.lang.RuntimeException: Error receiving broadcast Intent { act=android.intent.action.MEDIA_MOUNTED dat=file:///mnt/usb_1/sda/sda1 flg=0x10 (has extras) } in com.android.siptv.launcher.receiver.StorageStatusReceiver@2cf9dcd0
03-28 01:47:12.605  3085  3085 E AndroidRuntime: 	at android.app.LoadedApk$ReceiverDispatcher$Args.run(LoadedApk.java:778)
03-28 01:47:12.605  3085  3085 E AndroidRuntime: 	at android.os.Handler.handleCallback(Handler.java:733)
03-28 01:47:12.605  3085  3085 E AndroidRuntime: 	at android.os.Handler.dispatchMessage(Handler.java:95)
03-28 01:47:12.605  3085  3085 E AndroidRuntime: 	at android.os.Looper.loop(Looper.java:136)
03-28 01:47:12.605  3085  3085 E AndroidRuntime: 	at android.app.ActivityThread.main(ActivityThread.java:5030)
03-28 01:47:12.605  3085  3085 E AndroidRuntime: 	at java.lang.reflect.Method.invokeNative(Native Method)
03-28 01:47:12.605  3085  3085 E AndroidRuntime: 	at java.lang.reflect.Method.invoke(Method.java:515)
03-28 01:47:12.605  3085  3085 E AndroidRuntime: 	at com.android.internal.os.ZygoteInit$MethodAndArgsCaller.run(ZygoteInit.java:785)
03-28 01:47:12.605  3085  3085 E AndroidRuntime: 	at com.android.internal.os.ZygoteInit.main(ZygoteInit.java:601)
03-28 01:47:12.605  3085  3085 E AndroidRuntime: 	at dalvik.system.NativeStart.main(Native Method)
03-28 01:47:12.605  3085  3085 E AndroidRuntime: Caused by: java.lang.RuntimeException: failure code: -32
03-28 01:47:12.605  3085  3085 E AndroidRuntime: 	at android.dvb.DvbApi.invoke(DvbApi.java:320)
03-28 01:47:12.605  3085  3085 E AndroidRuntime: 	at android.dvb.DvbApi.appStorageDetect(DvbApi.java:2445)
03-28 01:47:12.605  3085  3085 E AndroidRuntime: 	at com.android.siptv.launcher.util.IPTVAppManager.setStorageDetect(Unknown Source)
03-28 01:47:12.605  3085  3085 E AndroidRuntime: 	at com.android.siptv.launcher.Home.setRecordPath(Unknown Source)
03-28 01:47:12.605  3085  3085 E AndroidRuntime: 	at com.android.siptv.launcher.Home.onStorageChange(Unknown Source)
03-28 01:47:12.605  3085  3085 E AndroidRuntime: 	at com.android.siptv.launcher.receiver.StorageStatusReceiver.onReceive(Unknown Source)
03-28 01:47:12.605  3085  3085 E AndroidRuntime: 	at android.app.LoadedApk$ReceiverDispatcher$Args.run(LoadedApk.java:768)
03-28 01:47:12.605  3085  3085 E AndroidRuntime: 	... 9 more
03-28 01:47:12.608  2163  3074 W ActivityManager:   Force finishing activity com.android.siptv.launcher/.Home
03-28 01:47:12.610  3085  3085 I Process : Sending signal. PID: 3085 SIG: 9
03-28 01:47:12.628  2163  3147 I ActivityManager: Process com.android.siptv.launcher (pid 3085) has died.
03-28 01:47:12.629  2163  2174 I WindowState: WIN DEATH: Window{2cdc8b88 u0 com.android.siptv.launcher/com.android.siptv.launcher.Home}
03-28 01:47:12.670 19374 19374 D StorageStatusReceiver: /proc/mount
03-28 01:47:12.671 19374 19374 D StorageStatusReceiver: rootfs / rootfs ro,relatime 0 0
03-28 01:47:12.672 19374 19374 D StorageStatusReceiver: tmpfs /dev tmpfs rw,nosuid,relatime,size=507796k,nr_inodes=126949,mode=755 0 0
03-28 01:47:12.672 19374 19374 D StorageStatusReceiver: devpts /dev/pts devpts rw,relatime,mode=600 0 0
03-28 01:47:12.672 19374 19374 D StorageStatusReceiver: adb /dev/usb-ffs/adb functionfs rw,relatime 0 0
03-28 01:47:12.673 19374 19374 D StorageStatusReceiver: proc /proc proc rw,relatime 0 0
03-28 01:47:12.673 19374 19374 D StorageStatusReceiver: sysfs /sys sysfs rw,relatime 0 0
03-28 01:47:12.673 19374 19374 D StorageStatusReceiver: tmpfs /mnt tmpfs rw,relatime,size=507796k,nr_inodes=126949,mode=775,gid=1000 0 0
03-28 01:47:12.674 19374 19374 D StorageStatusReceiver: tmpfs /mnt/secure tmpfs rw,relatime,size=507796k,nr_inodes=126949,mode=700 0 0
03-28 01:47:12.674 19374 19374 D StorageStatusReceiver: tmpfs /mnt/asec tmpfs rw,relatime,size=507796k,nr_inodes=126949,mode=755,gid=1000 0 0
03-28 01:47:12.674 19374 19374 D StorageStatusReceiver: tmpfs /mnt/obb tmpfs rw,relatime,size=507796k,nr_inodes=126949,mode=755,gid=1000 0 0
03-28 01:47:12.675 19374 19374 D StorageStatusReceiver: /data/media /mnt/sdcard sdcardfs rw,nosuid,nodev,relatime,uid=1023,gid=1028,derive=legacy,reserved=100MB 0 0
03-28 01:47:12.675 19374 19374 D StorageStatusReceiver: tmpfs /tmp tmpfs rw,relatime,size=507796k,nr_inodes=126949,mode=775 0 0
03-28 01:47:12.675 19374 19374 D StorageStatusReceiver: /dev/block/platform/hi_mci.1/by-name/system /system ext4 ro,nosuid,nodev,relatime,data=ordered 0 0
03-28 01:47:12.675 19374 19374 D StorageStatusReceiver: /dev/block/platform/hi_mci.1/by-name/reserved /system/reserved ext4 rw,nosuid,nodev,relatime,data=ordered 0 0
03-28 01:47:12.676 19374 19374 D StorageStatusReceiver: /dev/block/platform/hi_mci.1/by-name/userdata /data ext4 rw,nosuid,nodev,relatime,data=ordered 0 0
03-28 01:47:12.676 19374 19374 D StorageStatusReceiver: /dev/block/platform/hi_mci.1/by-name/cache /cache ext4 rw,nosuid,nodev,relatime,data=ordered 0 0
03-28 01:47:12.677 19374 19374 D StorageStatusReceiver: /data/media /storage/emulated sdcardfs rw,nosuid,nodev,relatime,uid=1023,gid=1028,derive=legacy,reserved=100MB 0 0
03-28 01:47:12.677 19374 19374 D StorageStatusReceiver: /dev/block/vold/8:1 /mnt/usb_1/sda/sda1 vfat rw,dirsync,nosuid,nodev,relatime,uid=1000,gid=1015,fmask=0000,dmask=0000,allow_utime=0022,codepage=437,iocharset=iso8859-1,shortname=mixed,utf8,errors=remount-ro 0 0
03-28 01:47:12.679 19374 19374 D StorageStatusReceiver: -----------dev_type= USB
03-28 01:47:12.679 19374 19374 D StorageStatusReceiver: -----------mount_path= /mnt/usb_1/sda/sda1
03-28 01:47:12.679 19374 19374 D StorageStatusReceiver: -----------fs_type= VFAT
03-28 01:47:12.679 19374 19374 D StorageStatusReceiver: -----------io_mode= RW
03-28 01:47:12.679 19374 19374 D StorageStatusReceiver: -----------usbPort= USB_1
03-28 01:47:12.679 19374 19374 D StorageStatusReceiver: -----------vendor= Unknown
03-28 01:47:12.679 19374 19374 V MainLiveActivity: handleMessage : 527
03-28 01:47:12.679 19374 19374 V rbrb    : setTimeShiftSeekBar who:1 false
03-28 01:47:12.679 19374 19374 V rbrb    : showPvrHelpUi who 1
03-28 01:47:12.679 19374 19374 V rbrb    : setTimeShiftUi who 3 true
03-28 01:47:12.701 19374 19374 V MainLiveActivity: handleMessage : 1025
03-28 01:47:12.701 19374 19374 V MainLiveActivity: timeshift record prepare :  2
03-28 01:47:12.701 19365 19453 I DVBSTACK: [Reply] DVB_STORAGE_RecordPath(246), size:4 (DvbService.cpp, 213)
