03-28 01:44:30.018 19289 19289 W dalvikvm: VFY: unable to resolve virtual method 469: Landroid/content/res/Resources;.getDrawableForDensity (IILandroid/content/res/Resources$Theme;)Landroid/graphics/drawable/Drawable;
03-28 01:44:30.018 19289 19289 D dalvikvm: VFY: replacing opcode 0x6e at 0x000d
03-28 01:44:30.033 19289 19289 I dalvikvm: Could not find method android.os.UserManager.getUserProfiles, referenced from method com.google.android.gms.wearable.service.WearableController.a
03-28 01:44:30.034 19289 19289 W dalvikvm: VFY: unable to resolve virtual method 1561: Landroid/os/UserManager;.getUserProfiles ()Ljava/util/List;
03-28 01:44:30.034 19289 19289 D dalvikvm: VFY: replacing opcode 0x6e at 0x003e
03-28 01:44:30.048 19289 19293 D dalvikvm: GC_CONCURRENT freed 621K, 17% free 3667K/4388K, paused 3ms+4ms, total 28ms
03-28 01:44:30.062 19289 19306 I iu.UploadsManager: #reloadSettings(); account: -1; IU: disabled; IS: disabled; IS account: -1; photoWiFi: true; videoWiFi: true; roam: false; battery: true; size: STANDARD; maxMobile: 157286400
03-28 01:44:30.103  3272  3272 D WearableService: callingUid 10006, callindPid: 3272
03-28 01:44:30.108  3272 31976 E MDM     : [154] b.run: Couldn't connect to Google API client: ConnectionResult{statusCode=API_UNAVAILABLE, resolution=null, message=null}
03-28 01:44:30.114 19289 19313 D LocationInitializer: Restart initialization of location
03-28 01:44:30.120 19289 19313 I dalvikvm: Could not find method android.app.AlarmManager.setExactAndAllowWhileIdle, referenced from method com.google.android.gms.common.stats.b.a
03-28 01:44:30.120 19289 19313 W dalvikvm: VFY: unable to resolve virtual method 70: Landroid/app/AlarmManager;.setExactAndAllowWhileIdle (IJLandroid/app/PendingIntent;)V
03-28 01:44:30.120 19289 19313 D dalvikvm: VFY: replacing opcode 0x6e at 0x0010
03-28 01:44:30.123  3126  3126 D AuthorizationBluetoothService: Received GmsCore event: Intent { act=com.google.android.gms.INITIALIZE flg=0x10 pkg=com.google.android.gms cmp=com.google.android.gms/.auth.be.proximity.authorization.bt.AuthorizationBluetoothService$AutoStarter }.
03-28 01:44:30.123  3126  3126 E AuthorizationBluetoothService: Proximity feature is not enabled.
03-28 01:44:30.128  2163 31750 I ActivityManager: Delay finish: com.google.android.gms/.auth.be.account.AccountStatusChecker$InitializeReceiver
03-28 01:44:30.131 19289 19306 I iu.UploadsManager: End new media; added: 0, uploading: 0, time: 69 ms
03-28 01:44:30.133  3126  3126 V GLSActivity: AuthDelegateWrapperCreated with selected intent: Intent { cmp=com.google.android.gms/.auth.DefaultAuthDelegateService }
03-28 01:44:30.139  2163  2174 I ActivityManager: Resuming delayed broadcast
03-28 01:44:30.145  2163  2272 I ActivityManager: Delay finish: com.google.android.gms/.auth.crypto.ChannelBindingBroadcastReceiver
03-28 01:44:30.149  2163  3146 I ActivityManager: Resuming delayed broadcast
03-28 01:44:30.150 19289 19313 E dalvikvm: Could not find class 'android.app.usage.UsageStatsManager', referenced from method com.google.android.gms.lockbox.LockboxService.a
03-28 01:44:30.150 19289 19313 W dalvikvm: VFY: unable to resolve check-cast 76 (Landroid/app/usage/UsageStatsManager;) in Lcom/google/android/gms/lockbox/LockboxService;
03-28 01:44:30.150 19289 19313 D dalvikvm: VFY: replacing opcode 0x1f at 0x0035
03-28 01:44:30.151 19289 19306 W WakefulBroadcastReceiver: No active wake lock id #2
03-28 01:44:30.185 19289 19305 D NativeLibraryUtils: Install completed successfully. count=0 extracted=0
03-28 01:44:30.187 19289 19293 D dalvikvm: GC_CONCURRENT freed 455K, 12% free 4183K/4736K, paused 1ms+4ms, total 33ms
03-28 01:44:30.197 19289 19289 I dalvikvm: Failed resolving Lcom/google/android/gms/common/j/c; interface 119 'Landroid/content/pm/PackageManager$OnPermissionsChangedListener;'
03-28 01:44:30.197 19289 19289 W dalvikvm: Link of class 'Lcom/google/android/gms/common/j/c;' failed
03-28 01:44:30.198 19289 19289 E dalvikvm: Could not find class 'com.google.android.gms.common.j.c', referenced from method com.google.android.gms.common.j.b.a
03-28 01:44:30.198 19289 19289 W dalvikvm: VFY: unable to resolve new-instance 2862 (Lcom/google/android/gms/common/j/c;) in Lcom/google/android/gms/common/j/b;
03-28 01:44:30.198 19289 19289 D dalvikvm: VFY: replacing opcode 0x22 at 0x0000
03-28 01:44:30.198 19289 19289 I dalvikvm: Could not find method android.content.Context.checkSelfPermission, referenced from method com.google.android.gms.common.j.b.b
03-28 01:44:30.198 19289 19289 W dalvikvm: VFY: unable to resolve virtual method 276: Landroid/content/Context;.checkSelfPermission (Ljava/lang/String;)I
03-28 01:44:30.198 19289 19289 D dalvikvm: VFY: replacing opcode 0x6e at 0x0036
03-28 01:44:30.199 19289 19289 I dalvikvm: Failed resolving Lcom/google/android/gms/common/j/c; interface 119 'Landroid/content/pm/PackageManager$OnPermissionsChangedListener;'
03-28 01:44:30.199 19289 19289 W dalvikvm: Link of class 'Lcom/google/android/gms/common/j/c;' failed
03-28 01:44:30.200 19289 19289 D dalvikvm: DexOpt: unable to opt direct call 0x363b at 0x02 in Lcom/google/android/gms/common/j/b;.a
03-28 01:44:30.204 19289 19313 I dalvikvm: Could not find method android.content.pm.PackageManager.getPackageInstaller, referenced from method com.google.android.gms.common.ou.a
03-28 01:44:30.204 19289 19313 W dalvikvm: VFY: unable to resolve virtual method 430: Landroid/content/pm/PackageManager;.getPackageInstaller ()Landroid/content/pm/PackageInstaller;
03-28 01:44:30.204 19289 19313 D dalvikvm: VFY: replacing opcode 0x6e at 0x000d
03-28 01:44:30.213 19289 19299 I dalvikvm: Could not find method android.app.Notification$Builder.setLocalOnly, referenced from method com.google.android.gms.common.os.b
03-28 01:44:30.213 19289 19299 W dalvikvm: VFY: unable to resolve virtual method 142: Landroid/app/Notification$Builder;.setLocalOnly (Z)Landroid/app/Notification$Builder;
03-28 01:44:30.213 19289 19299 D dalvikvm: VFY: replacing opcode 0x6e at 0x00ce
03-28 01:44:30.329  2163 15603 I ActivityManager: Start proc android.process.acore for content provider com.android.providers.contacts/.ContactsProvider2: pid=19324 uid=10002 gids={50002, 3003, 1028, 1015}
03-28 01:44:30.333 19324 19324 E Environment: canonicalPath = /mnt/sdcard
03-28 01:44:30.577 19324 19337 I ContactLocale: AddressBook Labels [en_GB]: [, A, B, C, D, E, F, G, H, I, J, K, L, M, N, O, P, Q, R, S, T, U, V, W, X, Y, Z, Α, Β, Γ, Δ, Ε, Ζ, Η, Θ, Ι, Κ, Λ, Μ, Ν, Ξ, Ο, Π, Ρ, Σ, Τ, Υ, Φ, Χ, Ψ, Ω, , А, Б, В, Г, Д, Е, Є, Ж, З, И, І, Ї, Й, К, Л, М, Н, О, П, Р, С, Т, У, Ф, Х, Ц, Ч, Ш, Щ, Ю, Я, , א, ב, ג, ד, ה, ו, ז, ח, ט, י, כ, ל, מ, נ, ס, ע, פ, צ, ק, ר, ש, ת, , ا, ب, ت, ث, ج, ح, خ, د, ذ, ر, ز, س, ش, ص, ض, ط, ظ, ع, غ, ف, ق, ك, ل, م, ن, ه, و, ي, , ก, ข, ฃ, ค, ฅ, ฆ, ง, จ, ฉ, ช, ซ, ฌ, ญ, ฎ, ฏ, ฐ, ฑ, ฒ, ณ, ด, ต, ถ, ท, ธ, น, บ, ป, ผ, ฝ, พ, ฟ, ภ, ม, ย, ร, ฤ, ล, ฦ, ว, ศ, ษ, ส, ห, ฬ, อ, ฮ, , ㄱ, ㄴ, ㄷ, ㄹ, ㅁ, ㅂ, ㅅ, ㅇ, ㅈ, ㅊ, ㅋ, ㅌ, ㅍ, ㅎ, , あ, か, さ, た, な, は, ま, や, ら, わ, #, ]
03-28 01:44:30.692 19289 19321 W IcingInternalCorpora: getNumBytesRead when not calculated.
03-28 01:44:30.823  1446  1513 W Vold    : Failed to unmount /mnt/usb_2/sda/sda1 (Device or resource busy, retries 8, action 0)
03-28 01:44:30.874 13700 13711 V PvrManager: onDvbListener : 263
03-28 01:44:30.874  3085  3423 V Home    : onIPTVListener : 263
03-28 01:44:30.874 13700 13711 V PvrManager: NOTIFYMSG_PVR_REC_Time 16 0 64 64
03-28 01:44:30.874 13700 13711 V MainLiveActivity: onPvrRecordTime : 0 64 64
03-28 01:44:30.874 13700 13700 V MainLiveActivity: handleMessage : 769
03-28 01:44:30.874 13700 13711 I b       : sendMsgTo : 263 a
03-28 01:44:30.874 13700 13700 V PvrManager: setPvrTime : 64
03-28 01:44:30.892  1446  1513 E ProcessKiller: Process /system/bin/f_server (1466) has open file /mnt/usb_2/sda/sda1/_timeshift.ts
03-28 01:44:31.866  3085  3096 V Home    : onIPTVListener : 263
03-28 01:44:31.866 13700 13790 V PvrManager: onDvbListener : 263
03-28 01:44:31.867 13700 13790 V PvrManager: NOTIFYMSG_PVR_REC_Time 16 0 65 65
03-28 01:44:31.867 13700 13790 V MainLiveActivity: onPvrRecordTime : 0 65 65
03-28 01:44:31.867 13700 13790 I b       : sendMsgTo : 263 a
03-28 01:44:31.867 13700 13700 V MainLiveActivity: handleMessage : 769
03-28 01:44:31.867 13700 13700 V PvrManager: setPvrTime : 65
03-28 01:44:32.112  1446  1513 W Vold    : Failed to unmount /mnt/usb_2/sda/sda1 (Device or resource busy, retries 7, action 0)
03-28 01:44:32.173  1446  1513 E ProcessKiller: Process /system/bin/f_server (1466) has open file /mnt/usb_2/sda/sda1/_timeshift.ts
03-28 01:44:32.701 13700 13700 V MainLiveActivity: handleMessage : 529
03-28 01:44:32.868 13700 13710 V PvrManager: onDvbListener : 263
03-28 01:44:32.868  3085 30645 V Home    : onIPTVListener : 263
03-28 01:44:32.869 13700 13710 V PvrManager: NOTIFYMSG_PVR_REC_Time 16 0 66 66
03-28 01:44:32.869 13700 13710 V MainLiveActivity: onPvrRecordTime : 0 66 66
03-28 01:44:32.869 13700 13710 I b       : sendMsgTo : 263 a
03-28 01:44:32.869 13700 13700 V MainLiveActivity: handleMessage : 769
03-28 01:44:32.869 13700 13700 V PvrManager: setPvrTime : 66
03-28 01:44:33.392  1446  1513 W Vold    : Failed to unmount /mnt/usb_2/sda/sda1 (Device or resource busy, retries 6, action 0)
03-28 01:44:33.453  1446  1513 E ProcessKiller: Process /system/bin/f_server (1466) has open file /mnt/usb_2/sda/sda1/_timeshift.ts
03-28 01:44:33.870 13700 13711 V PvrManager: onDvbListener : 263
03-28 01:44:33.870  3085  3095 V Home    : onIPTVListener : 263
03-28 01:44:33.871 13700 13711 V PvrManager: NOTIFYMSG_PVR_REC_Time 16 0 67 67
03-28 01:44:33.871 13700 13711 V MainLiveActivity: onPvrRecordTime : 0 67 67
03-28 01:44:33.871 13700 13711 I b       : sendMsgTo : 263 a
03-28 01:44:33.871 13700 13700 V MainLiveActivity: handleMessage : 769
03-28 01:44:33.871 13700 13700 V PvrManager: setPvrTime : 67
03-28 01:44:34.670  1446  1513 W Vold    : Failed to unmount /mnt/usb_2/sda/sda1 (Device or resource busy, retries 5, action 0)
03-28 01:44:34.732  1446  1513 E ProcessKiller: Process /system/bin/f_server (1466) has open file /mnt/usb_2/sda/sda1/_timeshift.ts
03-28 01:44:34.872 13700 13790 V PvrManager: onDvbListener : 263
03-28 01:44:34.872  3085 17864 V Home    : onIPTVListener : 263
03-28 01:44:34.873 13700 13790 V PvrManager: NOTIFYMSG_PVR_REC_Time 16 0 68 68
03-28 01:44:34.873 13700 13790 V MainLiveActivity: onPvrRecordTime : 0 68 68
03-28 01:44:34.873 13700 13700 V MainLiveActivity: handleMessage : 769
03-28 01:44:34.873 13700 13790 I b       : sendMsgTo : 263 a
03-28 01:44:34.873 13700 13700 V PvrManager: setPvrTime : 68
03-28 01:44:35.875 13700 13710 V PvrManager: onDvbListener : 263
03-28 01:44:35.875  3085  3423 V Home    : onIPTVListener : 263
03-28 01:44:35.875 13700 13710 V PvrManager: NOTIFYMSG_PVR_REC_Time 16 0 69 69
03-28 01:44:35.875 13700 13710 V MainLiveActivity: onPvrRecordTime : 0 69 69
03-28 01:44:35.875 13700 13710 I b       : sendMsgTo : 263 a
03-28 01:44:35.875 13700 13700 V MainLiveActivity: handleMessage : 769
03-28 01:44:35.875 13700 13700 V PvrManager: setPvrTime : 69
03-28 01:44:35.952  1446  1513 W Vold    : Failed to unmount /mnt/usb_2/sda/sda1 (Device or resource busy, retries 4, action 0)
03-28 01:44:36.015  1446  1513 E ProcessKiller: Process /system/bin/f_server (1466) has open file /mnt/usb_2/sda/sda1/_timeshift.ts
03-28 01:44:36.867  3085  3096 V Home    : onIPTVListener : 263
03-28 01:44:36.867 13700 13711 V PvrManager: onDvbListener : 263
03-28 01:44:36.867 13700 13711 V PvrManager: NOTIFYMSG_PVR_REC_Time 16 0 70 70
03-28 01:44:36.867 13700 13711 V MainLiveActivity: onPvrRecordTime : 0 70 70
03-28 01:44:36.867 13700 13700 V MainLiveActivity: handleMessage : 769
03-28 01:44:36.867 13700 13711 I b       : sendMsgTo : 263 a
03-28 01:44:36.867 13700 13700 V PvrManager: setPvrTime : 70
03-28 01:44:37.232  1446  1513 W Vold    : Failed to unmount /mnt/usb_2/sda/sda1 (Device or resource busy, retries 3, action 0)
03-28 01:44:37.294  1446  1513 E ProcessKiller: Process /system/bin/f_server (1466) has open file /mnt/usb_2/sda/sda1/_timeshift.ts
03-28 01:44:37.869 13700 13790 V PvrManager: onDvbListener : 263
03-28 01:44:37.869  3085 30645 V Home    : onIPTVListener : 263
03-28 01:44:37.869 13700 13790 V PvrManager: NOTIFYMSG_PVR_REC_Time 16 0 71 71
03-28 01:44:37.869 13700 13790 V MainLiveActivity: onPvrRecordTime : 0 71 71
03-28 01:44:37.869 13700 13790 I b       : sendMsgTo : 263 a
03-28 01:44:37.869 13700 13700 V MainLiveActivity: handleMessage : 769
03-28 01:44:37.869 13700 13700 V PvrManager: setPvrTime : 71
03-28 01:44:38.512  1446  1513 W Vold    : Failed to unmount /mnt/usb_2/sda/sda1 (Device or resource busy, retries 2, action 1)
03-28 01:44:38.578  1446  1513 E ProcessKiller: Process /system/bin/f_server (1466) has open file /mnt/usb_2/sda/sda1/_timeshift.ts
03-28 01:44:38.578  1446  1513 W ProcessKiller: Sending SIGHUP to process 1466
03-28 01:44:38.586 13700 13710 W IDvbDeathNotifier: DvbApi server died
03-28 01:44:38.586  3085  3095 W IDvbDeathNotifier: DvbApi server died
03-28 01:44:38.586 13700 13710 I DvbApi  : --- src/DvbApi.cpp died[52] 
03-28 01:44:38.586  3085  3095 I DvbApi  : --- src/DvbApi.cpp died[52] 
03-28 01:44:38.586  1445  1445 I ServiceManager: service 'android.dvb.IDvbApi' died
03-28 01:44:38.622 19289 19364 I iu.UploadsManager: End new media; added: 0, uploading: 0, time: 56 ms
03-28 01:44:39.812  1456  1606 I AOService: hdmi_observer  remove@/host0/target0:0:0
03-28 01:44:39.812  1446  1513 I Vold    : /mnt/usb_2/sda/sda1 sucessfully unmounted
03-28 01:44:39.812  1446  1513 I Vold    : /mnt/usb_2/sda/sda1 unmounted sucessfully
03-28 01:44:39.812  1446  1513 D Vold    : [-vold_debug-350] :Volume sda1 state changing 5 (Unmounting) -> 1 (Idle-Unmounted)
03-28 01:44:39.813  1446  1513 D Vold    : [-vold_debug-248] :del the /mnt/usb_2/sda/sda1 volume!
03-28 01:44:39.815  2163  2197 I MountService: onEvent:: raw= 605 Volume sda1 /mnt/usb_2/sda/sda1 state changed from 5 (Unmounting) to 1 (Idle-Unmounted) cooked =  605 Volume sda1 /mnt/usb_2/sda/sda1 state changed from 5 (Unmounting) to 1 (Idle-Unmounted)
03-28 01:44:39.815  2163  2197 I MountService: notifyVolumeStateChange::mounted
03-28 01:44:39.815  2163  2197 I MountService: updating volume state for media bad removal nofs and unmountable
03-28 01:44:39.815  2163 19285 E VoldConnector: NDC Command {2 volume unmount_bad /mnt/usb_2/sda/sda1 force_and_revert} took too long (11286ms)
03-28 01:44:39.815  2163  2197 D MountService: volume state changed for /mnt/usb_2/sda/sda1 (mounted -> unmounted)
03-28 01:44:39.816  2163  2197 D MountService: sendStorageIntent Intent { act=android.intent.action.MEDIA_UNMOUNTED dat=file:///mnt/usb_2/sda/sda1 (has extras) } to UserHandle{-1}
03-28 01:44:39.817  2163  2272 D MountService: use the mConnectorSpec[4]
03-28 01:44:39.817  2163 19285 E MountService: getDefaultPathFromXml  = null
03-28 01:44:39.817  2163 19285 E MountService: -->Enter isDefaultVolume , output = null
03-28 01:44:39.817  2163 19285 W MountService: Duplicate state transition (unmounted -> unmounted) for /mnt/usb_2/sda/sda1
03-28 01:44:39.817  2163 19285 I MountService: Sending media bad removal
03-28 01:44:39.817  2163 19285 D MountService: volume state changed for /mnt/usb_2/sda/sda1 (unmounted -> bad_removal)
03-28 01:44:39.818  1446  1516 E Vold    : CommandListener::VolumeCmd: I can not do volume shared
03-28 01:44:39.819  3030  3030 D MediaService: receive unmount event
03-28 01:44:39.819  3085  3085 I StorageStatusReceiver: Intent Action android.intent.action.MEDIA_UNMOUNTED
03-28 01:44:39.819  3085  3085 D StorageStatusReceiver: /proc/mount
03-28 01:44:39.820  3085  3085 D StorageStatusReceiver: rootfs / rootfs ro,relatime 0 0
03-28 01:44:39.820  3085  3085 V StorageStatusReceiver: getDevType : rootfs / rootfs ro,relatime 0 0
03-28 01:44:39.821  3085  3085 D StorageStatusReceiver: tmpfs /dev tmpfs rw,nosuid,relatime,size=507796k,nr_inodes=126949,mode=755 0 0
03-28 01:44:39.821  3085  3085 V StorageStatusReceiver: getDevType : tmpfs /dev tmpfs rw,nosuid,relatime,size=507796k,nr_inodes=126949,mode=755 0 0
03-28 01:44:39.821 13700 13700 I StorageStatusReceiver: Intent Action android.intent.action.MEDIA_UNMOUNTED
03-28 01:44:39.821  2163  2272 E MountService: Failed to read response to volume shared /mnt/sdcard ums
03-28 01:44:39.822  3085  3085 D StorageStatusReceiver: devpts /dev/pts devpts rw,relatime,mode=600 0 0
03-28 01:44:39.822  3085  3085 V StorageStatusReceiver: getDevType : devpts /dev/pts devpts rw,relatime,mode=600 0 0
03-28 01:44:39.822  3085  3085 D StorageStatusReceiver: adb /dev/usb-ffs/adb functionfs rw,relatime 0 0
03-28 01:44:39.822  3085  3085 V StorageStatusReceiver: getDevType : adb /dev/usb-ffs/adb functionfs rw,relatime 0 0
03-28 01:44:39.823  3085  3085 D StorageStatusReceiver: proc /proc proc rw,relatime 0 0
03-28 01:44:39.823  3085  3085 V StorageStatusReceiver: getDevType : proc /proc proc rw,relatime 0 0
03-28 01:44:39.823  3085  3085 D StorageStatusReceiver: sysfs /sys sysfs rw,relatime 0 0
03-28 01:44:39.823  3085  3085 V StorageStatusReceiver: getDevType : sysfs /sys sysfs rw,relatime 0 0
03-28 01:44:39.824 18972 18972 D ExternalStorage: After updating volumes, found 0 active roots
03-28 01:44:39.824  3085  3085 D StorageStatusReceiver: tmpfs /mnt tmpfs rw,relatime,size=507796k,nr_inodes=126949,mode=775,gid=1000 0 0
03-28 01:44:39.824  3085  3085 V StorageStatusReceiver: getDevType : tmpfs /mnt tmpfs rw,relatime,size=507796k,nr_inodes=126949,mode=775,gid=1000 0 0
03-28 01:44:39.825  3085  3085 D StorageStatusReceiver: tmpfs /mnt/secure tmpfs rw,relatime,size=507796k,nr_inodes=126949,mode=700 0 0
03-28 01:44:39.825  3085  3085 V StorageStatusReceiver: getDevType : tmpfs /mnt/secure tmpfs rw,relatime,size=507796k,nr_inodes=126949,mode=700 0 0
03-28 01:44:39.825  3085  3085 D StorageStatusReceiver: tmpfs /mnt/asec tmpfs rw,relatime,size=507796k,nr_inodes=126949,mode=755,gid=1000 0 0
03-28 01:44:39.825  3085  3085 V StorageStatusReceiver: getDevType : tmpfs /mnt/asec tmpfs rw,relatime,size=507796k,nr_inodes=126949,mode=755,gid=1000 0 0
03-28 01:44:39.826  3085  3085 D StorageStatusReceiver: tmpfs /mnt/obb tmpfs rw,relatime,size=507796k,nr_inodes=126949,mode=755,gid=1000 0 0
03-28 01:44:39.826  3085  3085 V StorageStatusReceiver: getDevType : tmpfs /mnt/obb tmpfs rw,relatime,size=507796k,nr_inodes=126949,mode=755,gid=1000 0 0
03-28 01:44:39.827  3085  3085 D StorageStatusReceiver: /data/media /mnt/sdcard sdcardfs rw,nosuid,nodev,relatime,uid=1023,gid=1028,derive=legacy,reserved=100MB 0 0
03-28 01:44:39.827  3085  3085 V StorageStatusReceiver: getDevType : /data/media /mnt/sdcard sdcardfs rw,nosuid,nodev,relatime,uid=1023,gid=1028,derive=legacy,reserved=100MB 0 0
03-28 01:44:39.827  3085  3085 D StorageStatusReceiver: tmpfs /tmp tmpfs rw,relatime,size=507796k,nr_inodes=126949,mode=775 0 0
03-28 01:44:39.827  3085  3085 V StorageStatusReceiver: getDevType : tmpfs /tmp tmpfs rw,relatime,size=507796k,nr_inodes=126949,mode=775 0 0
03-28 01:44:39.828  3085  3085 D StorageStatusReceiver: /dev/block/platform/hi_mci.1/by-name/system /system ext4 ro,nosuid,nodev,relatime,data=ordered 0 0
03-28 01:44:39.828  3085  3085 V StorageStatusReceiver: getDevType : /dev/block/platform/hi_mci.1/by-name/system /system ext4 ro,nosuid,nodev,relatime,data=ordered 0 0
03-28 01:44:39.829  3085  3085 D StorageStatusReceiver: /dev/block/platform/hi_mci.1/by-name/reserved /system/reserved ext4 rw,nosuid,nodev,relatime,data=ordered 0 0
03-28 01:44:39.829  3085  3085 V StorageStatusReceiver: getDevType : /dev/block/platform/hi_mci.1/by-name/reserved /system/reserved ext4 rw,nosuid,nodev,relatime,data=ordered 0 0
03-28 01:44:39.830  3085  3085 D StorageStatusReceiver: /dev/block/platform/hi_mci.1/by-name/userdata /data ext4 rw,nosuid,nodev,relatime,data=ordered 0 0
03-28 01:44:39.830  3085  3085 V StorageStatusReceiver: getDevType : /dev/block/platform/hi_mci.1/by-name/userdata /data ext4 rw,nosuid,nodev,relatime,data=ordered 0 0
03-28 01:44:39.830  3085  3085 D StorageStatusReceiver: /dev/block/platform/hi_mci.1/by-name/cache /cache ext4 rw,nosuid,nodev,relatime,data=ordered 0 0
03-28 01:44:39.830  3085  3085 V StorageStatusReceiver: getDevType : /dev/block/platform/hi_mci.1/by-name/cache /cache ext4 rw,nosuid,nodev,relatime,data=ordered 0 0
03-28 01:44:39.831  3085  3085 D StorageStatusReceiver: /data/media /storage/emulated sdcardfs rw,nosuid,nodev,relatime,uid=1023,gid=1028,derive=legacy,reserved=100MB 0 0
03-28 01:44:39.831  3085  3085 V StorageStatusReceiver: getDevType : /data/media /storage/emulated sdcardfs rw,nosuid,nodev,relatime,uid=1023,gid=1028,derive=legacy,reserved=100MB 0 0
03-28 01:44:39.832  3085  3085 V Home    : onStorageChange
03-28 01:44:39.922 13700 13700 D StorageStatusReceiver: /proc/mount
03-28 01:44:39.922 13700 13700 D StorageStatusReceiver: rootfs / rootfs ro,relatime 0 0
03-28 01:44:39.923 13700 13700 D StorageStatusReceiver: tmpfs /dev tmpfs rw,nosuid,relatime,size=507796k,nr_inodes=126949,mode=755 0 0
03-28 01:44:39.923 13700 13700 D StorageStatusReceiver: devpts /dev/pts devpts rw,relatime,mode=600 0 0
03-28 01:44:39.923 13700 13700 D StorageStatusReceiver: adb /dev/usb-ffs/adb functionfs rw,relatime 0 0
03-28 01:44:39.924 13700 13700 D StorageStatusReceiver: proc /proc proc rw,relatime 0 0
03-28 01:44:39.924 13700 13700 D StorageStatusReceiver: sysfs /sys sysfs rw,relatime 0 0
03-28 01:44:39.924 13700 13700 D StorageStatusReceiver: tmpfs /mnt tmpfs rw,relatime,size=507796k,nr_inodes=126949,mode=775,gid=1000 0 0
03-28 01:44:39.925 13700 13700 D StorageStatusReceiver: tmpfs /mnt/secure tmpfs rw,relatime,size=507796k,nr_inodes=126949,mode=700 0 0
03-28 01:44:39.925 13700 13700 D StorageStatusReceiver: tmpfs /mnt/asec tmpfs rw,relatime,size=507796k,nr_inodes=126949,mode=755,gid=1000 0 0
03-28 01:44:39.925 13700 13700 D StorageStatusReceiver: tmpfs /mnt/obb tmpfs rw,relatime,size=507796k,nr_inodes=126949,mode=755,gid=1000 0 0
03-28 01:44:39.926 13700 13700 D StorageStatusReceiver: /data/media /mnt/sdcard sdcardfs rw,nosuid,nodev,relatime,uid=1023,gid=1028,derive=legacy,reserved=100MB 0 0
03-28 01:44:39.926 13700 13700 D StorageStatusReceiver: tmpfs /tmp tmpfs rw,relatime,size=507796k,nr_inodes=126949,mode=775 0 0
03-28 01:44:39.926 13700 13700 D StorageStatusReceiver: /dev/block/platform/hi_mci.1/by-name/system /system ext4 ro,nosuid,nodev,relatime,data=ordered 0 0
03-28 01:44:39.927 13700 13700 D StorageStatusReceiver: /dev/block/platform/hi_mci.1/by-name/reserved /system/reserved ext4 rw,nosuid,nodev,relatime,data=ordered 0 0
03-28 01:44:39.927 13700 13700 D StorageStatusReceiver: /dev/block/platform/hi_mci.1/by-name/userdata /data ext4 rw,nosuid,nodev,relatime,data=ordered 0 0
03-28 01:44:39.927 13700 13700 D StorageStatusReceiver: /dev/block/platform/hi_mci.1/by-name/cache /cache ext4 rw,nosuid,nodev,relatime,data=ordered 0 0
03-28 01:44:39.928 13700 13700 D StorageStatusReceiver: /data/media /storage/emulated sdcardfs rw,nosuid,nodev,relatime,uid=1023,gid=1028,derive=legacy,reserved=100MB 0 0
03-28 01:44:39.928 13700 13700 V MainLiveActivity: handleMessage : 527
03-28 01:44:39.928 13700 13700 V rbrb    : setTimeShiftSeekBar who:1 false
03-28 01:44:39.928 13700 13700 V rbrb    : showPvrHelpUi who 1
03-28 01:44:39.928 13700 13700 V rbrb    : setTimeShiftUi who 3 true
03-28 01:44:39.934 13700 13700 E DvbApi  : native_invoke : -32
03-28 01:44:39.934 13700 13700 D AndroidRuntime: Shutting down VM
03-28 01:44:39.934 13700 13700 W dalvikvm: threadid=1: thread exiting with uncaught exception (group=0x2c887ba8)
03-28 01:44:39.941 13700 13700 E AndroidRuntime: FATAL EXCEPTION: main
03-28 01:44:39.941 13700 13700 E AndroidRuntime: Process: com.siptv.mytv, PID: 13700
03-28 01:44:39.941 13700 13700 E AndroidRuntime: java.lang.RuntimeException: failure code: -32
03-28 01:44:39.941 13700 13700 E AndroidRuntime: 	at android.dvb.DvbApi.invoke(DvbApi.java:319)
03-28 01:44:39.941 13700 13700 E AndroidRuntime: 	at android.dvb.DvbApi.appStopIptvRecord(DvbApi.java:5077)
03-28 01:44:39.941 13700 13700 E AndroidRuntime: 	at com.siptv.mytv.w.handleMessage(MainLiveActivity.java:4675)
03-28 01:44:39.941 13700 13700 E AndroidRuntime: 	at android.os.Handler.dispatchMessage(Handler.java:102)
03-28 01:44:39.941 13700 13700 E AndroidRuntime: 	at android.os.Looper.loop(Looper.java:136)
03-28 01:44:39.941 13700 13700 E AndroidRuntime: 	at android.app.ActivityThread.main(ActivityThread.java:5030)
03-28 01:44:39.941 13700 13700 E AndroidRuntime: 	at java.lang.reflect.Method.invokeNative(Native Method)
03-28 01:44:39.941 13700 13700 E AndroidRuntime: 	at java.lang.reflect.Method.invoke(Method.java:515)
03-28 01:44:39.941 13700 13700 E AndroidRuntime: 	at com.android.internal.os.ZygoteInit$MethodAndArgsCaller.run(ZygoteInit.java:785)
03-28 01:44:39.941 13700 13700 E AndroidRuntime: 	at com.android.internal.os.ZygoteInit.main(ZygoteInit.java:601)
03-28 01:44:39.941 13700 13700 E AndroidRuntime: 	at dalvik.system.NativeStart.main(Native Method)
03-28 01:44:39.946  2163  3146 W ActivityManager:   Force finishing activity com.siptv.mytv/.ServerActivity
03-28 01:44:39.948 13700 13700 I Process : Sending signal. PID: 13700 SIG: 9
03-28 01:44:39.969  2163  3076 I ActivityManager: Process com.siptv.mytv (pid 13700) has died.
03-28 01:44:39.970  2163  2174 I WindowState: WIN DEATH: Window{2cff2b78 u0 com.siptv.mytv/com.siptv.mytv.ServerActivity}
03-28 01:44:39.971  2163  2294 W InputDispatcher: channel '2cf07d58 com.siptv.mytv/com.siptv.mytv.MainLiveActivity (server)' ~ Consumer closed input channel or an error occurred.  events=0x9
03-28 01:44:39.971  2163  2294 E InputDispatcher: channel '2cf07d58 com.siptv.mytv/com.siptv.mytv.MainLiveActivity (server)' ~ Channel is unrecoverably broken and will be disposed!
03-28 01:44:39.973  2163 31750 W InputDispatcher: Attempted to unregister already unregistered input channel '2cf07d58 com.siptv.mytv/com.siptv.mytv.MainLiveActivity (server)'
03-28 01:44:39.973  2163 31750 I WindowState: WIN DEATH: Window{2cf07d58 u0 com.siptv.mytv/com.siptv.mytv.MainLiveActivity}
03-28 01:44:39.973  2163 31750 W WindowManager: Force-removing child win Window{2cf709f8 u0 SurfaceView} from container Window{2cf07d58 u0 com.siptv.mytv/com.siptv.mytv.MainLiveActivity}
03-28 01:44:39.975  2163 31750 W WindowManager: Force-removing child win Window{2cf85950 u0 SurfaceView} from container Window{2cf07d58 u0 com.siptv.mytv/com.siptv.mytv.MainLiveActivity}
03-28 01:44:39.978  2163 31750 W WindowManager: Force-removing child win Window{2cf89d48 u0 SurfaceView} from container Window{2cf07d58 u0 com.siptv.mytv/com.siptv.mytv.MainLiveActivity}
03-28 01:44:39.983  2163  2173 W WindowManager: Failed looking up window
03-28 01:44:39.983  2163  2173 W WindowManager: java.lang.IllegalArgumentException: Requested window android.os.BinderProxy@2cfa5c80 does not exist
03-28 01:44:39.983  2163  2173 W WindowManager: 	at com.android.server.wm.WindowManagerService.windowForClientLocked(WindowManagerService.java:7966)
03-28 01:44:39.983  2163  2173 W WindowManager: 	at com.android.server.wm.WindowManagerService.windowForClientLocked(WindowManagerService.java:7957)
03-28 01:44:39.983  2163  2173 W WindowManager: 	at com.android.server.wm.WindowState$DeathRecipient.binderDied(WindowState.java:1047)
03-28 01:44:39.983  2163  2173 W WindowManager: 	at android.os.BinderProxy.sendDeathNotice(Binder.java:493)
03-28 01:44:39.983  2163  2173 W WindowManager: 	at dalvik.system.NativeStart.run(Native Method)
03-28 01:44:39.983  2163  2173 I WindowState: WIN DEATH: null
03-28 01:44:39.984  2163  3074 W WindowManager: Failed looking up window
03-28 01:44:39.984  2163  3074 W WindowManager: java.lang.IllegalArgumentException: Requested window android.os.BinderProxy@2ceded60 does not exist
03-28 01:44:39.984  2163  3074 W WindowManager: 	at com.android.server.wm.WindowManagerService.windowForClientLocked(WindowManagerService.java:7966)
03-28 01:44:39.984  2163  3074 W WindowManager: 	at com.android.server.wm.WindowManagerService.windowForClientLocked(WindowManagerService.java:7957)
03-28 01:44:39.984  2163  3074 W WindowManager: 	at com.android.server.wm.WindowState$DeathRecipient.binderDied(WindowState.java:1047)
03-28 01:44:39.984  2163  3074 W WindowManager: 	at android.os.BinderProxy.sendDeathNotice(Binder.java:493)
03-28 01:44:39.984  2163  3074 W WindowManager: 	at dalvik.system.NativeStart.run(Native Method)
03-28 01:44:39.984  2163  3074 I WindowState: WIN DEATH: null
03-28 01:44:39.984  2163  3076 I ActivityManager: Start proc com.siptv.mytv for activity com.siptv.mytv/.MainLiveActivity: pid=19374 uid=1000 gids={41000, 1028, 1015, 3003, 3002, 3001}
03-28 01:44:39.984  2163  3054 W WindowManager: Failed looking up window
03-28 01:44:39.984  2163  3054 W WindowManager: java.lang.IllegalArgumentException: Requested window android.os.BinderProxy@2cdd10a0 does not exist
03-28 01:44:39.984  2163  3054 W WindowManager: 	at com.android.server.wm.WindowManagerService.windowForClientLocked(WindowManagerService.java:7966)
03-28 01:44:39.984  2163  3054 W WindowManager: 	at com.android.server.wm.WindowManagerService.windowForClientLocked(WindowManagerService.java:7957)
03-28 01:44:39.984  2163  3054 W WindowManager: 	at com.android.server.wm.WindowState$DeathRecipient.binderDied(WindowState.java:1047)
03-28 01:44:39.984  2163  3054 W WindowManager: 	at android.os.BinderProxy.sendDeathNotice(Binder.java:493)
03-28 01:44:39.984  2163  3054 W WindowManager: 	at dalvik.system.NativeStart.run(Native Method)
03-28 01:44:39.985  2163  3054 I WindowState: WIN DEATH: null
03-28 01:44:39.988 19374 19374 E Environment: canonicalPath = /mnt/sdcard
03-28 01:44:40.099 19374 19374 V MainLiveActivity: onCreate
03-28 01:44:40.100 19374 19374 D MainLiveActivity: this.getPackageName() : com.siptv.mytv
03-28 01:44:40.111 19374 19374 I dalvikvm: Could not find method android.app.AlarmManager.setExactAndAllowWhileIdle, referenced from method com.siptv.mytv.i.a
03-28 01:44:40.111 19374 19374 W dalvikvm: VFY: unable to resolve virtual method 462: Landroid/app/AlarmManager;.setExactAndAllowWhileIdle (IJLandroid/app/PendingIntent;)V
03-28 01:44:40.111 19374 19374 D dalvikvm: VFY: replacing opcode 0x6e at 0x00c2
03-28 01:44:40.112 19374 19374 I dalvikvm: Could not find method android.app.AlarmManager.setExactAndAllowWhileIdle, referenced from method com.siptv.mytv.i.a
03-28 01:44:40.112 19374 19374 W dalvikvm: VFY: unable to resolve virtual method 462: Landroid/app/AlarmManager;.setExactAndAllowWhileIdle (IJLandroid/app/PendingIntent;)V
03-28 01:44:40.112 19374 19374 D dalvikvm: VFY: replacing opcode 0x6e at 0x00f4
03-28 01:44:40.125 19374 19374 I dalvikvm: Could not find method android.app.AlarmManager.setExactAndAllowWhileIdle, referenced from method com.siptv.mytv.i.v
03-28 01:44:40.125 19374 19374 W dalvikvm: VFY: unable to resolve virtual method 462: Landroid/app/AlarmManager;.setExactAndAllowWhileIdle (IJLandroid/app/PendingIntent;)V
03-28 01:44:40.125 19374 19374 D dalvikvm: VFY: replacing opcode 0x6e at 0x00c6
03-28 01:44:40.148 19374 19374 D dalvikvm: GC_FOR_ALLOC freed 162K, 9% free 2898K/3160K, paused 13ms, total 13ms
03-28 01:44:40.153 19374 19374 I dalvikvm-heap: Grow heap (frag case) to 6.438MB for 3686416-byte allocation
03-28 01:44:40.164 19374 19382 D dalvikvm: GC_FOR_ALLOC freed <1K, 4% free 6498K/6764K, paused 11ms, total 11ms
03-28 01:44:40.178 19374 19377 D dalvikvm: GC_CONCURRENT freed <1K, 4% free 6498K/6764K, paused 3ms+1ms, total 14ms
03-28 01:44:40.235 19374 19374 I SurfaceView: surface type is: 3
03-28 01:44:40.235 19374 19374 I SurfaceView: surface type is: 3
03-28 01:44:40.238 19374 19374 I SurfaceView: surface type is: 0
03-28 01:44:40.238 19374 19374 I SurfaceView: surface type is: 0
03-28 01:44:40.250 19374 19374 D dalvikvm: GC_FOR_ALLOC freed 17K, 4% free 6511K/6764K, paused 11ms, total 11ms
03-28 01:44:40.256 19374 19374 I dalvikvm-heap: Grow heap (frag case) to 9.966MB for 3686416-byte allocation
03-28 01:44:40.269 19374 19377 D dalvikvm: GC_CONCURRENT freed <1K, 3% free 10111K/10368K, paused 1ms+2ms, total 13ms
03-28 01:44:40.300 19374 19374 I dalvikvm: Could not find method android.widget.RelativeLayout.<init>, referenced from method com.siptv.mytv.view.MainMenuLayout.<init>
03-28 01:44:40.300 19374 19374 W dalvikvm: VFY: unable to resolve direct method 22840: Landroid/widget/RelativeLayout;.<init> (Landroid/content/Context;Landroid/util/AttributeSet;II)V
03-28 01:44:40.300 19374 19374 D dalvikvm: VFY: replacing opcode 0x70 at 0x0001
03-28 01:44:40.313 19374 19374 I dalvikvm: Could not find method android.widget.RelativeLayout.<init>, referenced from method com.siptv.mytv.view.InfoBar.<init>
03-28 01:44:40.313 19374 19374 W dalvikvm: VFY: unable to resolve direct method 22840: Landroid/widget/RelativeLayout;.<init> (Landroid/content/Context;Landroid/util/AttributeSet;II)V
03-28 01:44:40.313 19374 19374 D dalvikvm: VFY: replacing opcode 0x70 at 0x0001
03-28 01:44:40.340 19374 19374 D MainMenuLayout: Common.getDateFormat() : dd-MM-yyyy
03-28 01:44:40.340 19374 19374 D WDate   : setFormat format : dd-MM-yyyy
03-28 01:44:40.342 19374 19374 I dalvikvm: Could not find method android.widget.RelativeLayout.<init>, referenced from method com.siptv.mytv.view.LiveListLayout.<init>
03-28 01:44:40.342 19374 19374 W dalvikvm: VFY: unable to resolve direct method 22840: Landroid/widget/RelativeLayout;.<init> (Landroid/content/Context;Landroid/util/AttributeSet;II)V
03-28 01:44:40.342 19374 19374 D dalvikvm: VFY: replacing opcode 0x70 at 0x0003
03-28 01:44:40.414 19374 19374 D dalvikvm: GC_FOR_ALLOC freed 71K, 2% free 11831K/12004K, paused 12ms, total 12ms
03-28 01:44:40.506 19374 19374 D WDate   : setFormat format : dd-MM-yyyy
03-28 01:44:40.508 19374 19374 V LiveListLayout: setSeekIcon : 100
03-28 01:44:40.511 19374 19374 I dalvikvm: Could not find method android.widget.RelativeLayout.<init>, referenced from method com.siptv.mytv.view.DvbLayout.<init>
03-28 01:44:40.511 19374 19374 W dalvikvm: VFY: unable to resolve direct method 22840: Landroid/widget/RelativeLayout;.<init> (Landroid/content/Context;Landroid/util/AttributeSet;II)V
03-28 01:44:40.511 19374 19374 D dalvikvm: VFY: replacing opcode 0x70 at 0x0001
03-28 01:44:40.526 19374 19374 I SurfaceView: surface type is: 3
03-28 01:44:40.526 19374 19374 I SurfaceView: surface type is: 3
03-28 01:44:40.527 19374 19374 I SurfaceView: surface type is: 0
03-28 01:44:40.527 19374 19374 I SurfaceView: surface type is: 0
03-28 01:44:40.566 19374 19374 I b       : -------------->addDvbListener : DvbLayout
03-28 01:44:40.566 19374 19374 I b       : -------------->addDvbListener : c
03-28 01:44:40.568 19374 19374 I dalvikvm: Could not find method android.widget.RelativeLayout.<init>, referenced from method com.siptv.mytv.view.IVolumeBar.<init>
03-28 01:44:40.568 19374 19374 W dalvikvm: VFY: unable to resolve direct method 22840: Landroid/widget/RelativeLayout;.<init> (Landroid/content/Context;Landroid/util/AttributeSet;II)V
03-28 01:44:40.568 19374 19374 D dalvikvm: VFY: replacing opcode 0x70 at 0x0000
03-28 01:44:40.581 19374 19374 V dave    : getLauncher 
03-28 01:44:40.593 19374 19374 D StorageStatusReceiver: /proc/mount
03-28 01:44:40.593 19374 19374 D StorageStatusReceiver: rootfs / rootfs ro,relatime 0 0
03-28 01:44:40.595 19374 19374 D StorageStatusReceiver: tmpfs /dev tmpfs rw,nosuid,relatime,size=507796k,nr_inodes=126949,mode=755 0 0
03-28 01:44:40.595 19374 19374 D StorageStatusReceiver: devpts /dev/pts devpts rw,relatime,mode=600 0 0
03-28 01:44:40.595 19374 19374 D StorageStatusReceiver: adb /dev/usb-ffs/adb functionfs rw,relatime 0 0
03-28 01:44:40.596 19374 19374 D StorageStatusReceiver: proc /proc proc rw,relatime 0 0
03-28 01:44:40.596 19374 19374 D StorageStatusReceiver: sysfs /sys sysfs rw,relatime 0 0
03-28 01:44:40.596 19374 19374 D StorageStatusReceiver: tmpfs /mnt tmpfs rw,relatime,size=507796k,nr_inodes=126949,mode=775,gid=1000 0 0
03-28 01:44:40.596 19374 19374 D StorageStatusReceiver: tmpfs /mnt/secure tmpfs rw,relatime,size=507796k,nr_inodes=126949,mode=700 0 0
03-28 01:44:40.597 19374 19374 D StorageStatusReceiver: tmpfs /mnt/asec tmpfs rw,relatime,size=507796k,nr_inodes=126949,mode=755,gid=1000 0 0
03-28 01:44:40.597 19374 19374 D StorageStatusReceiver: tmpfs /mnt/obb tmpfs rw,relatime,size=507796k,nr_inodes=126949,mode=755,gid=1000 0 0
03-28 01:44:40.597 19374 19374 D StorageStatusReceiver: /data/media /mnt/sdcard sdcardfs rw,nosuid,nodev,relatime,uid=1023,gid=1028,derive=legacy,reserved=100MB 0 0
03-28 01:44:40.598 19374 19374 D StorageStatusReceiver: tmpfs /tmp tmpfs rw,relatime,size=507796k,nr_inodes=126949,mode=775 0 0
03-28 01:44:40.598 19374 19374 D StorageStatusReceiver: /dev/block/platform/hi_mci.1/by-name/system /system ext4 ro,nosuid,nodev,relatime,data=ordered 0 0
03-28 01:44:40.598 19374 19374 D StorageStatusReceiver: /dev/block/platform/hi_mci.1/by-name/reserved /system/reserved ext4 rw,nosuid,nodev,relatime,data=ordered 0 0
03-28 01:44:40.599 19374 19374 D StorageStatusReceiver: /dev/block/platform/hi_mci.1/by-name/userdata /data ext4 rw,nosuid,nodev,relatime,data=ordered 0 0
03-28 01:44:40.599 19374 19374 D StorageStatusReceiver: /dev/block/platform/hi_mci.1/by-name/cache /cache ext4 rw,nosuid,nodev,relatime,data=ordered 0 0
03-28 01:44:40.599 19374 19374 D StorageStatusReceiver: /data/media /storage/emulated sdcardfs rw,nosuid,nodev,relatime,uid=1023,gid=1028,derive=legacy,reserved=100MB 0 0
03-28 01:44:40.603 19374 19374 V dave    : getLauncher 
03-28 01:44:40.624 19374 19377 D dalvikvm: GC_CONCURRENT freed 144K, 2% free 14695K/14936K, paused 2ms+3ms, total 18ms
03-28 01:44:40.636 19374 19374 I ServiceManager: Waiting for service android.dvb.IDvbApi...
03-28 01:44:41.636 19374 19374 I ServiceManager: Waiting for service android.dvb.IDvbApi...
03-28 01:44:42.636 19374 19374 I ServiceManager: Waiting for service android.dvb.IDvbApi...
03-28 01:44:43.636 19374 19374 I ServiceManager: Waiting for service android.dvb.IDvbApi...
03-28 01:44:43.932 19365 19365 E SAMPLE  : 
03-28 01:44:43.932 19365 19365 E SAMPLE  : 
03-28 01:44:43.932 19365 19365 E SAMPLE  : !!! some audio codec NOT found. you may NOT able to decode some audio type.
03-28 01:44:43.932 19365 19365 E SAMPLE  : 
03-28 01:44:44.189 19365 19365 I DvbServer: ServiceManager: 0x79ca3eb8
03-28 01:44:44.254 19365 19445 V DVBSTACK: ----------------------------- 	 s_fd  = 43
03-28 01:44:44.254 19365 19445 V DVBSTACK: ----------------------------- 	 listen ret = 0
03-28 01:44:44.343 19374 19374 D DvbApiManager: getDvbTunerEnabled TUNER1 ret : -1
03-28 01:44:44.343 19374 19374 D DvbApiManager: getDvbTunerEnabled TUNER2 ret : -1
03-28 01:44:44.346 19374 19374 I b       : -------------->addDvbListener : a
03-28 01:44:44.351 19365 19453 I DVBSTACK: [Reply] DVB_SYS_ChangeContext(1), size:12 (DvbService.cpp, 213)
03-28 01:44:44.399 19374 19374 V rbrb    : sysVer 20800 tag 2
03-28 01:44:44.401 19374 19374 D dalvikvm: Trying to load lib /data/app-lib/com.siptv.mytv-1/libMOLJni.so 0x2cb5f9b8
03-28 01:44:44.403 19374 19374 D dalvikvm: Added shared lib /data/app-lib/com.siptv.mytv-1/libMOLJni.so 0x2cb5f9b8
03-28 01:44:44.404 19374 19454 V BEAN_CLIENT_0.42: cmd_return[0]
03-28 01:44:44.404 19374 19454 D i       : Supported Device
03-28 01:44:44.407 19374 19454 W ActivityThread: ClassLoader.loadClass: The class loader returned by Thread.getContextClassLoader() may fail for processes that host multiple applications. You should explicitly specify a context class loader. For example: Thread.setContextClassLoader(getClass().getClassLoader());
03-28 01:44:44.413 19374 19374 V dave    : getLauncher 
03-28 01:44:44.417 19374 19374 D MainLiveActivity: SERVER NAME : me
03-28 01:44:44.418 19374 19374 V EpgDBHelper: open
03-28 01:44:44.427 19374 19374 V ReservedDBHelper: open
03-28 01:44:44.442 19374 19374 I IPTVCallbackListener: -------------->addIPTVListener : MainLiveActivity
03-28 01:44:44.442 19374 19374 I IPTVCallbackListener: listener[0] : MainLiveActivity
03-28 01:44:44.450 19374 19374 D dalvikvm: Trying to load lib /data/app-lib/com.siptv.mytv-1/libSiptvJni.so 0x2cb5f9b8
03-28 01:44:44.456 19374 19374 D dalvikvm: Added shared lib /data/app-lib/com.siptv.mytv-1/libSiptvJni.so 0x2cb5f9b8
03-28 01:44:44.459 19374 19374 V IPTVManager: init : 0
03-28 01:44:44.460 19374 19374 V IPTVManager: REQ_setOtp : 0
03-28 01:44:44.465 19374 19374 E ViewRootImpl: 201409092 enable acc for view=com.siptv.mytv/com.siptv.mytv.MainLiveActivity
03-28 01:44:44.469 19374 19374 D IPTVManager: siptvJni : false
03-28 01:44:44.469 19374 19374 V SiptvJni: REQCONNECT SEVER : session1, serverserverUrl$http://sam.me:21000/c/$
03-28 01:44:44.669 19374 19374 V IPTVManager: REQ_connectServer : 0
03-28 01:44:44.698  2163  2193 W WindowManager: Rebuild removed 3 windows but added 2
03-28 01:44:44.698  2163  2193 W WindowManager: java.lang.RuntimeException: here
03-28 01:44:44.698  2163  2193 W WindowManager: 	at com.android.server.wm.WindowManagerService.rebuildAppWindowListLocked(WindowManagerService.java:8054)
03-28 01:44:44.698  2163  2193 W WindowManager: 	at com.android.server.wm.WindowManagerService.rebuildAppWindowListLocked(WindowManagerService.java:7990)
03-28 01:44:44.698  2163  2193 W WindowManager: 	at com.android.server.wm.WindowManagerService.handleAnimatingStoppedAndTransitionLocked(WindowManagerService.java:8734)
03-28 01:44:44.698  2163  2193 W WindowManager: 	at com.android.server.wm.WindowManagerService.performLayoutAndPlaceSurfacesLockedInner(WindowManagerService.java:9248)
03-28 01:44:44.698  2163  2193 W WindowManager: 	at com.android.server.wm.WindowManagerService.performLayoutAndPlaceSurfacesLockedLoop(WindowManagerService.java:8206)
03-28 01:44:44.698  2163  2193 W WindowManager: 	at com.android.server.wm.WindowManagerService.performLayoutAndPlaceSurfacesLocked(WindowManagerService.java:8148)
03-28 01:44:44.698  2163  2193 W WindowManager: 	at com.android.server.wm.WindowManagerService.access$300(WindowManagerService.java:157)
03-28 01:44:44.698  2163  2193 W WindowManager: 	at com.android.server.wm.WindowManagerService$H.handleMessage(WindowManagerService.java:7182)
03-28 01:44:44.698  2163  2193 W WindowManager: 	at android.os.Handler.dispatchMessage(Handler.java:102)
03-28 01:44:44.698  2163  2193 W WindowManager: 	at android.os.Looper.loop(Looper.java:136)
03-28 01:44:44.698  2163  2193 W WindowManager: 	at android.os.HandlerThread.run(HandlerThread.java:61)
03-28 01:44:44.700 19374 19456 V IPTVCallbackListener: T_QUERY_OTT_Connect_Server_Ack Progress status : 100
03-28 01:44:44.702  2163  2193 W WindowManager: This window was lost: Window{2cff2b78 u0 com.siptv.mytv/com.siptv.mytv.ServerActivity}
03-28 01:44:44.702  2163  2193 W WindowManager: mDisplayId=0 mSession=Session{2ce39da8 13700:1000} mClient=android.os.BinderProxy@2ccfdd50
03-28 01:44:44.702  2163  2193 W WindowManager: mOwnerUid=1000 mShowToOwnerOnly=true package=com.siptv.mytv appop=NONE
03-28 01:44:44.702  2163  2193 W WindowManager: mAttrs=WM.LayoutParams{(0,0)(fillxfill) sim=#120 ty=1 fl=#1810100 pfl=0x8 wanim=0x10302a1}
03-28 01:44:44.702  2163  2193 W WindowManager: Requested w=1280 h=720 mLayoutSeq=2892
03-28 01:44:44.702  2163  2193 W WindowManager: mBaseLayer=21000 mSubLayer=0 mAnimLayer=21005+0=21005 mLastLayer=21015
03-28 01:44:44.702  2163  2193 W WindowManager: mToken=AppWindowToken{2d0c1a50 token=Token{2ce6a7a0 ActivityRecord{2cf4cda0 u0 com.siptv.mytv/.ServerActivity t33}}}
03-28 01:44:44.702  2163  2193 W WindowManager: mRootToken=AppWindowToken{2d0c1a50 token=Token{2ce6a7a0 ActivityRecord{2cf4cda0 u0 com.siptv.mytv/.ServerActivity t33}}}
03-28 01:44:44.702  2163  2193 W WindowManager: mAppToken=AppWindowToken{2d0c1a50 token=Token{2ce6a7a0 ActivityRecord{2cf4cda0 u0 com.siptv.mytv/.ServerActivity t33}}}
03-28 01:44:44.702  2163  2193 W WindowManager: mViewVisibility=0x0 mHaveFrame=true mObscured=false
03-28 01:44:44.702  2163  2193 W WindowManager: mSeq=0 mSystemUiVisibility=0x0
03-28 01:44:44.702  2163  2193 W WindowManager: mGivenContentInsets=[0,0][0,0] mGivenVisibleInsets=[0,0][0,0]
03-28 01:44:44.702  2163  2193 W WindowManager: mConfiguration={1.0 ?mcc?mnc en_GB ldltr sw720dp w1280dp h720dp 160dpi xlrg long land finger -keyb/v/h dpad/v s.4}
03-28 01:44:44.702  2163  2193 W WindowManager: mHasSurface=true mShownFrame=[0.0,0.0][1280.0,720.0] isReadyForDisplay()=false
03-28 01:44:44.702  2163  2193 W WindowManager: mFrame=[0,0][1280,720] last=[0,0][1280,720]
03-28 01:44:44.702  2163  2193 W WindowManager: mSystemDecorRect=[0,0][1280,720] last=[0,0][1280,720]
03-28 01:44:44.702  2163  2193 W WindowManager: Frames: containing=[0,0][1280,720] parent=[0,0][1280,720]
03-28 01:44:44.702  2163  2193 W WindowManager:     display=[0,0][1280,720] overscan=[0,0][1280,720]
03-28 01:44:44.702  2163  2193 W WindowManager:     content=[0,0][1280,720] visible=[0,0][1280,720]
03-28 01:44:44.702  2163  2193 W WindowManager:     decor=[0,0][1280,720]
03-28 01:44:44.702  2163  2193 W WindowManager: Cur insets: overscan=[0,0][0,0] content=[0,0][0,0] visible=[0,0][0,0]
03-28 01:44:44.702  2163  2193 W WindowManager: Lst insets: overscan=[0,0][0,0] content=[0,0][0,0] visible=[0,0][0,0]
03-28 01:44:44.702  2163  2193 W WindowManager: WindowStateAnimator{2d0cffc8 com.siptv.mytv/com.siptv.mytv.ServerActivity}:
03-28 01:44:44.702  2163  2193 W WindowManager:   mSurface=Surface(name=com.siptv.mytv/com.siptv.mytv.ServerActivity)
03-28 01:44:44.702  2163  2193 W WindowManager:   mDrawState=HAS_DRAWN mLastHidden=true
03-28 01:44:44.702  2163  2193 W WindowManager:   Surface: shown=false layer=21015 alpha=1.0 rect=(0.0,0.0) 1280.0 x 720.0
03-28 01:44:44.702  2163  2193 W WindowManager:   mGlobalScale=1.0 mDsDx=1.0 mDtDx=0.0 mDsDy=0.0 mDtDy=1.0
03-28 01:44:44.702  2163  2193 W WindowManager: mExiting=false mRemoveOnExit=false mDestroying=true mRemoved=false
03-28 01:44:44.703  2163  2193 W WindowManager: Current app token list:
03-28 01:44:44.703  2163  2193 V WindowManager:   Display 0
03-28 01:44:44.703  2163  2193 V WindowManager:   #1: Token{2cdffe70 ActivityRecord{2cf3bad8 u0 com.siptv.mytv/.MainLiveActivity t33}}
03-28 01:44:44.703  2163  2193 V WindowManager:   #0: Token{2cf1b770 ActivityRecord{2ce90440 u0 com.android.siptv.launcher/.Home t1}}
03-28 01:44:44.703  2163  2193 W WindowManager: Final window list:
03-28 01:44:44.703  2163  2193 V WindowManager:   #0: Window{2cde6fe8 u0 SearchPanel}
03-28 01:44:44.703  2163  2193 V WindowManager:   #1: Window{2ceea6e0 u0 NavigationBar}
03-28 01:44:44.703  2163  2193 V WindowManager:   #2: Window{2cdcbbe8 u0 StatusBar}
03-28 01:44:44.703  2163  2193 V WindowManager:   #3: Window{2cd6e988 u0 KeyguardScrim}
03-28 01:44:44.703  2163  2193 V WindowManager:   #4: Window{2d06dd58 u0 InputMethod}
03-28 01:44:44.703  2163  2193 V WindowManager:   #5: Window{2cfd16a0 u0 com.siptv.mytv/com.siptv.mytv.MainLiveActivity}
03-28 01:44:44.704  2163  2193 V WindowManager:   #6: Window{2cdc8b88 u0 com.android.siptv.launcher/com.android.siptv.launcher.Home}
03-28 01:44:44.704  2163  2193 V WindowManager:   #7: Window{2cf0c108 u0 com.android.systemui.ImageWallpaper}
03-28 01:44:44.712 19374 19374 I SurfaceView: surface type is: 0
03-28 01:44:44.717 19374 19374 V MainMenuLayout: mLiveMainDummyView height : 345
03-28 01:44:44.748 19374 19456 V IPTVCallbackListener: T_QUERY_OTT_Connect_Server_Ack Progress status : 101
03-28 01:44:44.748 19374 19456 V IPTVCallbackListener: T_QUERY_OTT_Connect_Server_Ack Progress status : 102
03-28 01:44:44.749 19374 19456 V IPTVCallbackListener: T_QUERY_OTT_Connect_Server_Ack Progress status : 103
03-28 01:44:44.749 19374 19456 V IPTVCallbackListener: T_QUERY_OTT_Connect_Server_Ack Progress status : 104
03-28 01:44:44.834 19374 19374 V MainLiveActivity: onStart
03-28 01:44:44.835 19374 19374 V IVolumeBar: setMute : false
03-28 01:44:44.835  2163  3076 E AudioService: unexpected unmute for stream: 3
03-28 01:44:44.836 19374 19374 V IVolumeBar: origin volume: 15 12
03-28 01:44:44.836 19374 19374 V IVolumeBar: setMute : false
03-28 01:44:44.836  2163 19571 E AudioService: unexpected unmute for stream: 3
03-28 01:44:44.837 19374 19374 D MainLiveActivity: onStart IPTVManager.isHiddenServer() : false
03-28 01:44:44.843 19374 19374 D MainLiveActivity: onActivityResult requestCode : 256 , resultCode : 0 1281
03-28 01:44:44.843 19374 19374 V MainLiveActivity: changeMode : 1281
03-28 01:44:44.843 19374 19374 V MainLiveActivity: changeMode : 1281
03-28 01:44:44.843 19374 19374 D WDate   : setFormat format : dd-MM-yyyy
03-28 01:44:44.854 19374 19374 V MainLiveActivity: onResume
03-28 01:44:44.855 19374 19374 V dave    : getLauncher 
03-28 01:44:44.856 19374 19374 D MainLiveActivity: === dateFormat : dd-MM-yyyy
03-28 01:44:44.856 19374 19374 D MainLiveActivity: onResume IPTVManager.isServerConnected() : false / viewMode : 1281
03-28 01:44:44.857 19374 19374 V IPTVManager: REQ_getMacString : 0
03-28 01:44:44.857 19374 19374 V MainLiveActivity: changeMode : 1281
03-28 01:44:44.857 19374 19374 V MainLiveActivity: changeMode : 1281
03-28 01:44:44.857 19374 19374 D WDate   : setFormat format : dd-MM-yyyy
03-28 01:44:44.862 19374 19374 W ContextImpl: Calling a method in the system process without a qualified user: android.app.ContextImpl.sendBroadcast:1200 android.content.ContextWrapper.sendBroadcast:365 android.app.ActivityThread.performResumeActivity:2785 android.app.ActivityThread.handleResumeActivity:2823 android.app.ActivityThread.handleLaunchActivity:2250 
03-28 01:44:44.868 19374 19374 E ViewRootImpl: 201409092 enable acc for view=com.siptv.mytv/com.siptv.mytv.MainLiveActivity
03-28 01:44:44.896 19374 19374 D OpenGLRenderer: Enabling debug mode 0
03-28 01:44:44.920 19374 19374 D Cho     : onAttachedToWindow
03-28 01:44:44.925 19374 19374 D Cho     : onAttachedToWindow
03-28 01:44:44.929 19374 19374 D Cho     : onAttachedToWindow
03-28 01:44:44.929 19374 19374 D WDate   : setFormat format : dd-MM-yyyy
03-28 01:44:45.107 19374 19456 F ----STALKER CPP----: m_portalver [4.9.19]
