--------- beginning of /dev/log/system
03-27 19:59:53.445  3517  3517 W ContextImpl: Calling a method in the system process without a qualified user: android.app.ContextImpl.sendBroadcast:1200 android.content.ContextWrapper.sendBroadcast:365 android.app.ActivityThread.performPauseActivity:3061 android.app.ActivityThread.performPauseActivity:3023 android.app.ActivityThread.handlePauseActivity:3001 
03-27 19:59:53.510  3517  3517 W ContextImpl: Calling a method in the system process without a qualified user: android.app.ContextImpl.sendBroadcast:1200 android.content.ContextWrapper.sendBroadcast:365 android.app.ActivityThread.performResumeActivity:2785 android.app.ActivityThread.handleResumeActivity:2823 android.app.ActivityThread.handleLaunchActivity:2250 
03-27 19:59:55.844  2163  2272 W ContextImpl: Calling a method in the system process without a qualified user: android.app.ContextImpl.sendStickyBroadcast:1358 android.net.EthernetDataTracker.postNotification:695 android.net.EthernetDataTracker.teardown:796 android.net.EthernetDataTracker.interfaceRemoved:211 android.net.EthernetDataTracker.stopInterface:1177 
03-27 19:59:55.848  2163  2875 D ConnectivityService: ConnectivityChange for ETHERNET: DISCONNECTED/DISCONNECTED
03-27 19:59:55.848  2163  2875 D ConnectivityService: tryFailover: set mActiveDefaultNetwork=-1, prevNetType=9
03-27 19:59:55.850  2163  2875 D ConnectivityService: Attempting to switch to mobile
03-27 19:59:55.850  2163  2875 D ConnectivityService: Coexist!! Change to NetworkType(1)!
03-27 19:59:55.850  2163  2875 D ConnectivityService: send msg EVENT_STATE_CHANGED, switch to checkInfo: NetworkInfo: type: WIFI[], state: CONNECTED/CONNECTED, reason: (unspecified), extra: "H2", roaming: false, failover: false, isAvailable: true, isConnectedToProvisioningNetwork: false
03-27 19:59:55.851  2163  2875 E ConnectivityService: handle Disconnect delete dnses
03-27 19:59:55.852  2163  2875 E ConnectivityService: netType(9) dnses: [/192.168.1.1]
03-27 19:59:55.852  2163  2875 E ConnectivityService: checkingnet.dns1 192.168.1.1
03-27 19:59:55.852  2163  2875 E ConnectivityService: checkingnet.dns2 
03-27 19:59:55.852  2163  2875 E ConnectivityService: deleteDnsLocked: last = 1
03-27 19:59:55.853  2163  2875 E ConnectivityService: no dns Remain!!
03-27 19:59:55.853  2163  2875 E ConnectivityService: mNumDnsEntries after delete: 0
03-27 19:59:55.855  2163  2875 D ConnectivityService: curLp before coexist handle: {InterfaceName: eth0 LinkAddresses: [192.168.1.104/24,]  Routes: [192.168.1.0/24 -> 0.0.0.0,0.0.0.0/0 -> 192.168.1.1,] DnsAddresses: [192.168.1.1,] Domains: nullMTU: 0}
03-27 19:59:55.855  2163  2875 D ConnectivityService: newLp before coexist handle: null
03-27 19:59:55.855  2163  2875 D ConnectivityService: newLpPrefered before coexist handle: false
03-27 19:59:55.855  2163  2875 D ConnectivityService: Coexist!! hanleDisconnect!! Network(9) Disconnected!!
03-27 19:59:55.856  2163  2875 D ConnectivityService: curLp before updateRoutes: {InterfaceName: eth0 LinkAddresses: [192.168.1.104/24,]  Routes: [192.168.1.0/24 -> 0.0.0.0,0.0.0.0/0 -> 192.168.1.1,] DnsAddresses: [192.168.1.1,] Domains: nullMTU: 0}
03-27 19:59:55.856  2163  2875 D ConnectivityService: newLp before updateRoutes: null
03-27 19:59:55.856  2163  2875 D ConnectivityService: newLpPrefered before updateRoutes: false
03-27 19:59:55.856  2163  2875 D ConnectivityService: Coexist!! newLp is not Prefered!!
03-27 19:59:55.857  2163  2875 D ConnectivityService: ready to reset: eth0
03-27 19:59:55.858  2163  2875 D ConnectivityService: resetConnections(eth0, 3)
03-27 19:59:55.865  2163  2875 D Nat464Xlat: requiresClat: netType=9, hasIPv4Address=false
03-27 19:59:55.866  2163  2875 D ConnectivityService: ConnectivityChange for WIFI: CONNECTED/CONNECTED
03-27 19:59:55.866  2163  2875 D ConnectivityService: Coexist!! Do not teardown: WIFI
03-27 19:59:55.872  2163  2875 E ConnectivityService: Unexpected mtu value: android.net.wifi.WifiStateTracker@2cd682e0
03-27 19:59:55.893  2163  2875 E ConnectivityService: updatedns, getDnsRemain: mNumDnsEntries = 0
03-27 19:59:55.893  2163  2875 E ConnectivityService: updateDnsLocked, dnses:[/192.168.1.1]
03-27 19:59:55.895  2163  2875 E ConnectivityService: wifidns:[/192.168.1.1] g3dns:null ethdns:null
03-27 19:59:55.895  2163  2875 E ConnectivityService: updateDns, adding net.dns1 192.168.1.1
03-27 19:59:55.896  2163  2875 D ConnectivityService: handleConnectivityChange: address are the same reset per doReset linkProperty[1]: resetMask=0
03-27 19:59:55.897  2163  2875 D ConnectivityService: curLp before coexist handle: {InterfaceName: wlan0 LinkAddresses: [192.168.1.100/24,fe80::be1c:81ff:fe29:9f2d/64,]  Routes: [192.168.1.0/24 -> 0.0.0.0,0.0.0.0/0 -> 192.168.1.1,] DnsAddresses: [192.168.1.1,] Domains: HomeMTU: 0HttpProxy: [ProxyProperties.mHost == null] }
03-27 19:59:55.898  2163  2875 D ConnectivityService: newLp before coexist handle: {InterfaceName: wlan0 LinkAddresses: [192.168.1.100/24,fe80::be1c:81ff:fe29:9f2d/64,]  Routes: [192.168.1.0/24 -> 0.0.0.0,0.0.0.0/0 -> 192.168.1.1,] DnsAddresses: [192.168.1.1,] Domains: HomeMTU: 0HttpProxy: [ProxyProperties.mHost == null] }
03-27 19:59:55.898  2163  2875 D ConnectivityService: newLpPrefered before coexist handle: false
03-27 19:59:55.898  2163  2875 D ConnectivityService: Coexist!! No Previous Available Network!! New newType(1) Connected!!
03-27 19:59:55.899  2163  2875 D ConnectivityService: curLp before updateRoutes: {InterfaceName: wlan0 LinkAddresses: [192.168.1.100/24,fe80::be1c:81ff:fe29:9f2d/64,]  Routes: [192.168.1.0/24 -> 0.0.0.0,0.0.0.0/0 -> 192.168.1.1,] DnsAddresses: [192.168.1.1,] Domains: HomeMTU: 0HttpProxy: [ProxyProperties.mHost == null] }
03-27 19:59:55.899  2163  2875 D ConnectivityService: newLp before updateRoutes: {InterfaceName: wlan0 LinkAddresses: [192.168.1.100/24,fe80::be1c:81ff:fe29:9f2d/64,]  Routes: [192.168.1.0/24 -> 0.0.0.0,0.0.0.0/0 -> 192.168.1.1,] DnsAddresses: [192.168.1.1,] Domains: HomeMTU: 0HttpProxy: [ProxyProperties.mHost == null] }
03-27 19:59:55.899  2163  2875 D ConnectivityService: newLpPrefered before updateRoutes: true
03-27 19:59:55.899  2163  2875 D ConnectivityService: Coexist!! newLpPrefered !!!!
03-27 19:59:55.900  2163  2875 D ConnectivityService: Coexist!! newLpPrefered!! Only Remove Default Route!!
03-27 19:59:55.900  2163  2875 D ConnectivityService: Coexist!! newLpPrefered!! Remove Default route
03-27 19:59:55.905  2163  2875 D ConnectivityService: Adding 192.168.1.0/24 -> 0.0.0.0 into mAddedRoutes as it's already in use
03-27 19:59:55.908  2163  2875 D ConnectivityService: Adding 192.168.1.1/32 -> 0.0.0.0 into mAddedRoutes as it's already in use
03-27 19:59:55.910  2163  2875 D ConnectivityService: Adding 0.0.0.0/0 -> 192.168.1.1 into mAddedRoutes as it's already in use
03-27 19:59:55.917  2163  2875 D Nat464Xlat: requiresClat: netType=1, hasIPv4Address=true
03-27 19:59:55.918  2163  2875 D ConnectivityService: Coexist!! NewType(1) priority is higher than CurrentType(-1), update mActiveDefaultNetwork!
03-27 19:59:55.918  2163  2875 D ConnectivityService: handleInetConditionChange: net=-1 != default=1 - ignore
03-27 19:59:58.901  2163  2173 I ActivityManager: Killing 3231:com.google.android.gms/u0a6 (adj 9): 23279k from cached
03-27 19:59:59.094  2163  2875 D ConnectivityService: handleInetConditionHoldEnd: net=1, condition=100, published condition=0
03-27 19:59:59.109  2163  2194 I ActivityManager: Start proc com.google.android.gms for broadcast com.google.android.gms/.gcm.gmsproc.GmsAutoStarter: pid=31874 uid=10006 gids={50006, 3003, 1007, 1028, 1015, 3002, 3001, 3007, 2001, 3006}
03-27 19:59:59.513  2163  2875 D ConnectivityService: ConnectivityChange for ETHERNET: CONNECTED/CONNECTED
03-27 19:59:59.514  2163  2875 D ConnectivityService: Coexist!! Do not teardown: ETHERNET
03-27 19:59:59.516  2163 31864 W ContextImpl: Calling a method in the system process without a qualified user: android.app.ContextImpl.sendStickyBroadcast:1358 android.net.EthernetDataTracker.postNotification:695 android.net.EthernetDataTracker.access$800:60 android.net.EthernetDataTracker$1.run:299 java.lang.Thread.run:841 
03-27 19:59:59.516  2163  2875 E ConnectivityService: Unexpected mtu value: android.net.EthernetDataTracker@2cda90c8
03-27 19:59:59.525  2163  2875 E ConnectivityService: updatedns, getDnsRemain: mNumDnsEntries = 1
03-27 19:59:59.525  2163  2875 E ConnectivityService: updateDnsLocked, dnses:[/192.168.1.1]
03-27 19:59:59.575  2163  2875 E ConnectivityService: updateDnsLocked, dnses:[/192.168.1.1]
03-27 19:59:59.575  2163  2875 E ConnectivityService: wifidns:[/192.168.1.1] g3dns:null ethdns:[/192.168.1.1]
03-27 19:59:59.575  2163  2875 E ConnectivityService: updateDns: 192.168.1.1 Remain!!
03-27 19:59:59.576  2163  2875 E ConnectivityService: updateDns, adding net.dns1 192.168.1.1
03-27 19:59:59.580  2163  2875 D ConnectivityService: curLp before coexist handle: null
03-27 19:59:59.581  2163  2875 D ConnectivityService: newLp before coexist handle: {InterfaceName: eth0 LinkAddresses: [192.168.1.104/24,]  Routes: [192.168.1.0/24 -> 0.0.0.0,0.0.0.0/0 -> 192.168.1.1,] DnsAddresses: [192.168.1.1,] Domains: nullMTU: 0}
03-27 19:59:59.581  2163  2875 D ConnectivityService: newLpPrefered before coexist handle: false
03-27 19:59:59.581  2163  2875 D ConnectivityService: Coexist!! NetType(9) priority is higher than mActiveDefaultNetwork(1)
03-27 19:59:59.582  2163  2875 D ConnectivityService: curLp before updateRoutes: {InterfaceName: wlan0 LinkAddresses: [192.168.1.100/24,fe80::be1c:81ff:fe29:9f2d/64,]  Routes: [192.168.1.0/24 -> 0.0.0.0,0.0.0.0/0 -> 192.168.1.1,] DnsAddresses: [192.168.1.1,] Domains: HomeMTU: 0HttpProxy: [ProxyProperties.mHost == null] }
03-27 19:59:59.582  2163  2875 D ConnectivityService: newLp before updateRoutes: {InterfaceName: eth0 LinkAddresses: [192.168.1.104/24,]  Routes: [192.168.1.0/24 -> 0.0.0.0,0.0.0.0/0 -> 192.168.1.1,] DnsAddresses: [192.168.1.1,] Domains: nullMTU: 0}
03-27 19:59:59.583  2163  2875 D ConnectivityService: newLpPrefered before updateRoutes: true
03-27 19:59:59.583  2163  2875 D ConnectivityService: Coexist!! newLpPrefered !!!!
03-27 19:59:59.583  2163  2875 D ConnectivityService: Coexist!! newLpPrefered!! Only Remove Default Route!!
03-27 19:59:59.583  2163  2875 D ConnectivityService: Coexist!! newLpPrefered!! Remove Default route
03-27 19:59:59.591  2163  2875 D ConnectivityService: not adding 192.168.1.0/24 -> 0.0.0.0 into mAddedRoutes as it's already in use
03-27 19:59:59.602  2163  2875 D ConnectivityService: not adding 192.168.1.1/32 -> 0.0.0.0 into mAddedRoutes as it's already in use
03-27 19:59:59.604  2163  2875 D ConnectivityService: not adding 0.0.0.0/0 -> 192.168.1.1 into mAddedRoutes as it's already in use
03-27 19:59:59.611  2163  2875 D Nat464Xlat: requiresClat: netType=9, hasIPv4Address=true
03-27 19:59:59.615  2163  2875 D ConnectivityService: Coexist!! NewType(9) priority is higher than CurrentType(1), update mActiveDefaultNetwork!
03-27 19:59:59.616  2163  2875 D ConnectivityService: handleInetConditionChange: net=1 != default=9 - ignore
03-27 19:59:59.616  2163  2875 D ConnectivityService: handleInetConditionChange: net=1 != default=9 - ignore
03-27 20:00:00.584  2163  2875 D ConnectivityService: handleInetConditionHoldEnd: net=9, condition=100, published condition=0
03-27 20:00:02.627  2163  2973 D ConnectivityService: setProvNotificationVisible: E visible=false networkType=1 extraInfo=null url=null
03-27 20:00:03.095  2163 31750 W ContextImpl: Calling a method in the system process without a qualified user: android.app.ContextImpl.sendStickyBroadcast:1358 android.net.EthernetDataTracker.postNotification:695 android.net.EthernetDataTracker.teardown:796 android.net.EthernetDataTracker.interfaceRemoved:211 android.net.EthernetDataTracker.stopInterface:1177 
03-27 20:00:03.098  2163  2875 D ConnectivityService: ConnectivityChange for ETHERNET: DISCONNECTED/DISCONNECTED
03-27 20:00:03.099  2163  2875 D ConnectivityService: tryFailover: set mActiveDefaultNetwork=-1, prevNetType=9
03-27 20:00:03.100  2163  2875 D ConnectivityService: Attempting to switch to mobile
03-27 20:00:03.100  2163  2875 D ConnectivityService: Coexist!! Change to NetworkType(1)!
03-27 20:00:03.100  2163  2875 D ConnectivityService: send msg EVENT_STATE_CHANGED, switch to checkInfo: NetworkInfo: type: WIFI[], state: CONNECTED/CONNECTED, reason: (unspecified), extra: "H2", roaming: false, failover: false, isAvailable: true, isConnectedToProvisioningNetwork: false
03-27 20:00:03.101  2163  2875 E ConnectivityService: handle Disconnect delete dnses
03-27 20:00:03.101  2163  2875 E ConnectivityService: netType(9) dnses: [/192.168.1.1]
03-27 20:00:03.101  2163  2875 E ConnectivityService: checkingnet.dns1 192.168.1.1
03-27 20:00:03.102  2163  2875 E ConnectivityService: checkingnet.dns2 
03-27 20:00:03.102  2163  2875 E ConnectivityService: deleteDnsLocked: last = 1
03-27 20:00:03.102  2163  2875 E ConnectivityService: no dns Remain!!
03-27 20:00:03.102  2163  2875 E ConnectivityService: mNumDnsEntries after delete: 0
03-27 20:00:03.105  2163  2875 D ConnectivityService: curLp before coexist handle: {InterfaceName: eth0 LinkAddresses: [192.168.1.104/24,]  Routes: [192.168.1.0/24 -> 0.0.0.0,0.0.0.0/0 -> 192.168.1.1,] DnsAddresses: [192.168.1.1,] Domains: nullMTU: 0}
03-27 20:00:03.105  2163  2875 D ConnectivityService: newLp before coexist handle: null
03-27 20:00:03.105  2163  2875 D ConnectivityService: newLpPrefered before coexist handle: false
03-27 20:00:03.105  2163  2875 D ConnectivityService: Coexist!! hanleDisconnect!! Network(9) Disconnected!!
03-27 20:00:03.106  2163  2875 D ConnectivityService: curLp before updateRoutes: {InterfaceName: eth0 LinkAddresses: [192.168.1.104/24,]  Routes: [192.168.1.0/24 -> 0.0.0.0,0.0.0.0/0 -> 192.168.1.1,] DnsAddresses: [192.168.1.1,] Domains: nullMTU: 0}
03-27 20:00:03.107  2163  2875 D ConnectivityService: newLp before updateRoutes: null
03-27 20:00:03.107  2163  2875 D ConnectivityService: newLpPrefered before updateRoutes: false
03-27 20:00:03.107  2163  2875 D ConnectivityService: Coexist!! newLp is not Prefered!!
03-27 20:00:03.109  2163  2875 D ConnectivityService: ready to reset: eth0
03-27 20:00:03.109  2163  2875 D ConnectivityService: resetConnections(eth0, 3)
03-27 20:00:03.116  2163  2875 D Nat464Xlat: requiresClat: netType=9, hasIPv4Address=false
03-27 20:00:03.117  2163  2875 D ConnectivityService: ConnectivityChange for WIFI: CONNECTED/CONNECTED
03-27 20:00:03.121  2163  2875 D ConnectivityService: Coexist!! Do not teardown: WIFI
03-27 20:00:03.127  2163  2875 E ConnectivityService: Unexpected mtu value: android.net.wifi.WifiStateTracker@2cd682e0
03-27 20:00:03.138  2163  2875 E ConnectivityService: updatedns, getDnsRemain: mNumDnsEntries = 0
03-27 20:00:03.138  2163  2875 E ConnectivityService: updateDnsLocked, dnses:[/192.168.1.1]
03-27 20:00:03.141  2163  2875 E ConnectivityService: wifidns:[/192.168.1.1] g3dns:null ethdns:null
03-27 20:00:03.141  2163  2875 E ConnectivityService: updateDns, adding net.dns1 192.168.1.1
03-27 20:00:03.143  2163  2875 D ConnectivityService: handleConnectivityChange: address are the same reset per doReset linkProperty[1]: resetMask=0
03-27 20:00:03.145  2163  2875 D ConnectivityService: curLp before coexist handle: {InterfaceName: wlan0 LinkAddresses: [192.168.1.100/24,fe80::be1c:81ff:fe29:9f2d/64,]  Routes: [192.168.1.0/24 -> 0.0.0.0,0.0.0.0/0 -> 192.168.1.1,] DnsAddresses: [192.168.1.1,] Domains: HomeMTU: 0HttpProxy: [ProxyProperties.mHost == null] }
03-27 20:00:03.146  2163  2875 D ConnectivityService: newLp before coexist handle: {InterfaceName: wlan0 LinkAddresses: [192.168.1.100/24,fe80::be1c:81ff:fe29:9f2d/64,]  Routes: [192.168.1.0/24 -> 0.0.0.0,0.0.0.0/0 -> 192.168.1.1,] DnsAddresses: [192.168.1.1,] Domains: HomeMTU: 0HttpProxy: [ProxyProperties.mHost == null] }
03-27 20:00:03.146  2163  2875 D ConnectivityService: newLpPrefered before coexist handle: false
03-27 20:00:03.146  2163  2875 D ConnectivityService: Coexist!! No Previous Available Network!! New newType(1) Connected!!
03-27 20:00:03.147  2163  2875 D ConnectivityService: curLp before updateRoutes: {InterfaceName: wlan0 LinkAddresses: [192.168.1.100/24,fe80::be1c:81ff:fe29:9f2d/64,]  Routes: [192.168.1.0/24 -> 0.0.0.0,0.0.0.0/0 -> 192.168.1.1,] DnsAddresses: [192.168.1.1,] Domains: HomeMTU: 0HttpProxy: [ProxyProperties.mHost == null] }
03-27 20:00:03.147  2163  2875 D ConnectivityService: newLp before updateRoutes: {InterfaceName: wlan0 LinkAddresses: [192.168.1.100/24,fe80::be1c:81ff:fe29:9f2d/64,]  Routes: [192.168.1.0/24 -> 0.0.0.0,0.0.0.0/0 -> 192.168.1.1,] DnsAddresses: [192.168.1.1,] Domains: HomeMTU: 0HttpProxy: [ProxyProperties.mHost == null] }
03-27 20:00:03.148  2163  2875 D ConnectivityService: newLpPrefered before updateRoutes: true
03-27 20:00:03.148  2163  2875 D ConnectivityService: Coexist!! newLpPrefered !!!!
03-27 20:00:03.148  2163  2875 D ConnectivityService: Coexist!! newLpPrefered!! Only Remove Default Route!!
03-27 20:00:03.148  2163  2875 D ConnectivityService: Coexist!! newLpPrefered!! Remove Default route
03-27 20:00:03.155  2163  2875 D ConnectivityService: not adding 192.168.1.0/24 -> 0.0.0.0 into mAddedRoutes as it's already in use
03-27 20:00:03.157  2163  2875 D ConnectivityService: Adding 192.168.1.1/32 -> 0.0.0.0 into mAddedRoutes as it's already in use
03-27 20:00:03.161  2163  2875 D ConnectivityService: Adding 0.0.0.0/0 -> 192.168.1.1 into mAddedRoutes as it's already in use
03-27 20:00:03.166  2163  2875 D Nat464Xlat: requiresClat: netType=1, hasIPv4Address=true
03-27 20:00:03.167  2163  2875 D ConnectivityService: Coexist!! NewType(1) priority is higher than CurrentType(-1), update mActiveDefaultNetwork!
03-27 20:00:03.168  2163  2875 D ConnectivityService: handleInetConditionChange: net=-1 != default=1 - ignore
03-27 20:00:03.187  2163  2875 D ConnectivityService: handleInetConditionHoldEnd: net=9, condition=100, published condition=0
03-27 20:00:03.187  2163  2875 D ConnectivityService: handleInetConditionHoldEnd: event hold for obsolete network - ignoring
03-27 20:00:04.488  3517  3517 W ContextImpl: Calling a method in the system process without a qualified user: android.app.ContextImpl.sendBroadcast:1200 android.content.ContextWrapper.sendBroadcast:365 android.app.ActivityThread.performPauseActivity:3061 android.app.ActivityThread.performPauseActivity:3023 android.app.ActivityThread.handlePauseActivity:3001 
03-27 20:00:04.499  3517  3517 W ContextImpl: Calling a method in the system process without a qualified user: android.app.ContextImpl.sendBroadcast:1200 android.content.ContextWrapper.sendBroadcast:365 android.app.ActivityThread.performResumeActivity:2785 android.app.ActivityThread.handleResumeActivity:2823 android.app.ActivityThread$H.handleMessage:1238 
03-27 20:00:05.959  2163  2875 D ConnectivityService: handleInetConditionHoldEnd: net=1, condition=100, published condition=0
03-27 20:00:06.648  2163  3074 I ActivityManager: START u0 {act=android.intent.action.MAIN cmp=com.android.settings/.SubSettings (has extras)} from pid 3517
03-27 20:00:06.655  3517  3517 W ContextImpl: Calling a method in the system process without a qualified user: android.app.ContextImpl.sendBroadcast:1200 android.content.ContextWrapper.sendBroadcast:365 android.app.ActivityThread.performPauseActivity:3061 android.app.ActivityThread.performPauseActivity:3023 android.app.ActivityThread.handlePauseActivity:3001 
03-27 20:00:06.689  2163  2875 D ConnectivityService: handleInetConditionHoldEnd: net=1, condition=0, published condition=100
03-27 20:00:06.740  3517  3517 W ContextImpl: Calling a method in the system process without a qualified user: android.app.ContextImpl.sendBroadcast:1200 android.content.ContextWrapper.sendBroadcast:365 android.app.ActivityThread.performResumeActivity:2785 android.app.ActivityThread.handleResumeActivity:2823 android.app.ActivityThread.handleLaunchActivity:2250 
03-27 20:00:09.783  2163  2875 D ConnectivityService: handleInetConditionHoldEnd: net=1, condition=100, published condition=0
03-27 20:00:15.417  2163  2163 D WifiStateTracker: Do not change WIFI_P2P info!!!
03-27 20:00:15.417  2163  2875 D ConnectivityService: ConnectivityChange for WIFI: DISCONNECTED/DISCONNECTED
03-27 20:00:15.417  2163  2875 D ConnectivityService: tryFailover: set mActiveDefaultNetwork=-1, prevNetType=1
03-27 20:00:15.422  2163  2875 D ConnectivityService: Attempting to switch to mobile
03-27 20:00:15.423  2163  2875 W ContextImpl: Calling a method in the system process without a qualified user: android.app.ContextImpl.sendStickyBroadcast:1358 android.net.EthernetDataTracker.postNotification:695 android.net.EthernetDataTracker.reconnect:969 com.android.server.ConnectivityService.tryFailover:2175 com.android.server.ConnectivityService.handleDisconnect:2052 
03-27 20:00:15.424  2163  2875 D ConnectivityService: Attempting to switch to ETHERNET
03-27 20:00:15.425  2163  2875 D ConnectivityService: Attempting to switch to G3
03-27 20:00:15.425  2163  2875 D WifiStateTracker: do not disguise!
03-27 20:00:15.425  2163  2875 D WifiStateTracker: do not disguise!
03-27 20:00:15.425  2163  2875 E ConnectivityService: handle Disconnect delete dnses
03-27 20:00:15.425  2163  2875 E ConnectivityService: netType(1) dnses: [/192.168.1.1]
03-27 20:00:15.425  2163  2875 D WifiStateTracker: do not disguise!
03-27 20:00:15.425  2163  2875 E ConnectivityService: checkingnet.dns1 192.168.1.1
03-27 20:00:15.426  2163  2875 E ConnectivityService: checkingnet.dns2 
03-27 20:00:15.426  2163  2875 E ConnectivityService: deleteDnsLocked: last = 1
03-27 20:00:15.426  2163  2875 E ConnectivityService: no dns Remain!!
03-27 20:00:15.426  2163  2875 E ConnectivityService: mNumDnsEntries after delete: 0
03-27 20:00:15.427  2163  2875 D WifiStateTracker: do not disguise!
03-27 20:00:15.430  2163  2875 D ConnectivityService: curLp before coexist handle: {InterfaceName: wlan0 LinkAddresses: [192.168.1.100/24,fe80::be1c:81ff:fe29:9f2d/64,]  Routes: [192.168.1.0/24 -> 0.0.0.0,0.0.0.0/0 -> 192.168.1.1,] DnsAddresses: [192.168.1.1,] Domains: HomeMTU: 0HttpProxy: [ProxyProperties.mHost == null] }
03-27 20:00:15.430  2163  2875 D ConnectivityService: newLp before coexist handle: null
03-27 20:00:15.430  2163  2875 D ConnectivityService: newLpPrefered before coexist handle: false
03-27 20:00:15.430  2163  2875 D ConnectivityService: Coexist!! hanleDisconnect!! Network(1) Disconnected!!
03-27 20:00:15.430  2163  2875 D ConnectivityService: curLp before updateRoutes: {InterfaceName: wlan0 LinkAddresses: [192.168.1.100/24,fe80::be1c:81ff:fe29:9f2d/64,]  Routes: [192.168.1.0/24 -> 0.0.0.0,0.0.0.0/0 -> 192.168.1.1,] DnsAddresses: [192.168.1.1,] Domains: HomeMTU: 0HttpProxy: [ProxyProperties.mHost == null] }
03-27 20:00:15.431  2163  2875 D ConnectivityService: newLp before updateRoutes: null
03-27 20:00:15.431  2163  2875 D ConnectivityService: newLpPrefered before updateRoutes: false
03-27 20:00:15.431  2163  2875 D ConnectivityService: Coexist!! newLp is not Prefered!!
03-27 20:00:15.431  2163  2875 D ConnectivityService: ready to reset: wlan0
03-27 20:00:15.431  2163  2875 D ConnectivityService: resetConnections(wlan0, 3)
03-27 20:00:15.436  2163  2875 D Nat464Xlat: requiresClat: netType=1, hasIPv4Address=false
03-27 20:00:15.436  2163  2875 D WifiStateTracker: do not disguise!
03-27 20:00:15.438  2163  2871 D WifiStateTracker: do not disguise!
03-27 20:00:15.443  2163  2875 D ConnectivityService: handleInetConditionChange: no active default network - ignore
03-27 20:00:15.460  2163  2870 D WifiStateTracker: do not disguise!
03-27 20:00:16.187  2163  2973 D ConnectivityService: setProvNotificationVisible: E visible=false networkType=1 extraInfo=null url=null
03-27 20:00:16.189  2163  2973 D ConnectivityService: captivePortalCheckCompleted: ni=NetworkInfo: type: WIFI[], state: CONNECTED/CONNECTED, reason: (unspecified), extra: "H2", roaming: false, failover: false, isAvailable: true, isConnectedToProvisioningNetwork: false captive=false
03-27 20:00:16.190  1447 32219 W SocketClient: write error (Broken pipe)
03-27 20:00:18.450  2163  2973 D ConnectivityService: setProvNotificationVisible: E visible=false networkType=1 extraInfo=null url=null
03-27 20:00:18.451  2163  2195 D WifiStateTracker: do not disguise!
03-27 20:00:18.457  2163  2174 D WifiStateTracker: do not disguise!
03-27 20:00:18.458  2163  3055 D WifiStateTracker: do not disguise!
03-27 20:00:19.603  2163  2875 D ConnectivityService: handleInetConditionChange: no active default network - ignore
03-27 20:00:21.454  2163  3074 W InputMethodManagerService: Window already focused, ignoring focus gain of: com.android.internal.view.IInputMethodClient$Stub$Proxy@2cf91bf8 attribute=null, token = android.os.BinderProxy@2cf0d088
03-27 20:00:22.288  2163  2163 D WifiStateTracker: Do not change WIFI_P2P info!!!
03-27 20:00:23.116  2163  2163 D WifiStateTracker: Do not change WIFI_P2P info!!!
03-27 20:00:23.129  2163  2163 D WifiStateTracker: Do not change WIFI_P2P info!!!
03-27 20:00:23.130  2163  2875 D ConnectivityService: Captive portal check NetworkInfo: type: WIFI[], state: CONNECTING/CAPTIVE_PORTAL_CHECK, reason: (unspecified), extra: "H2", roaming: false, failover: false, isAvailable: true, isConnectedToProvisioningNetwork: false
03-27 20:00:23.130  2163  2875 D ConnectivityService: handleCaptivePortalTrackerCheck: call captivePortalCheckComplete ni=NetworkInfo: type: WIFI[], state: CONNECTING/CAPTIVE_PORTAL_CHECK, reason: (unspecified), extra: "H2", roaming: false, failover: false, isAvailable: true, isConnectedToProvisioningNetwork: false
03-27 20:00:23.142  2163  2163 D WifiStateTracker: Do not change WIFI_P2P info!!!
03-27 20:00:23.145  2163  2875 D ConnectivityService: ConnectivityChange for WIFI: CONNECTED/CONNECTED
03-27 20:00:23.146  2163  2875 D ConnectivityService: Coexist!! Do not teardown: WIFI
03-27 20:00:23.149  2163  2875 E ConnectivityService: Unexpected mtu value: android.net.wifi.WifiStateTracker@2cd682e0
03-27 20:00:23.154  2163  2875 E ConnectivityService: updatedns, getDnsRemain: mNumDnsEntries = 0
03-27 20:00:23.154  2163  2875 E ConnectivityService: updateDnsLocked, dnses:[/192.168.1.1]
03-27 20:00:23.156  2163  2875 E ConnectivityService: wifidns:[/192.168.1.1] g3dns:null ethdns:null
03-27 20:00:23.156  2163  2875 E ConnectivityService: updateDns, adding net.dns1 192.168.1.1
03-27 20:00:23.157  2163  2875 D ConnectivityService: curLp before coexist handle: null
03-27 20:00:23.158  2163  2875 D ConnectivityService: newLp before coexist handle: {InterfaceName: wlan0 LinkAddresses: [192.168.1.100/24,]  Routes: [192.168.1.0/24 -> 0.0.0.0,0.0.0.0/0 -> 192.168.1.1,] DnsAddresses: [192.168.1.1,] Domains: HomeMTU: 0HttpProxy: [ProxyProperties.mHost == null] }
03-27 20:00:23.158  2163  2875 D ConnectivityService: newLpPrefered before coexist handle: false
03-27 20:00:23.159  2163  2875 D ConnectivityService: Coexist!! No Previous Available Network!! New newType(1) Connected!!
03-27 20:00:23.159  2163  2875 D ConnectivityService: curLp before updateRoutes: null
03-27 20:00:23.160  2163  2875 D ConnectivityService: newLp before updateRoutes: {InterfaceName: wlan0 LinkAddresses: [192.168.1.100/24,]  Routes: [192.168.1.0/24 -> 0.0.0.0,0.0.0.0/0 -> 192.168.1.1,] DnsAddresses: [192.168.1.1,] Domains: HomeMTU: 0HttpProxy: [ProxyProperties.mHost == null] }
03-27 20:00:23.160  2163  2875 D ConnectivityService: newLpPrefered before updateRoutes: true
03-27 20:00:23.160  2163  2875 D ConnectivityService: not adding 192.168.1.0/24 -> 0.0.0.0 into mAddedRoutes as it's already in use
03-27 20:00:23.162  2163  2875 D ConnectivityService: not adding 192.168.1.1/32 -> 0.0.0.0 into mAddedRoutes as it's already in use
03-27 20:00:23.164  2163  2875 D ConnectivityService: not adding 0.0.0.0/0 -> 192.168.1.1 into mAddedRoutes as it's already in use
03-27 20:00:23.166  2163  2875 D Nat464Xlat: requiresClat: netType=1, hasIPv4Address=true
03-27 20:00:23.170  2163  2875 D ConnectivityService: Coexist!! NewType(1) priority is higher than CurrentType(-1), update mActiveDefaultNetwork!
03-27 20:00:24.188  2163  2163 D WifiStateTracker: Do not change WIFI_P2P info!!!
03-27 20:00:24.199  2163  2875 E ConnectivityService: updatedns, getDnsRemain: mNumDnsEntries = 1
03-27 20:00:24.199  2163  2875 E ConnectivityService: updateDnsLocked, dnses:[/192.168.1.1]
03-27 20:00:24.201  2163  2875 E ConnectivityService: wifidns:[/192.168.1.1] g3dns:null ethdns:null
03-27 20:00:24.201  2163  2875 E ConnectivityService: updateDns: 192.168.1.1 Remain!!
03-27 20:00:24.202  2163  2875 E ConnectivityService: updateDns, adding net.dns1 192.168.1.1
03-27 20:00:24.205  2163  2875 D ConnectivityService: handleConnectivityChange: addresses changed linkProperty[1]: resetMask=0
03-27 20:00:24.205  2163  2875 D ConnectivityService:    car=removed=[] added=[fe80::be1c:81ff:fe29:9f2d/64,]
03-27 20:00:24.206  2163  2875 D ConnectivityService: curLp before coexist handle: {InterfaceName: wlan0 LinkAddresses: [192.168.1.100/24,]  Routes: [192.168.1.0/24 -> 0.0.0.0,0.0.0.0/0 -> 192.168.1.1,] DnsAddresses: [192.168.1.1,] Domains: HomeMTU: 0HttpProxy: [ProxyProperties.mHost == null] }
03-27 20:00:24.206  2163  2875 D ConnectivityService: newLp before coexist handle: {InterfaceName: wlan0 LinkAddresses: [192.168.1.100/24,fe80::be1c:81ff:fe29:9f2d/64,]  Routes: [192.168.1.0/24 -> 0.0.0.0,0.0.0.0/0 -> 192.168.1.1,] DnsAddresses: [192.168.1.1,] Domains: HomeMTU: 0HttpProxy: [ProxyProperties.mHost == null] }
03-27 20:00:24.206  2163  2875 D ConnectivityService: newLpPrefered before coexist handle: false
03-27 20:00:24.207  2163  2875 D ConnectivityService: Coexist!! mActiveDefaultNetwork and netType is the same: 1
03-27 20:00:24.207  2163  2875 D ConnectivityService: curLp before updateRoutes: {InterfaceName: wlan0 LinkAddresses: [192.168.1.100/24,]  Routes: [192.168.1.0/24 -> 0.0.0.0,0.0.0.0/0 -> 192.168.1.1,] DnsAddresses: [192.168.1.1,] Domains: HomeMTU: 0HttpProxy: [ProxyProperties.mHost == null] }
03-27 20:00:24.208  2163  2875 D ConnectivityService: newLp before updateRoutes: {InterfaceName: wlan0 LinkAddresses: [192.168.1.100/24,fe80::be1c:81ff:fe29:9f2d/64,]  Routes: [192.168.1.0/24 -> 0.0.0.0,0.0.0.0/0 -> 192.168.1.1,] DnsAddresses: [192.168.1.1,] Domains: HomeMTU: 0HttpProxy: [ProxyProperties.mHost == null] }
03-27 20:00:24.208  2163  2875 D ConnectivityService: newLpPrefered before updateRoutes: true
03-27 20:00:24.208  2163  2875 D ConnectivityService: Coexist!! newLpPrefered !!!!
03-27 20:00:24.208  2163  2875 D ConnectivityService: Coexist!! newLpPrefered!! Only Remove Default Route!!
03-27 20:00:24.208  2163  2875 D ConnectivityService: Coexist!! newLpPrefered!! Remove Default route
03-27 20:00:24.215  2163  2875 D ConnectivityService: not adding 192.168.1.0/24 -> 0.0.0.0 into mAddedRoutes as it's already in use
03-27 20:00:24.219  2163  2875 D ConnectivityService: Adding 192.168.1.1/32 -> 0.0.0.0 into mAddedRoutes as it's already in use
03-27 20:00:24.223  2163  2875 D ConnectivityService: Adding 0.0.0.0/0 -> 192.168.1.1 into mAddedRoutes as it's already in use
03-27 20:00:24.233  2163  2875 D Nat464Xlat: requiresClat: netType=1, hasIPv4Address=true
03-27 20:00:27.119  2163  2875 D ConnectivityService: handleInetConditionHoldEnd: net=1, condition=100, published condition=0
03-27 20:00:36.188  2163  2973 D ConnectivityService: setProvNotificationVisible: E visible=false networkType=1 extraInfo=null url=null
03-27 20:00:36.339  2163  2973 D ConnectivityService: captivePortalCheckCompleted: ni=NetworkInfo: type: WIFI[], state: CONNECTED/CONNECTED, reason: (unspecified), extra: "H2", roaming: false, failover: false, isAvailable: true, isConnectedToProvisioningNetwork: false captive=false
03-27 20:00:51.929  3517  3517 W ContextImpl: Calling a method in the system process without a qualified user: android.app.ContextImpl.sendBroadcast:1200 android.content.ContextWrapper.sendBroadcast:365 android.app.ActivityThread.performPauseActivity:3061 android.app.ActivityThread.performPauseActivity:3023 android.app.ActivityThread.handlePauseActivity:3001 
03-27 20:00:51.939  3517  3517 W ContextImpl: Calling a method in the system process without a qualified user: android.app.ContextImpl.sendBroadcast:1200 android.content.ContextWrapper.sendBroadcast:365 android.app.ActivityThread.performResumeActivity:2785 android.app.ActivityThread.handleResumeActivity:2823 android.app.ActivityThread$H.handleMessage:1238 
03-27 20:02:52.191  3517  3517 W ContextImpl: Calling a method in the system process without a qualified user: android.app.ContextImpl.sendBroadcast:1200 android.content.ContextWrapper.sendBroadcast:365 android.app.ActivityThread.performPauseActivity:3061 android.app.ActivityThread.performPauseActivity:3023 android.app.ActivityThread.handlePauseActivity:3001 
03-27 20:02:52.214  3085  3085 W ContextImpl: Calling a method in the system process without a qualified user: android.app.ContextImpl.sendBroadcast:1200 android.content.ContextWrapper.sendBroadcast:365 android.app.ActivityThread.performResumeActivity:2785 android.app.ActivityThread.handleResumeActivity:2823 android.app.ActivityThread$H.handleMessage:1238 
03-27 20:02:56.891  3085  3085 W ContextImpl: Calling a method in the system process without a qualified user: android.app.ContextImpl.sendBroadcast:1200 android.content.ContextWrapper.sendBroadcast:365 android.app.ActivityThread.performPauseActivity:3061 android.app.ActivityThread.performPauseActivity:3023 android.app.ActivityThread.handlePauseActivity:3001 
03-27 20:02:56.915  3085  3085 W ContextImpl: Calling a method in the system process without a qualified user: android.app.ContextImpl.sendBroadcast:1200 android.content.ContextWrapper.sendBroadcast:365 android.app.ActivityThread.performResumeActivity:2785 android.app.ActivityThread.handleResumeActivity:2823 android.app.ActivityThread$H.handleMessage:1238 
03-27 20:02:59.827  2163  3074 I ActivityManager: START u0 {act=android.intent.action.MAIN cat=[android.intent.category.LAUNCHER] flg=0x10004000 pkg=com.siptv.mytv cmp=com.siptv.mytv/.MainLiveActivity (has extras)} from pid 3085
03-27 20:02:59.969  3085  3085 W ContextImpl: Calling a method in the system process without a qualified user: android.app.ContextImpl.sendBroadcast:1200 android.content.ContextWrapper.sendBroadcast:365 android.app.ActivityThread.performPauseActivity:3061 android.app.ActivityThread.performPauseActivity:3023 android.app.ActivityThread.handlePauseActivity:3001 
03-27 20:03:00.046  2163 15603 I ActivityManager: Start proc com.siptv.mytv for activity com.siptv.mytv/.MainLiveActivity: pid=489 uid=1000 gids={41000, 1028, 1015, 3003, 3002, 3001}
03-27 20:03:00.809   489   504 W ActivityThread: ClassLoader.loadClass: The class loader returned by Thread.getContextClassLoader() may fail for processes that host multiple applications. You should explicitly specify a context class loader. For example: Thread.setContextClassLoader(getClass().getClassLoader());
03-27 20:03:01.205   489   489 W ContextImpl: Calling a method in the system process without a qualified user: android.app.ContextImpl.sendBroadcast:1200 android.content.ContextWrapper.sendBroadcast:365 android.app.ActivityThread.performResumeActivity:2785 android.app.ActivityThread.handleResumeActivity:2823 android.app.ActivityThread.handleLaunchActivity:2250 
03-27 20:03:01.544   489   489 E ActivityThread: Failed to find provider info for com.android.mysetting
03-27 20:03:17.905  2163  3076 I ActivityManager: START u0 {flg=0x40000 cmp=com.siptv.mytv/.VodListActivity} from pid 489
03-27 20:03:17.911   489   489 W ContextImpl: Calling a method in the system process without a qualified user: android.app.ContextImpl.sendBroadcast:1200 android.content.ContextWrapper.sendBroadcast:365 android.app.ActivityThread.performPauseActivity:3061 android.app.ActivityThread.performPauseActivity:3023 android.app.ActivityThread.handlePauseActivity:3001 
03-27 20:03:18.241   489   489 W ContextImpl: Calling a method in the system process without a qualified user: android.app.ContextImpl.sendBroadcast:1200 android.content.ContextWrapper.sendBroadcast:365 android.app.ActivityThread.performResumeActivity:2785 android.app.ActivityThread.handleResumeActivity:2823 android.app.ActivityThread.handleLaunchActivity:2250 
03-27 20:03:27.556   489   489 W ContextImpl: Calling a method in the system process without a qualified user: android.app.ContextImpl.sendBroadcast:1200 android.content.ContextWrapper.sendBroadcast:365 android.app.ActivityThread.performPauseActivity:3061 android.app.ActivityThread.performPauseActivity:3023 android.app.ActivityThread.handlePauseActivity:3001 
03-27 20:03:27.592   489   489 W ContextImpl: Calling a method in the system process without a qualified user: android.app.ContextImpl.sendBroadcast:1200 android.content.ContextWrapper.sendBroadcast:365 android.app.ActivityThread.performResumeActivity:2785 android.app.ActivityThread.handleResumeActivity:2823 android.app.ActivityThread$H.handleMessage:1238 
03-27 20:03:27.662   489   489 E ActivityThread: Failed to find provider info for com.android.mysetting
03-27 20:03:30.901  2163  3054 I ActivityManager: START u0 {flg=0x40000 cmp=com.siptv.mytv/.SettingActivity} from pid 489
03-27 20:03:30.909   489   489 W ContextImpl: Calling a method in the system process without a qualified user: android.app.ContextImpl.sendBroadcast:1200 android.content.ContextWrapper.sendBroadcast:365 android.app.ActivityThread.performPauseActivity:3061 android.app.ActivityThread.performPauseActivity:3023 android.app.ActivityThread.handlePauseActivity:3001 
03-27 20:03:30.981   489   489 W ContextImpl: Calling a method in the system process without a qualified user: android.app.ContextImpl.sendBroadcast:1200 android.content.ContextWrapper.sendBroadcast:365 android.app.ActivityThread.performResumeActivity:2785 android.app.ActivityThread.handleResumeActivity:2823 android.app.ActivityThread.handleLaunchActivity:2250 
03-27 20:03:47.932   489   489 W ContextImpl: Calling a method in the system process without a qualified user: android.app.ContextImpl.sendBroadcast:1200 android.content.ContextWrapper.sendBroadcast:365 android.app.ActivityThread.performPauseActivity:3061 android.app.ActivityThread.performPauseActivity:3023 android.app.ActivityThread.handlePauseActivity:3001 
03-27 20:03:47.967   489   489 W ContextImpl: Calling a method in the system process without a qualified user: android.app.ContextImpl.sendBroadcast:1200 android.content.ContextWrapper.sendBroadcast:365 android.app.ActivityThread.performResumeActivity:2785 android.app.ActivityThread.handleResumeActivity:2823 android.app.ActivityThread$H.handleMessage:1238 
03-27 20:03:54.980   489   489 W ContextImpl: Calling a method in the system process without a qualified user: android.app.ContextImpl.sendBroadcast:1200 android.content.ContextWrapper.sendBroadcast:365 android.app.ActivityThread.performPauseActivity:3061 android.app.ActivityThread.performPauseActivity:3023 android.app.ActivityThread.handlePauseActivity:3001 
03-27 20:03:55.005  3085  3085 W ContextImpl: Calling a method in the system process without a qualified user: android.app.ContextImpl.sendBroadcast:1200 android.content.ContextWrapper.sendBroadcast:365 android.app.ActivityThread.performResumeActivity:2785 android.app.ActivityThread.handleResumeActivity:2823 android.app.ActivityThread$H.handleMessage:1238 
03-27 20:03:55.357  2163  2173 I ActivityManager: Process com.siptv.mytv (pid 489) has died.
03-27 20:03:55.357  2163  3074 I WindowState: WIN DEATH: Window{2cf709f8 u0 com.siptv.mytv/com.siptv.mytv.MainLiveActivity}
03-27 20:03:55.358  2163  3074 W WindowManager: Force-removing child win Window{2cfd16a0 u0 SurfaceView} from container Window{2cf709f8 u0 com.siptv.mytv/com.siptv.mytv.MainLiveActivity}
03-27 20:03:55.362  2163  3074 W WindowManager: Force-removing child win Window{2d037e30 u0 SurfaceView} from container Window{2cf709f8 u0 com.siptv.mytv/com.siptv.mytv.MainLiveActivity}
03-27 20:03:55.364  2163  3074 W WindowManager: Force-removing child win Window{2d0a57b8 u0 SurfaceView} from container Window{2cf709f8 u0 com.siptv.mytv/com.siptv.mytv.MainLiveActivity}
03-27 20:03:55.369  2163  3147 W WindowManager: Failed looking up window
03-27 20:03:55.369  2163  3147 W WindowManager: java.lang.IllegalArgumentException: Requested window android.os.BinderProxy@2ce4ae78 does not exist
03-27 20:03:55.369  2163  3147 W WindowManager: 	at com.android.server.wm.WindowManagerService.windowForClientLocked(WindowManagerService.java:7966)
03-27 20:03:55.369  2163  3147 W WindowManager: 	at com.android.server.wm.WindowManagerService.windowForClientLocked(WindowManagerService.java:7957)
03-27 20:03:55.369  2163  3147 W WindowManager: 	at com.android.server.wm.WindowState$DeathRecipient.binderDied(WindowState.java:1047)
03-27 20:03:55.369  2163  3147 W WindowManager: 	at android.os.BinderProxy.sendDeathNotice(Binder.java:493)
03-27 20:03:55.369  2163  3147 W WindowManager: 	at dalvik.system.NativeStart.run(Native Method)
03-27 20:03:55.369  2163  3147 I WindowState: WIN DEATH: null
03-27 20:03:55.370  2163 31750 W WindowManager: Failed looking up window
03-27 20:03:55.370  2163 31750 W WindowManager: java.lang.IllegalArgumentException: Requested window android.os.BinderProxy@2ce2d7e0 does not exist
03-27 20:03:55.370  2163 31750 W WindowManager: 	at com.android.server.wm.WindowManagerService.windowForClientLocked(WindowManagerService.java:7966)
03-27 20:03:55.370  2163 31750 W WindowManager: 	at com.android.server.wm.WindowManagerService.windowForClientLocked(WindowManagerService.java:7957)
03-27 20:03:55.370  2163 31750 W WindowManager: 	at com.android.server.wm.WindowState$DeathRecipient.binderDied(WindowState.java:1047)
03-27 20:03:55.370  2163 31750 W WindowManager: 	at android.os.BinderProxy.sendDeathNotice(Binder.java:493)
03-27 20:03:55.370  2163 31750 W WindowManager: 	at dalvik.system.NativeStart.run(Native Method)
03-27 20:03:55.370  2163 31750 I WindowState: WIN DEATH: null
03-27 20:03:55.370  2163 15603 I WindowState: WIN DEATH: Window{2cf00f68 u0 com.siptv.mytv}
03-27 20:03:55.372  2163  3076 W WindowManager: Failed looking up window
03-27 20:03:55.372  2163  3076 W WindowManager: java.lang.IllegalArgumentException: Requested window android.os.BinderProxy@2cf4c9f8 does not exist
03-27 20:03:55.372  2163  3076 W WindowManager: 	at com.android.server.wm.WindowManagerService.windowForClientLocked(WindowManagerService.java:7966)
03-27 20:03:55.372  2163  3076 W WindowManager: 	at com.android.server.wm.WindowManagerService.windowForClientLocked(WindowManagerService.java:7957)
03-27 20:03:55.372  2163  3076 W WindowManager: 	at com.android.server.wm.WindowState$DeathRecipient.binderDied(WindowState.java:1047)
03-27 20:03:55.372  2163  3076 W WindowManager: 	at android.os.BinderProxy.sendDeathNotice(Binder.java:493)
03-27 20:03:55.372  2163  3076 W WindowManager: 	at dalvik.system.NativeStart.run(Native Method)
03-27 20:03:55.372  2163  3076 I WindowState: WIN DEATH: null
03-27 20:04:15.106  2163  2272 I ActivityManager: START u0 {flg=0x10008000 cmp=com.android.siptv.launcher/.myapps.AppListActivity} from pid 3085
03-27 20:04:15.248  3085  3085 W ContextImpl: Calling a method in the system process without a qualified user: android.app.ContextImpl.sendBroadcast:1200 android.content.ContextWrapper.sendBroadcast:365 android.app.ActivityThread.performPauseActivity:3061 android.app.ActivityThread.performPauseActivity:3023 android.app.ActivityThread.handlePauseActivity:3001 
03-27 20:04:15.425  3085  3085 W ContextImpl: Calling a method in the system process without a qualified user: android.app.ContextImpl.sendBroadcast:1200 android.content.ContextWrapper.sendBroadcast:365 android.app.ActivityThread.performResumeActivity:2785 android.app.ActivityThread.handleResumeActivity:2823 android.app.ActivityThread.handleLaunchActivity:2250 
03-27 20:04:15.583  3085  3085 W ContextImpl: Calling a method in the system process without a qualified user: android.app.ContextImpl.bindService:1620 android.content.ContextWrapper.bindService:517 com.android.siptv.launcher.myapps.AppListActivity$2.run:-1 android.os.Handler.handleCallback:733 android.os.Handler.dispatchMessage:95 
03-27 20:04:23.975  3085  3085 W ContextImpl: Calling a method in the system process without a qualified user: android.app.ContextImpl.sendBroadcast:1200 android.content.ContextWrapper.sendBroadcast:365 android.app.ActivityThread.performPauseActivity:3061 android.app.ActivityThread.performPauseActivity:3023 android.app.ActivityThread.handlePauseActivity:3001 
03-27 20:04:24.076  3085  3085 W ContextImpl: Calling a method in the system process without a qualified user: android.app.ContextImpl.sendBroadcast:1200 android.content.ContextWrapper.sendBroadcast:365 android.app.ActivityThread.performResumeActivity:2785 android.app.ActivityThread.handleResumeActivity:2823 android.app.ActivityThread$H.handleMessage:1238 
03-27 20:04:33.149  2163 31750 I ActivityManager: START u0 {flg=0x10008000 cmp=com.android.siptv.launcher/.settings.SettingsActivity} from pid 3085
03-27 20:04:33.279  3085  3085 W ContextImpl: Calling a method in the system process without a qualified user: android.app.ContextImpl.sendBroadcast:1200 android.content.ContextWrapper.sendBroadcast:365 android.app.ActivityThread.performPauseActivity:3061 android.app.ActivityThread.performPauseActivity:3023 android.app.ActivityThread.handlePauseActivity:3001 
03-27 20:04:33.469  3085  3085 W ContextImpl: Calling a method in the system process without a qualified user: android.app.ContextImpl.sendBroadcast:1200 android.content.ContextWrapper.sendBroadcast:365 android.app.ActivityThread.performResumeActivity:2785 android.app.ActivityThread.handleResumeActivity:2823 android.app.ActivityThread.handleLaunchActivity:2250 
03-27 20:04:34.868  2163  2173 I ActivityManager: START u0 {cmp=com.android.siptv.launcher/.install.settings.InstallWifiActivity (has extras)} from pid 3085
03-27 20:04:34.906  3085  3085 W ContextImpl: Calling a method in the system process without a qualified user: android.app.ContextImpl.sendBroadcast:1200 android.content.ContextWrapper.sendBroadcast:365 android.app.ActivityThread.performPauseActivity:3061 android.app.ActivityThread.performPauseActivity:3023 android.app.ActivityThread.handlePauseActivity:3001 
03-27 20:04:34.997  3085  3085 W ContextImpl: Calling a method in the system process without a qualified user: android.app.ContextImpl.sendBroadcast:1200 android.content.ContextWrapper.sendBroadcast:365 android.app.ActivityThread.performResumeActivity:2785 android.app.ActivityThread.handleResumeActivity:2823 android.app.ActivityThread.handleLaunchActivity:2250 
03-27 20:04:46.956  2163  2163 D WifiStateTracker: Do not change WIFI_P2P info!!!
03-27 20:04:46.959  2163  2875 D ConnectivityService: ConnectivityChange for WIFI: DISCONNECTED/DISCONNECTED
03-27 20:04:46.959  2163  2875 D ConnectivityService: tryFailover: set mActiveDefaultNetwork=-1, prevNetType=1
03-27 20:04:46.961  2163  2875 D ConnectivityService: Attempting to switch to mobile
03-27 20:04:46.962  2163  2875 W ContextImpl: Calling a method in the system process without a qualified user: android.app.ContextImpl.sendStickyBroadcast:1358 android.net.EthernetDataTracker.postNotification:695 android.net.EthernetDataTracker.reconnect:969 com.android.server.ConnectivityService.tryFailover:2175 com.android.server.ConnectivityService.handleDisconnect:2052 
03-27 20:04:46.963  2163  2875 D ConnectivityService: Attempting to switch to ETHERNET
03-27 20:04:46.963  2163  2875 D ConnectivityService: Attempting to switch to G3
03-27 20:04:46.964  2163  2875 D WifiStateTracker: do not disguise!
03-27 20:04:46.964  2163  2875 D WifiStateTracker: do not disguise!
03-27 20:04:46.964  2163  2875 E ConnectivityService: handle Disconnect delete dnses
03-27 20:04:46.964  2163  2875 E ConnectivityService: netType(1) dnses: [/192.168.1.1]
03-27 20:04:46.964  2163  2875 D WifiStateTracker: do not disguise!
03-27 20:04:46.964  2163  2875 E ConnectivityService: checkingnet.dns1 192.168.1.1
03-27 20:04:46.964  2163  2875 E ConnectivityService: checkingnet.dns2 
03-27 20:04:46.964  2163  2875 E ConnectivityService: deleteDnsLocked: last = 1
03-27 20:04:46.965  2163  2875 E ConnectivityService: no dns Remain!!
03-27 20:04:46.965  2163  2875 E ConnectivityService: mNumDnsEntries after delete: 0
03-27 20:04:46.965  2163  2875 D WifiStateTracker: do not disguise!
03-27 20:04:46.967  2163  2875 D ConnectivityService: curLp before coexist handle: {InterfaceName: wlan0 LinkAddresses: [192.168.1.100/24,fe80::be1c:81ff:fe29:9f2d/64,]  Routes: [192.168.1.0/24 -> 0.0.0.0,0.0.0.0/0 -> 192.168.1.1,] DnsAddresses: [192.168.1.1,] Domains: HomeMTU: 0HttpProxy: [ProxyProperties.mHost == null] }
03-27 20:04:46.967  2163  2875 D ConnectivityService: newLp before coexist handle: null
03-27 20:04:46.967  2163  2875 D ConnectivityService: newLpPrefered before coexist handle: false
03-27 20:04:46.967  2163  2875 D ConnectivityService: Coexist!! hanleDisconnect!! Network(1) Disconnected!!
03-27 20:04:46.968  2163  2875 D ConnectivityService: curLp before updateRoutes: {InterfaceName: wlan0 LinkAddresses: [192.168.1.100/24,fe80::be1c:81ff:fe29:9f2d/64,]  Routes: [192.168.1.0/24 -> 0.0.0.0,0.0.0.0/0 -> 192.168.1.1,] DnsAddresses: [192.168.1.1,] Domains: HomeMTU: 0HttpProxy: [ProxyProperties.mHost == null] }
03-27 20:04:46.968  2163  2875 D ConnectivityService: newLp before updateRoutes: null
03-27 20:04:46.968  2163  2875 D ConnectivityService: newLpPrefered before updateRoutes: false
03-27 20:04:46.968  2163  2875 D ConnectivityService: Coexist!! newLp is not Prefered!!
03-27 20:04:46.968  2163  2875 D ConnectivityService: ready to reset: wlan0
03-27 20:04:46.968  2163  2875 D ConnectivityService: resetConnections(wlan0, 3)
