03-28 01:06:30.154  2163  2873 D WifiHW  : wifi command = IFNAME=wlan0 BSS RANGE=0- MASK=0x21987
03-28 01:06:30.156  2163  2197 D EthernetDataTracker: Interface wlan0 link down
03-28 01:06:30.156  2163  2197 D G3StateTracker: 3g interfaceLinkStateChanged wlan0 link down
03-28 01:06:30.157  2163  2873 D WifiStateMachine: handleMessage: X
03-28 01:06:30.158  3085  3085 V Home    : WifiReceiver : android.net.wifi.SCAN_RESULTS
03-28 01:06:30.159  2163  2873 D WifiStateMachine: handleMessage: E msg.what=147462
03-28 01:06:30.159  2163  2873 D WifiStateMachine: processMsg: DisconnectedState
03-28 01:06:30.159  2163  2873 D WifiStateMachine: setDetailed state, old =SCANNING and new state=DISCONNECTED
03-28 01:06:30.159  2163  2873 D WifiStateMachine: processMsg: ConnectModeState
03-28 01:06:30.159  2163  2873 D WifiStateMachine: handleMessage: X
03-28 01:06:30.162  3085  3085 V Home    : WifiReceiver : android.net.wifi.supplicant.STATE_CHANGE
03-28 01:06:32.082 23981 23981 V MainLiveActivity: handleMessage : 529
03-28 01:06:35.294 23981  9624 V WatchDogTask: WatchDogTask http://sam.me:21000/c/
03-28 01:06:35.294 23981  9624 V IPTVManager: REQ_setWatchDogMsg : 0
03-28 01:06:42.155 23981 23981 V MainLiveActivity: handleMessage : 529
03-28 01:06:52.227 23981 23981 V MainLiveActivity: handleMessage : 529
03-28 01:07:02.299 23981 23981 V MainLiveActivity: handleMessage : 529
03-28 01:07:05.294 23981  9624 V WatchDogTask: WatchDogTask http://sam.me:21000/c/
03-28 01:07:05.294 23981  9624 V IPTVManager: REQ_setWatchDogMsg : 0
03-28 01:07:12.370 23981 23981 V MainLiveActivity: handleMessage : 529
03-28 01:07:18.929  3085  3088 D dalvikvm: GC_CONCURRENT freed 3042K, 20% free 22687K/28192K, paused 3ms+6ms, total 64ms
03-28 01:07:22.437 23981 23981 V MainLiveActivity: handleMessage : 529
03-28 01:07:32.510 23981 23981 V MainLiveActivity: handleMessage : 529
03-28 01:07:35.294 23981  9624 V WatchDogTask: WatchDogTask http://sam.me:21000/c/
03-28 01:07:35.294 23981  9624 V IPTVManager: REQ_setWatchDogMsg : 0
03-28 01:07:42.583 23981 23981 V MainLiveActivity: handleMessage : 529
03-28 01:07:52.655 23981 23981 V MainLiveActivity: handleMessage : 529
03-28 01:08:02.728 23981 23981 V MainLiveActivity: handleMessage : 529
03-28 01:08:05.294 23981  9624 V WatchDogTask: WatchDogTask http://sam.me:21000/c/
03-28 01:08:05.295 23981  9624 V IPTVManager: REQ_setWatchDogMsg : 0
03-28 01:08:12.800 23981 23981 V MainLiveActivity: handleMessage : 529
03-28 01:08:22.868 23981 23981 V MainLiveActivity: handleMessage : 529
03-28 01:08:32.934 23981 23981 V MainLiveActivity: handleMessage : 529
03-28 01:08:35.295 23981  9624 V WatchDogTask: WatchDogTask http://sam.me:21000/c/
03-28 01:08:35.295 23981  9624 V IPTVManager: REQ_setWatchDogMsg : 0
03-28 01:08:43.008 23981 23981 V MainLiveActivity: handleMessage : 529
03-28 01:08:53.081 23981 23981 V MainLiveActivity: handleMessage : 529
03-28 01:09:03.153 23981 23981 V MainLiveActivity: handleMessage : 529
03-28 01:09:05.295 23981  9624 V WatchDogTask: WatchDogTask http://sam.me:21000/c/
03-28 01:09:05.296 23981  9624 V IPTVManager: REQ_setWatchDogMsg : 0
03-28 01:09:13.227 23981 23981 V MainLiveActivity: handleMessage : 529
03-28 01:09:23.293 23981 23981 V MainLiveActivity: handleMessage : 529
03-28 01:09:33.368 23981 23981 V MainLiveActivity: handleMessage : 529
03-28 01:09:35.296 23981  9624 V WatchDogTask: WatchDogTask http://sam.me:21000/c/
03-28 01:09:35.296 23981  9624 V IPTVManager: REQ_setWatchDogMsg : 0
03-28 01:09:43.441 23981 23981 V MainLiveActivity: handleMessage : 529
03-28 01:09:53.520 23981 23981 V MainLiveActivity: handleMessage : 529
03-28 01:10:03.590 23981 23981 V MainLiveActivity: handleMessage : 529
03-28 01:10:05.296 23981  9624 V WatchDogTask: WatchDogTask http://sam.me:21000/c/
03-28 01:10:05.296 23981  9624 V IPTVManager: REQ_setWatchDogMsg : 0
03-28 01:10:13.665 23981 23981 V MainLiveActivity: handleMessage : 529
03-28 01:10:23.728 23981 23981 V MainLiveActivity: handleMessage : 529
03-28 01:10:33.794 23981 23981 V MainLiveActivity: handleMessage : 529
03-28 01:10:33.859 23981 23984 D dalvikvm: GC_CONCURRENT freed 2539K, 12% free 21746K/24700K, paused 2ms+10ms, total 47ms
03-28 01:10:35.296 23981  9624 V WatchDogTask: WatchDogTask http://sam.me:21000/c/
03-28 01:10:35.296 23981  9624 V IPTVManager: REQ_setWatchDogMsg : 0
03-28 01:10:43.889 23981 23981 V MainLiveActivity: handleMessage : 529
03-28 01:10:53.963 23981 23981 V MainLiveActivity: handleMessage : 529
03-28 01:11:04.031 23981 23981 V MainLiveActivity: handleMessage : 529
03-28 01:11:05.296 23981  9624 V WatchDogTask: WatchDogTask http://sam.me:21000/c/
03-28 01:11:05.296 23981  9624 V IPTVManager: REQ_setWatchDogMsg : 0
03-28 01:11:14.105 23981 23981 V MainLiveActivity: handleMessage : 529
03-28 01:11:24.176 23981 23981 V MainLiveActivity: handleMessage : 529
03-28 01:11:34.244 23981 23981 V MainLiveActivity: handleMessage : 529
03-28 01:11:35.296 23981  9624 V WatchDogTask: WatchDogTask http://sam.me:21000/c/
03-28 01:11:35.297 23981  9624 V IPTVManager: REQ_setWatchDogMsg : 0
03-28 01:11:44.312 23981 23981 V MainLiveActivity: handleMessage : 529
03-28 01:11:54.385 23981 23981 V MainLiveActivity: handleMessage : 529
03-28 01:12:04.461 23981 23981 V MainLiveActivity: handleMessage : 529
03-28 01:12:05.297 23981  9624 V WatchDogTask: WatchDogTask http://sam.me:21000/c/
03-28 01:12:05.297 23981  9624 V IPTVManager: REQ_setWatchDogMsg : 0
03-28 01:12:14.533 23981 23981 V MainLiveActivity: handleMessage : 529
03-28 01:12:18.963  3085  3088 D dalvikvm: GC_CONCURRENT freed 3046K, 20% free 22688K/28192K, paused 2ms+6ms, total 51ms
03-28 01:12:24.603 23981 23981 V MainLiveActivity: handleMessage : 529
03-28 01:12:34.674 23981 23981 V MainLiveActivity: handleMessage : 529
03-28 01:12:35.297 23981  9624 V WatchDogTask: WatchDogTask http://sam.me:21000/c/
03-28 01:12:35.298 23981  9624 V IPTVManager: REQ_setWatchDogMsg : 0
03-28 01:12:44.741 23981 23981 V MainLiveActivity: handleMessage : 529
03-28 01:12:54.809 23981 23981 V MainLiveActivity: handleMessage : 529
03-28 01:13:04.883 23981 23981 V MainLiveActivity: handleMessage : 529
03-28 01:13:05.298 23981  9624 V WatchDogTask: WatchDogTask http://sam.me:21000/c/
03-28 01:13:05.298 23981  9624 V IPTVManager: REQ_setWatchDogMsg : 0
03-28 01:13:14.958 23981 23981 V MainLiveActivity: handleMessage : 529
03-28 01:13:25.027 23981 23981 V MainLiveActivity: handleMessage : 529
03-28 01:13:35.096 23981 23981 V MainLiveActivity: handleMessage : 529
03-28 01:13:35.298 23981  9624 V WatchDogTask: WatchDogTask http://sam.me:21000/c/
03-28 01:13:35.298 23981  9624 V IPTVManager: REQ_setWatchDogMsg : 0
03-28 01:13:45.170 23981 23981 V MainLiveActivity: handleMessage : 529
03-28 01:13:55.243 23981 23981 V MainLiveActivity: handleMessage : 529
03-28 01:14:05.298 23981  9624 V WatchDogTask: WatchDogTask http://sam.me:21000/c/
03-28 01:14:05.298 23981  9624 V IPTVManager: REQ_setWatchDogMsg : 0
03-28 01:14:05.312 23981 23981 V MainLiveActivity: handleMessage : 529
03-28 01:14:15.384 23981 23981 V MainLiveActivity: handleMessage : 529
03-28 01:14:25.455 23981 23981 V MainLiveActivity: handleMessage : 529
03-28 01:14:35.298 23981  9624 V WatchDogTask: WatchDogTask http://sam.me:21000/c/
03-28 01:14:35.298 23981  9624 V IPTVManager: REQ_setWatchDogMsg : 0
03-28 01:14:35.523 23981 23981 V MainLiveActivity: handleMessage : 529
03-28 01:14:45.600 23981 23981 V MainLiveActivity: handleMessage : 529
03-28 01:14:55.668 23981 23981 V MainLiveActivity: handleMessage : 529
03-28 01:15:00.889  2163  2875 D ConnectivityService: Sampling interval elapsed, updating statistics ..
03-28 01:15:00.893  2163  2875 D ConnectivityService: Done.
03-28 01:15:00.893  2163  2875 D ConnectivityService: Setting timer for 720seconds
03-28 01:15:00.900  2163  2873 D WifiStateMachine: handleMessage: E msg.what=131143
03-28 01:15:00.900  2163  2873 D WifiStateMachine: processMsg: DisconnectedState
03-28 01:15:00.900  2163  2873 D WifiStateMachine: processMsg: ConnectModeState
03-28 01:15:00.900  2163  2873 D WifiStateMachine: processMsg: DriverStartedState
03-28 01:15:00.902  2163  2873 D WifiHW  : wifi command = IFNAME=wlan0 SCAN
03-28 01:15:00.903  2163  2873 D WifiStateMachine: handleMessage: X
03-28 01:15:00.903  2163  2873 D WifiStateMachine: handleMessage: E msg.what=147462
03-28 01:15:00.903  2163  2873 D WifiStateMachine: processMsg: DisconnectedState
03-28 01:15:00.904  2163  2873 D WifiStateMachine: setDetailed state, old =DISCONNECTED and new state=SCANNING
03-28 01:15:00.904  2163  2873 D WifiStateMachine: processMsg: ConnectModeState
03-28 01:15:00.904  2163  2873 D WifiStateMachine: handleMessage: X
03-28 01:15:00.906  3085  3085 V Home    : WifiReceiver : android.net.wifi.supplicant.STATE_CHANGE
03-28 01:15:00.973  3126  8557 V NativeCrypto: Read error: ssl=0x4e0b53a0: I/O error during system call, Connection reset by peer
03-28 01:15:00.976  3126  8557 V NativeCrypto: SSL shutdown failed: ssl=0x4e0b53a0: I/O error during system call, Broken pipe
03-28 01:15:00.983  3126  8557 E GCM     : Wifi connection closed with errorCode 20
03-28 01:15:00.986  2163  2875 D ConnectivityService: handleInetConditionChange: net=1 != default=9 - ignore
03-28 01:15:00.992  3272  3272 I GoogleURLConnFactory: Using platform SSLCertificateSocketFactory
03-28 01:15:01.913  3272 12163 I PhenotypeFlagCommitter: Experiment Configs successfully retrieved for com.google.android.gms.phenotype
03-28 01:15:03.043  2163  2873 D WifiStateMachine: handleMessage: E msg.what=147461
03-28 01:15:03.043  2163  2873 D WifiStateMachine: processMsg: DisconnectedState
03-28 01:15:03.043  2163  2873 D WifiStateMachine: processMsg: ConnectModeState
03-28 01:15:03.043  2163  2873 D WifiStateMachine: processMsg: DriverStartedState
03-28 01:15:03.043  2163  2873 D WifiStateMachine: processMsg: SupplicantStartedState
03-28 01:15:03.043  2163  2873 D WifiHW  : wifi command = IFNAME=wlan0 BSS RANGE=0- MASK=0x21987
03-28 01:15:03.046  2163  2197 D EthernetDataTracker: Interface wlan0 link down
03-28 01:15:03.046  2163  2197 D G3StateTracker: 3g interfaceLinkStateChanged wlan0 link down
03-28 01:15:03.048  2163  2873 D WifiStateMachine: handleMessage: X
03-28 01:15:03.048  2163  2873 D WifiStateMachine: handleMessage: E msg.what=147462
03-28 01:15:03.048  2163  2873 D WifiStateMachine: processMsg: DisconnectedState
03-28 01:15:03.049  2163  2873 D WifiStateMachine: setDetailed state, old =SCANNING and new state=DISCONNECTED
03-28 01:15:03.049  2163  2873 D WifiStateMachine: processMsg: ConnectModeState
03-28 01:15:03.049  2163  2873 D WifiStateMachine: handleMessage: X
03-28 01:15:03.049  3085  3085 V Home    : WifiReceiver : android.net.wifi.SCAN_RESULTS
03-28 01:15:03.051  3085  3085 V Home    : WifiReceiver : android.net.wifi.supplicant.STATE_CHANGE
03-28 01:15:05.298 23981  9624 V WatchDogTask: WatchDogTask http://sam.me:21000/c/
03-28 01:15:05.299 23981  9624 V IPTVManager: REQ_setWatchDogMsg : 0
03-28 01:15:05.715  3126  3129 D dalvikvm: GC_CONCURRENT freed 929K, 22% free 4071K/5212K, paused 3ms+2ms, total 27ms
03-28 01:15:05.731 23981 23981 V MainLiveActivity: handleMessage : 529
03-28 01:15:05.912  2163  2875 D ConnectivityService: handleInetConditionChange: net=1 != default=9 - ignore
03-28 01:15:05.922  2163  2875 D ConnectivityService: handleInetConditionChange: net=1 != default=9 - ignore
03-28 01:15:05.927  2163  2875 D ConnectivityService: handleInetConditionChange: net=1 != default=9 - ignore
03-28 01:15:06.118  2163  2875 D ConnectivityService: handleInetConditionChange: net=1 != default=9 - ignore
03-28 01:15:15.787 23981 23981 V MainLiveActivity: handleMessage : 529
03-28 01:15:25.860 23981 23981 V MainLiveActivity: handleMessage : 529
03-28 01:15:35.299 23981  9624 V WatchDogTask: WatchDogTask http://sam.me:21000/c/
03-28 01:15:35.299 23981  9624 V IPTVManager: REQ_setWatchDogMsg : 0
03-28 01:15:35.929 23981 23981 V MainLiveActivity: handleMessage : 529
03-28 01:15:46.006 23981 23981 V MainLiveActivity: handleMessage : 529
03-28 01:15:56.079 23981 23981 V MainLiveActivity: handleMessage : 529
03-28 01:16:05.299 23981  9624 V WatchDogTask: WatchDogTask http://sam.me:21000/c/
03-28 01:16:05.299 23981  9624 V IPTVManager: REQ_setWatchDogMsg : 0
03-28 01:16:06.150 23981 23981 V MainLiveActivity: handleMessage : 529
03-28 01:16:16.224 23981 23981 V MainLiveActivity: handleMessage : 529
03-28 01:16:26.292 23981 23981 V MainLiveActivity: handleMessage : 529
03-28 01:16:35.299 23981  9624 V WatchDogTask: WatchDogTask http://sam.me:21000/c/
03-28 01:16:35.299 23981  9624 V IPTVManager: REQ_setWatchDogMsg : 0
03-28 01:16:36.367 23981 23981 V MainLiveActivity: handleMessage : 529
03-28 01:16:46.440 23981 23981 V MainLiveActivity: handleMessage : 529
03-28 01:16:56.512 23981 23981 V MainLiveActivity: handleMessage : 529
03-28 01:17:05.299 23981  9624 V WatchDogTask: WatchDogTask http://sam.me:21000/c/
03-28 01:17:05.299 23981  9624 V IPTVManager: REQ_setWatchDogMsg : 0
03-28 01:17:06.584 23981 23981 V MainLiveActivity: handleMessage : 529
03-28 01:17:16.656 23981 23981 V MainLiveActivity: handleMessage : 529
03-28 01:17:18.991  3085  3088 D dalvikvm: GC_CONCURRENT freed 3033K, 20% free 22685K/28192K, paused 2ms+5ms, total 47ms
03-28 01:17:26.726 23981 23981 V MainLiveActivity: handleMessage : 529
03-28 01:17:35.299 23981  9624 V WatchDogTask: WatchDogTask http://sam.me:21000/c/
03-28 01:17:35.299 23981  9624 V IPTVManager: REQ_setWatchDogMsg : 0
03-28 01:17:36.799 23981 23981 V MainLiveActivity: handleMessage : 529
03-28 01:17:46.872 23981 23981 V MainLiveActivity: handleMessage : 529
03-28 01:17:56.946 23981 23981 V MainLiveActivity: handleMessage : 529
03-28 01:18:05.299 23981  9624 V WatchDogTask: WatchDogTask http://sam.me:21000/c/
03-28 01:18:05.299 23981  9624 V IPTVManager: REQ_setWatchDogMsg : 0
03-28 01:18:07.019 23981 23981 V MainLiveActivity: handleMessage : 529
03-28 01:18:17.093 23981 23981 V MainLiveActivity: handleMessage : 529
03-28 01:18:27.166 23981 23981 V MainLiveActivity: handleMessage : 529
03-28 01:18:35.299 23981  9624 V WatchDogTask: WatchDogTask http://sam.me:21000/c/
03-28 01:18:35.300 23981  9624 V IPTVManager: REQ_setWatchDogMsg : 0
03-28 01:18:37.239 23981 23981 V MainLiveActivity: handleMessage : 529
03-28 01:18:47.311 23981 23981 V MainLiveActivity: handleMessage : 529
03-28 01:18:57.383 23981 23981 V MainLiveActivity: handleMessage : 529
03-28 01:19:05.300 23981  9624 V WatchDogTask: WatchDogTask http://sam.me:21000/c/
03-28 01:19:05.300 23981  9624 V IPTVManager: REQ_setWatchDogMsg : 0
03-28 01:19:07.455 23981 23981 V MainLiveActivity: handleMessage : 529
03-28 01:19:17.528 23981 23981 V MainLiveActivity: handleMessage : 529
03-28 01:19:18.862  2163  2873 D WifiStateMachine: handleMessage: E msg.what=131143
03-28 01:19:18.862  2163  2873 D WifiStateMachine: processMsg: DisconnectedState
03-28 01:19:18.862  2163  2873 D WifiStateMachine: processMsg: ConnectModeState
03-28 01:19:18.862  2163  2873 D WifiStateMachine: processMsg: DriverStartedState
03-28 01:19:18.865  2163  2873 D WifiHW  : wifi command = IFNAME=wlan0 SCAN
03-28 01:19:18.866  2163  2873 D WifiStateMachine: handleMessage: X
03-28 01:19:18.866  2163  2873 D WifiStateMachine: handleMessage: E msg.what=147462
03-28 01:19:18.866  2163  2873 D WifiStateMachine: processMsg: DisconnectedState
03-28 01:19:18.867  2163  2873 D WifiStateMachine: setDetailed state, old =DISCONNECTED and new state=SCANNING
03-28 01:19:18.867  2163  2873 D WifiStateMachine: processMsg: ConnectModeState
03-28 01:19:18.867  2163  2873 D WifiStateMachine: handleMessage: X
03-28 01:19:18.970  2163  2200 W BatteryStatsImpl: Couldn't get kernel wake lock stats
03-28 01:19:19.005  3085  3085 V Home    : WifiReceiver : android.net.wifi.supplicant.STATE_CHANGE
03-28 01:19:20.941  2163  2873 D WifiStateMachine: handleMessage: E msg.what=147461
03-28 01:19:20.941  2163  2873 D WifiStateMachine: processMsg: DisconnectedState
03-28 01:19:20.941  2163  2873 D WifiStateMachine: processMsg: ConnectModeState
03-28 01:19:20.941  2163  2873 D WifiStateMachine: processMsg: DriverStartedState
03-28 01:19:20.941  2163  2873 D WifiStateMachine: processMsg: SupplicantStartedState
03-28 01:19:20.941  2163  2873 D WifiHW  : wifi command = IFNAME=wlan0 BSS RANGE=0- MASK=0x21987
03-28 01:19:20.943  2163  2197 D EthernetDataTracker: Interface wlan0 link down
03-28 01:19:20.943  2163  2197 D G3StateTracker: 3g interfaceLinkStateChanged wlan0 link down
03-28 01:19:20.946  2163  2873 D WifiStateMachine: handleMessage: X
03-28 01:19:20.946  2163  2873 D WifiStateMachine: handleMessage: E msg.what=147462
03-28 01:19:20.946  2163  2873 D WifiStateMachine: processMsg: DisconnectedState
03-28 01:19:20.946  2163  2873 D WifiStateMachine: setDetailed state, old =SCANNING and new state=DISCONNECTED
03-28 01:19:20.946  2163  2873 D WifiStateMachine: processMsg: ConnectModeState
03-28 01:19:20.946  2163  2873 D WifiStateMachine: handleMessage: X
03-28 01:19:20.947  3085  3085 V Home    : WifiReceiver : android.net.wifi.SCAN_RESULTS
03-28 01:19:20.949  3085  3085 V Home    : WifiReceiver : android.net.wifi.supplicant.STATE_CHANGE
03-28 01:19:27.602 23981 23981 V MainLiveActivity: handleMessage : 529
03-28 01:19:35.300 23981  9624 V WatchDogTask: WatchDogTask http://sam.me:21000/c/
03-28 01:19:35.301 23981  9624 V IPTVManager: REQ_setWatchDogMsg : 0
03-28 01:19:37.671 23981 23981 V MainLiveActivity: handleMessage : 529
03-28 01:19:47.449  2163  2163 I EntropyMixer: Writing entropy...
03-28 01:19:47.747 23981 23981 V MainLiveActivity: handleMessage : 529
03-28 01:19:57.821 23981 23981 V MainLiveActivity: handleMessage : 529
03-28 01:19:58.958  1456  1606 I AOService: hdmi_observer  change@/devices/virtual/switch/hdmi
03-28 01:19:58.958  1456  1606 I AOService: strncmp(hdmi,0)
03-28 01:19:58.958  1456  1606 E AOService: EDID CAP 0
03-28 01:19:58.958  1456  1606 I AOService: get port sthdmi setting 1
03-28 01:19:58.965  2163  2293 V WiredAccessoryManager: Headset UEVENT: {SUBSYSTEM=switch, SWITCH_STATE=0, DEVPATH=/devices/virtual/switch/hdmi, SEQNUM=1516, ACTION=change, SWITCH_NAME=hdmi}
03-28 01:19:58.965  2163  2293 V WiredAccessoryManager: newName=hdmi newState=0 headsetState=0 prev headsetState=16
03-28 01:19:58.966  2163  2163 V WiredAccessoryManager: device hdmi disconnected
03-28 01:19:58.970  9284  9284 W ContextImpl: Calling a method in the system process without a qualified user: android.app.ContextImpl.startService:1556 android.content.ContextWrapper.startService:494 android.content.ContextWrapper.startService:494 com.hisilicon.android.music.MediaButtonIntentReceiver.onReceive:64 android.app.ActivityThread.handleReceiver:2419 
03-28 01:19:58.975  2163  3147 I MediaFocusControl:   Remote Control   registerMediaButtonIntent() for PendingIntent{2d0d0c08: PendingIntentRecord{2ce00450 com.hisilicon.android.music broadcastIntent}}
03-28 01:19:58.985  9284  9284 V MediaPlayer: constructor
03-28 01:19:58.985  9284  9284 V MediaPlayer: setListener
03-28 01:19:58.987  9284  9284 W ContextImpl: Calling a method in the system process without a qualified user: android.app.ContextImpl.sendStickyBroadcast:1358 android.content.ContextWrapper.sendStickyBroadcast:427 com.hisilicon.android.music.MediaPlaybackService.notifyChange:878 com.hisilicon.android.music.MediaPlaybackService.onCreate:388 android.app.ActivityThread.handleCreateService:2572 
03-28 01:19:58.990  9284  9284 W ContextImpl: Calling a method in the system process without a qualified user: android.app.ContextImpl.sendStickyBroadcast:1358 android.content.ContextWrapper.sendStickyBroadcast:427 com.hisilicon.android.music.MediaPlaybackService.notifyChange:878 com.hisilicon.android.music.MediaPlaybackService.onCreate:389 android.app.ActivityThread.handleCreateService:2572 
03-28 01:19:59.037  1460  1496 E HI_ADP_HDMI: 
03-28 01:19:59.037  1460  1496 E HI_ADP_HDMI:  ----------HDMI UnPlug-----------
03-28 01:19:59.037  1460  1496 E HI_ADP_HDMI: get_hdmi_suspend_enable: value is :0
03-28 01:19:59.037  1460  1496 E HI_ADP_HDMI: hdmi cec suspend disable
03-28 01:19:59.059  2163  2167 D dalvikvm: GC_CONCURRENT freed 1253K, 19% free 8448K/10328K, paused 5ms+6ms, total 68ms
03-28 01:19:59.917  1460  1496 E HI_ADP_HDMI: get_hdmi_suspend_enable: value is :0
03-28 01:19:59.917  1460  1496 E HI_ADP_HDMI: hdmi cec suspend disable
03-28 01:19:59.967  1452  2898 E AudioPolicyManagerBase: setDeviceConnectionState() device: 400, state 0, address 
03-28 01:19:59.967  1452  2898 W AudioPolicyManagerBase: setDeviceConnectionState() device not connected: 400
03-28 01:19:59.968  2163  2896 W ContextImpl: Calling a method in the system process without a qualified user: android.app.ContextImpl.sendBroadcast:1200 android.media.AudioService.onSetWiredDeviceConnectionState:4008 android.media.AudioService.access$6600:115 android.media.AudioService$AudioHandler.handleMessage:3653 android.os.Handler.dispatchMessage:102 
03-28 01:20:00.170  1456  1606 I AOService: hdmi_observer  change@/devices/virtual/switch/hdmi
03-28 01:20:00.170  1456  1606 I AOService: strncmp(hdmi,1)
03-28 01:20:00.170  1460  1496 I HI_ADP_HDMI: HDMI Hotplug event enter HDMI_HotPlug_Proc(243)
03-28 01:20:00.170  1460  1496 E HI_ADP_HDMI: 
03-28 01:20:00.170  1460  1496 E HI_ADP_HDMI:  --- Get HDMI event: HOTPLUG. --- 
03-28 01:20:00.170  1456  1606 E AOService: EDID CAP 2
03-28 01:20:00.170  1456  1606 I AOService: get port sthdmi setting 1
03-28 01:20:00.170  1460  1496 E HI_ADP_HDMI: 
03-28 01:20:00.170  1460  1496 E HI_ADP_HDMI:  getCapRet = 0 
03-28 01:20:00.170  1460  1496 E HI_ADP_HDMI: 4k[0] = 0 
03-28 01:20:00.170  1460  1496 E HI_ADP_HDMI: 4k[1] = 0 
03-28 01:20:00.170  1460  1496 E HI_ADP_HDMI: 4k[2] = 0 
03-28 01:20:00.170  1460  1496 E HI_ADP_HDMI: 4k[3] = 0 
03-28 01:20:00.170  1460  1496 E HI_ADP_HDMI: 4k[4] = 0 
03-28 01:20:00.170  1460  1496 E HI_ADP_HDMI: 4k[5] = 0 
03-28 01:20:00.170  1460  1496 E HI_ADP_HDMI: 4k[6] = 0 
03-28 01:20:00.170  1460  1496 E HI_ADP_HDMI: 4k[7] = 0 
03-28 01:20:00.170  1460  1496 E HI_ADP_HDMI: 4k[8] = 0 
03-28 01:20:00.170  1460  1496 E HI_ADP_HDMI: 4k[9] = 0 
03-28 01:20:00.170  1460  1496 E HI_ADP_HDMI: 
03-28 01:20:00.170  1460  1496 E HI_ADP_HDMI:  optimum format is 7 
03-28 01:20:00.170  1460  1496 E HI_ADP_HDMI: displayType = 1
03-28 01:20:00.170  1460  1496 E HI_ADP_HDMI: 
03-28 01:20:00.170  1460  1496 E HI_ADP_HDMI:  get current format is 11 
03-28 01:20:00.170  1460  1496 D HI_ADP_HDMI: persist.sys.optimalfmt.perfer=native
03-28 01:20:00.170  1460  1496 E HI_ADP_HDMI: 
03-28 01:20:00.170  1460  1496 E HI_ADP_HDMI:  final optimum format = 7 
03-28 01:20:00.170  1460  1496 E HI_ADP_HDMI: 
03-28 01:20:00.170  1460  1496 E HI_ADP_HDMI:  capability is not changed 
03-28 01:20:00.170  1460  1496 E HI_ADP_HDMI: getOptimalFormat, enable = 0
03-28 01:20:00.170  1460  1496 E HI_ADP_HDMI: 
03-28 01:20:00.170  1460  1496 E HI_ADP_HDMI:  optimum format enable is disabled 
03-28 01:20:00.170  1460  1496 E HI_ADP_HDMI: current format ok
03-28 01:20:00.170  1460  1496 E DisplaySetting: Display:set_format format is 11
03-28 01:20:00.176  2163  2293 V WiredAccessoryManager: Headset UEVENT: {SUBSYSTEM=switch, SWITCH_STATE=1, DEVPATH=/devices/virtual/switch/hdmi, SEQNUM=1517, ACTION=change, SWITCH_NAME=hdmi}
03-28 01:20:00.177  2163  2293 V WiredAccessoryManager: newName=hdmi newState=16 headsetState=16 prev headsetState=0
03-28 01:20:00.177  2163  2163 V WiredAccessoryManager: device hdmi connected
03-28 01:20:00.178  1452  2098 E AudioPolicyManagerBase: setDeviceConnectionState() device: 400, state 1, address 
03-28 01:20:00.179  1452  2098 W AudioPolicyManagerBase: checkOutputsForDevice(): No output available for device 0400
03-28 01:20:00.180  2163  2896 W ContextImpl: Calling a method in the system process without a qualified user: android.app.ContextImpl.sendBroadcast:1200 android.media.AudioService.onSetWiredDeviceConnectionState:4008 android.media.AudioService.access$6600:115 android.media.AudioService$AudioHandler.handleMessage:3653 android.os.Handler.dispatchMessage:102 
03-28 01:20:01.364  1460  1496 E DisplaySetting: Display:store_format format is 11, format_sd is 11
03-28 01:20:01.483  1460  1496 I HI_ADP_HDMI: HDMI Hotplug event done HDMI_HotPlug_Proc(655)
03-28 01:20:01.483  1460  1496 E HI_ADP_HDMI: get_hdmi_suspend_enable: value is :0
03-28 01:20:01.483  1460  1496 E HI_ADP_HDMI: hdmi cec suspend disable
03-28 01:20:05.301 23981  9624 V WatchDogTask: WatchDogTask http://sam.me:21000/c/
03-28 01:20:05.301 23981  9624 V IPTVManager: REQ_setWatchDogMsg : 0
03-28 01:20:07.892 23981 23981 V MainLiveActivity: handleMessage : 529
03-28 01:20:12.040 23981 23981 D --SETTING Menu--: dispatchKeyEvent : 111
03-28 01:20:12.043 23981 23981 D --SETTING Menu--: dispatchKeyEvent : 4
03-28 01:20:12.047 23981 23981 I IPTVCallbackListener: removeIPTVListener : ServerActivity
03-28 01:20:12.048 23981 23981 W ContextImpl: Calling a method in the system process without a qualified user: android.app.ContextImpl.sendBroadcast:1200 android.content.ContextWrapper.sendBroadcast:365 android.app.ActivityThread.performPauseActivity:3061 android.app.ActivityThread.performPauseActivity:3023 android.app.ActivityThread.handlePauseActivity:3001 
03-28 01:20:12.055 23981 23981 D MainLiveActivity: onActivityResult requestCode : 256 , resultCode : 256 1281
03-28 01:20:12.055 23981 23981 V rbrb    : stopLive who 16
03-28 01:20:12.055 23981 23981 V rbrb    : setTimeShiftSeekBar who:4 false
03-28 01:20:12.055 23981 23981 V rbrb    : showPvrHelpUi who 4
03-28 01:20:12.055 23981 23981 V rbrb    : setTimeShiftUi who 3 true
03-28 01:20:12.056  1466  1924 I DVBSTACK: [Reply] DVB_IPTV_StopRecord(337), size:4 (DvbService.cpp, 213)
03-28 01:20:12.056 23981 23992 V PvrManager: onDvbListener : 258
03-28 01:20:12.056  3085 17864 V Home    : onIPTVListener : 258
03-28 01:20:12.056 23981 23992 V PvrManager: NOTIFYMSG_PVR_RECORD_Stop : 0 16
03-28 01:20:12.056 23981 23992 I b       : sendMsgTo : 258 a
03-28 01:20:12.056 23981 23981 V MainLiveActivity: timeshift appPvrStopCmd suc
03-28 01:20:12.056 23981 23981 V IPTVManager: REQ_StopChannelLog : -1 0
03-28 01:20:12.057  1466 31504 I DVBSTACK: [Reply] DVB_AV_SetScale(142), size:0 (DvbService.cpp, 213)
03-28 01:20:12.057  1466  1466 I DVBSTACK: [Reply] DVB_IPTV_StopProbe(339), size:4 (DvbService.cpp, 213)
03-28 01:20:12.057 23981 23981 V PvrManager: timeshift appStopIptvProbe suc
03-28 01:20:12.057 23981 23981 V LiveListLayout: setSeekClear
03-28 01:20:12.057 23981 23981 V LiveListLayout: setSeekIcon : 100
03-28 01:20:12.058 23981 23981 V MainLiveActivity: changeMode : 1281
03-28 01:20:12.058 23981 23981 V MainLiveActivity: changeMode : 1281
03-28 01:20:12.058 23981 23981 D WDate   : setFormat format : dd-MM-yyyy
03-28 01:20:12.075 23981 23981 V MainLiveActivity: onStart
03-28 01:20:12.075 23981 23981 V IVolumeBar: setMute : false
03-28 01:20:12.075  2163  3055 E AudioService: unexpected unmute for stream: 3
03-28 01:20:12.076 23981 23981 V IVolumeBar: origin volume: 15 12
03-28 01:20:12.076 23981 23981 V IVolumeBar: setMute : false
03-28 01:20:12.076  2163  2174 E AudioService: unexpected unmute for stream: 3
03-28 01:20:12.078 23981 23981 D MainLiveActivity: onStart IPTVManager.isHiddenServer() : false
03-28 01:20:12.078 23981 23981 V MainLiveActivity: onResume
03-28 01:20:12.079 23981 23981 V dave    : getLauncher 
03-28 01:20:12.094 23981 23981 D MainLiveActivity: === dateFormat : dd-MM-yyyy
03-28 01:20:12.097 23981 23981 D MainLiveActivity: onResume IPTVManager.isServerConnected() : true / viewMode : 1281
03-28 01:20:12.102 23981 23981 V IPTVManager: REQ_getMacString : 0
03-28 01:20:12.102 23981 23981 V MainLiveActivity: changeMode : 1281
03-28 01:20:12.102 23981 23981 V MainLiveActivity: changeMode : 1281
03-28 01:20:12.102 23981 23981 D WDate   : setFormat format : dd-MM-yyyy
03-28 01:20:12.107 23981 23984 D dalvikvm: GC_CONCURRENT freed 2971K, 13% free 21798K/24860K, paused 2ms+12ms, total 48ms
03-28 01:20:12.118 23981 23981 W ContextImpl: Calling a method in the system process without a qualified user: android.app.ContextImpl.sendBroadcast:1200 android.content.ContextWrapper.sendBroadcast:365 android.app.ActivityThread.performResumeActivity:2785 android.app.ActivityThread.handleResumeActivity:2823 android.app.ActivityThread$H.handleMessage:1238 
03-28 01:20:12.137 23981 23981 E ActivityThread: Failed to find provider info for com.android.mysetting
03-28 01:20:12.503 23981 23981 V MainLiveActivity: handleMessage : 1026
03-28 01:20:12.503 23981 23981 V LiveListLayout: setSeekClear
03-28 01:20:12.503 23981 23981 V LiveListLayout: setSeekIcon : 100
03-28 01:20:12.504 23981 23981 D --SETTING Menu--: dispatchKeyEvent : 111
03-28 01:20:12.861 23981 23981 V MainLiveActivity: dispatchKeyEvent : 4  0 false 0
03-28 01:20:12.865 23981 23981 V MainLiveActivity: dispatchKeyEvent : 4  0 false 0
03-28 01:20:12.866 23981 23981 V MainLiveActivity: dispatchKeyEvent : 111  1 false 0
03-28 01:20:12.866 23981 23981 D MainLiveActivity: KEYCODE_ESCAPE
03-28 01:20:13.215 23981 23981 V MainLiveActivity: dispatchKeyEvent : 111  0 false 0
03-28 01:20:13.217 23981 23981 V MainLiveActivity: dispatchKeyEvent : 4  0 false 0
03-28 01:20:13.531 23981 23981 V MainLiveActivity: dispatchKeyEvent : 111  1 false 0
03-28 01:20:13.531 23981 23981 D MainLiveActivity: KEYCODE_ESCAPE
03-28 01:20:13.533 23981 23981 V MainLiveActivity: dispatchKeyEvent : 4  1 false 0
03-28 01:20:13.533 23981 23981 V MainLiveActivity: setBackPress : 1281
03-28 01:20:13.534 23981 23981 D MainLiveActivity: mMainMenuLayout : com.siptv.mytv.view.MainMenuLayout{2cb855f0 V.E..... ........ 0,0-1280,720 #7f1200a0 app:id/main_layout}
03-28 01:20:13.534 23981 23981 D MainLiveActivity: mMainMenuLayout.getCurMenuItem() : 1
03-28 01:20:13.578 23981 23981 D dalvikvm: GC_FOR_ALLOC freed 708K, 15% free 21290K/24960K, paused 25ms, total 25ms
03-28 01:20:13.579 23981 23981 I dalvikvm-heap: Grow heap (frag case) to 21.393MB for 533616-byte allocation
03-28 01:20:13.600 23981 23989 D dalvikvm: GC_FOR_ALLOC freed <1K, 15% free 21811K/25484K, paused 21ms, total 21ms
03-28 01:20:13.608 23981 23981 E ViewRootImpl: 201409092 enable acc for view=com.siptv.mytv/com.siptv.mytv.MainLiveActivity
03-28 01:20:13.611 23981 23981 V MainLiveActivity: dispatchKeyEvent : 4  1 false 0
03-28 01:20:13.974  2163  2194 I ActivityManager: Waited long enough for: ServiceRecord{2d0d0520 u0 com.hisilicon.android.music/.MediaPlaybackService}
03-28 01:20:15.056 23981 23981 V MainLiveActivity: handleMessage : 773
03-28 01:20:15.056 23981 23981 V rbrb    : setTimeShiftUi who 1 false
03-28 01:20:17.310  3000  3000 D LatinIME: [onKeyDown]::dpad_center========23
03-28 01:20:17.744 23981 23981 V rbrb    : stopLive who 2
03-28 01:20:17.744 23981 23981 V rbrb    : setTimeShiftSeekBar who:4096 false
03-28 01:20:17.744 23981 23981 V rbrb    : showPvrHelpUi who 4096
03-28 01:20:17.744 23981 23981 V rbrb    : setTimeShiftUi who 4096 false
03-28 01:20:17.745  1466  4925 I DVBSTACK: [Reply] DVB_IPTV_StopRecord(337), size:4 (DvbService.cpp, 213)
03-28 01:20:17.745 23981 23991 V PvrManager: onDvbListener : 258
03-28 01:20:17.745 23981 23991 V PvrManager: NOTIFYMSG_PVR_RECORD_Stop : 0 16
03-28 01:20:17.745  3085 30645 V Home    : onIPTVListener : 258
03-28 01:20:17.745 23981 23981 V MainLiveActivity: timeshift appPvrStopCmd suc
03-28 01:20:17.745 23981 23991 I b       : sendMsgTo : 258 a
03-28 01:20:17.745 23981 23981 V IPTVManager: REQ_StopChannelLog : -1 0
03-28 01:20:17.746  1466  4460 I DVBSTACK: [Reply] DVB_AV_SetScale(142), size:0 (DvbService.cpp, 213)
03-28 01:20:17.746  1466  1924 I DVBSTACK: [Reply] DVB_IPTV_StopProbe(339), size:4 (DvbService.cpp, 213)
03-28 01:20:17.746 23981 23981 V PvrManager: timeshift appStopIptvProbe suc
03-28 01:20:17.746 23981 23981 V LiveListLayout: setSeekClear
03-28 01:20:17.746 23981 23981 V LiveListLayout: setSeekIcon : 100
03-28 01:20:17.748 23981 23981 E ViewRootImpl: 201409092 enable acc for view=com.siptv.mytv/com.siptv.mytv.MainLiveActivity
03-28 01:20:17.753 23981 23981 W InputEventReceiver: Attempted to finish an input event but the input event receiver has already been disposed.
03-28 01:20:17.753 23981 13363 V DvbApiManager: TimeSetting setDVBWakeUpTime off 
03-28 01:20:17.768  1466 31504 I DVBSTACK: [Reply] DVB_DB_ALRAM_SetItem(52), size:4 (DvbService.cpp, 213)
03-28 01:20:17.768 23981 13363 V DvbApiManager: TimeSetting setDVBWakeUpTime : true
03-28 01:20:17.770 23981 13363 F ----SIPTV JNI----: EndIPTV start
03-28 01:20:17.775 23981 13363 F ----STALKER CPP----: [CleanUp] 1
03-28 01:20:17.776 23981 13363 F ----STALKER CPP----: [CleanUp] 2
03-28 01:20:17.776 23981 13363 F ----STALKER CPP----: [CleanUp] 3
03-28 01:20:17.870 23981 23981 V MainLiveActivity: handleMessage : 1026
03-28 01:20:17.870 23981 23981 V LiveListLayout: setSeekClear
03-28 01:20:17.870 23981 23981 V LiveListLayout: setSeekIcon : 100
03-28 01:20:17.984 23981 23981 V MainLiveActivity: handleMessage : 529
03-28 01:20:18.656 23981 13363 F ----STALKER CPP----: [CleanUp] 4
03-28 01:20:18.657 23981 13363 F ----STALKER CPP----: [CleanUp] 4.0
03-28 01:20:18.657 23981 13363 F ----STALKER CPP----: [CleanUp] 4.1
03-28 01:20:18.658 23981 13363 F ----STALKER CPP----: [CleanUp] 4.2
03-28 01:20:18.659 23981 13363 F ----STALKER CPP----: [CleanUp] 4.3
03-28 01:20:18.660 23981 13363 F ----STALKER CPP----: [CleanUp] 4.4
03-28 01:20:18.662 23981 13363 F ----STALKER CPP----: [CleanUp] 5
03-28 01:20:18.662 23981 13363 F ----STALKER CPP----: [CleanUp] 5.1
03-28 01:20:18.662 23981 13363 F ----STALKER CPP----: [CleanUp] 6
03-28 01:20:18.662 23981 13363 F ----STALKER CPP----: [CleanUp] 7
03-28 01:20:18.663 23981 13363 F ----SIPTV JNI----: EndIPTV end
03-28 01:20:18.664 23981 13363 V IPTVManager: REQ_endIPTV : 0
03-28 01:20:18.703 23981 23981 V MainLiveActivity: handleMessage : 258
03-28 01:20:18.704 23981 23981 V MainLiveActivity: PREF_LIVE_LAST_GROUP ID : -1 , PREF_LIVE_LAST_CHANNEL ID : -1
03-28 01:20:18.754  2163  3074 I UsageStats: No package stats for pkg:com.siptv.mytv
03-28 01:20:18.760 23981 23981 V rbrb    : setTimeShiftUi who 1 false
03-28 01:20:18.761 23981 23981 W ContextImpl: Calling a method in the system process without a qualified user: android.app.ContextImpl.sendBroadcast:1200 android.content.ContextWrapper.sendBroadcast:365 android.app.ActivityThread.performPauseActivity:3061 android.app.ActivityThread.performPauseActivity:3023 android.app.ActivityThread.handlePauseActivity:3001 
03-28 01:20:18.778  3085  3085 V Home    : onResume mIsInitLayout : true
03-28 01:20:18.778  3085  3085 D Home    : DEVICE_PROVISIONED : 1
03-28 01:20:18.778  3085  3085 V IPTVAppManager: changeState : 90
03-28 01:20:18.779  1466  1466 I DVBSTACK: [Reply] DVB_SYS_ChangeContext(1), size:12 (DvbService.cpp, 213)
03-28 01:20:18.779  3085  3085 V IPTVAppManager: changeState main : 90
03-28 01:20:18.779  3085  3085 V IPTVAppManager: changeState sub : 0
03-28 01:20:18.780  1466  4925 I DVBSTACK: [Reply] DVB_SYS_ChangeContext(1), size:12 (DvbService.cpp, 213)
03-28 01:20:18.780  3085  3085 V IPTVAppManager: changeState main : 90
03-28 01:20:18.780  3085  3085 V IPTVAppManager: changeState sub : 0
03-28 01:20:18.793  3085  3085 W ContextImpl: Calling a method in the system process without a qualified user: android.app.ContextImpl.sendBroadcast:1200 android.content.ContextWrapper.sendBroadcast:365 android.app.ActivityThread.performResumeActivity:2785 android.app.ActivityThread.handleResumeActivity:2823 android.app.ActivityThread$H.handleMessage:1238 
03-28 01:20:18.858  3085  3085 D Home    : home handleMessage msg : 5 0 0
03-28 01:20:18.858  3085  3085 V Home    : HANDLE_MSG_MENU_UPDATE : -1
03-28 01:20:18.864  3085  3085 V Home    : changeMenuIconSize : 64 x 64 [180, 10]
03-28 01:20:20.747 23981 23981 V MainLiveActivity: handleMessage : 773
03-28 01:20:20.747 23981 23981 V rbrb    : setTimeShiftUi who 1 false
03-28 01:20:28.047 23981 23981 V MainLiveActivity: handleMessage : 529
03-28 01:20:28.761  2163  2194 W ActivityManager: Launch timeout has expired, giving up wake lock!
03-28 01:20:28.770 23981 23981 V rbrb    : stopLive who 18
03-28 01:20:28.770 23981 23981 V rbrb    : setTimeShiftSeekBar who:4096 false
03-28 01:20:28.770 23981 23981 V rbrb    : showPvrHelpUi who 4096
03-28 01:20:28.770 23981 23981 V rbrb    : setTimeShiftUi who 4096 false
03-28 01:20:28.772  1466  4460 I DVBSTACK: [Reply] DVB_IPTV_StopRecord(337), size:4 (DvbService.cpp, 213)
03-28 01:20:28.772 23981 23992 V PvrManager: onDvbListener : 258
03-28 01:20:28.772 23981 23992 V PvrManager: NOTIFYMSG_PVR_RECORD_Stop : 0 16
03-28 01:20:28.772 23981 23981 V MainLiveActivity: timeshift appPvrStopCmd suc
03-28 01:20:28.772 23981 23992 I b       : sendMsgTo : 258 a
03-28 01:20:28.772  3085 30645 V Home    : onIPTVListener : 258
03-28 01:20:28.772 23981 23981 V IPTVManager: REQ_StopChannelLog : -1 0
03-28 01:20:28.772  1466  1924 I DVBSTACK: [Reply] DVB_AV_SetScale(142), size:0 (DvbService.cpp, 213)
03-28 01:20:28.772  1466 31504 I DVBSTACK: [Reply] DVB_IPTV_StopProbe(339), size:4 (DvbService.cpp, 213)
03-28 01:20:28.773 23981 23981 V PvrManager: timeshift appStopIptvProbe suc
03-28 01:20:28.773 23981 23981 V LiveListLayout: setSeekClear
03-28 01:20:28.773 23981 23981 V LiveListLayout: setSeekIcon : 100
03-28 01:20:28.773 23981 23981 V MainLiveActivity: onDestroy
03-28 01:20:28.775 23981 23981 I AndroidRuntime: VM exiting with result code 0, cleanup skipped.
03-28 01:20:28.803  2163  2294 W InputDispatcher: channel '2ce6feb0 com.siptv.mytv/com.siptv.mytv.MainLiveActivity (server)' ~ Consumer closed input channel or an error occurred.  events=0x9
03-28 01:20:28.803  2163  2294 E InputDispatcher: channel '2ce6feb0 com.siptv.mytv/com.siptv.mytv.MainLiveActivity (server)' ~ Channel is unrecoverably broken and will be disposed!
03-28 01:20:28.803  2163  2174 W InputDispatcher: Attempted to unregister already unregistered input channel '2ce6feb0 com.siptv.mytv/com.siptv.mytv.MainLiveActivity (server)'
03-28 01:20:28.803  2163  3076 I ActivityManager: Process com.siptv.mytv (pid 23981) has died.
03-28 01:20:28.803  2163  2174 I WindowState: WIN DEATH: Window{2ce6feb0 u0 com.siptv.mytv}
03-28 01:20:28.804  2163  2294 W InputDispatcher: channel '2d037e30 com.siptv.mytv/com.siptv.mytv.MainLiveActivity (server)' ~ Consumer closed input channel or an error occurred.  events=0x9
03-28 01:20:28.804  2163  2294 E InputDispatcher: channel '2d037e30 com.siptv.mytv/com.siptv.mytv.MainLiveActivity (server)' ~ Channel is unrecoverably broken and will be disposed!
03-28 01:20:28.807  2163  3074 W InputDispatcher: Attempted to unregister already unregistered input channel '2d037e30 com.siptv.mytv/com.siptv.mytv.MainLiveActivity (server)'
03-28 01:20:28.807  2163  3074 I WindowState: WIN DEATH: Window{2d037e30 u0 com.siptv.mytv/com.siptv.mytv.MainLiveActivity}
03-28 01:20:28.808  2163  3074 W WindowManager: Force-removing child win Window{2cdf4b40 u0 SurfaceView} from container Window{2d037e30 u0 com.siptv.mytv/com.siptv.mytv.MainLiveActivity}
03-28 01:20:28.811  2163  3074 W WindowManager: Force-removing child win Window{2ce33be8 u0 SurfaceView} from container Window{2d037e30 u0 com.siptv.mytv/com.siptv.mytv.MainLiveActivity}
03-28 01:20:28.814  2163  3074 W WindowManager: Force-removing child win Window{2ce86298 u0 SurfaceView} from container Window{2d037e30 u0 com.siptv.mytv/com.siptv.mytv.MainLiveActivity}
03-28 01:20:28.818  2163  3055 W WindowManager: Failed looking up window
03-28 01:20:28.818  2163  3055 W WindowManager: java.lang.IllegalArgumentException: Requested window android.os.BinderProxy@2cbbbd30 does not exist
03-28 01:20:28.818  2163  3055 W WindowManager: 	at com.android.server.wm.WindowManagerService.windowForClientLocked(WindowManagerService.java:7966)
03-28 01:20:28.818  2163  3055 W WindowManager: 	at com.android.server.wm.WindowManagerService.windowForClientLocked(WindowManagerService.java:7957)
03-28 01:20:28.818  2163  3055 W WindowManager: 	at com.android.server.wm.WindowState$DeathRecipient.binderDied(WindowState.java:1047)
03-28 01:20:28.818  2163  3055 W WindowManager: 	at android.os.BinderProxy.sendDeathNotice(Binder.java:493)
03-28 01:20:28.818  2163  3055 W WindowManager: 	at dalvik.system.NativeStart.run(Native Method)
03-28 01:20:28.818  2163  3055 I WindowState: WIN DEATH: null
03-28 01:20:28.819  2163  2173 W WindowManager: Failed looking up window
03-28 01:20:28.819  2163  2173 W WindowManager: java.lang.IllegalArgumentException: Requested window android.os.BinderProxy@2cfab4f8 does not exist
03-28 01:20:28.819  2163  2173 W WindowManager: 	at com.android.server.wm.WindowManagerService.windowForClientLocked(WindowManagerService.java:7966)
03-28 01:20:28.819  2163  2173 W WindowManager: 	at com.android.server.wm.WindowManagerService.windowForClientLocked(WindowManagerService.java:7957)
03-28 01:20:28.819  2163  2173 W WindowManager: 	at com.android.server.wm.WindowState$DeathRecipient.binderDied(WindowState.java:1047)
03-28 01:20:28.819  2163  2173 W WindowManager: 	at android.os.BinderProxy.sendDeathNotice(Binder.java:493)
03-28 01:20:28.819  2163  2173 W WindowManager: 	at dalvik.system.NativeStart.run(Native Method)
03-28 01:20:28.819  2163  2173 I WindowState: WIN DEATH: null
03-28 01:20:28.820  2163 19571 W WindowManager: Failed looking up window
03-28 01:20:28.820  2163 19571 W WindowManager: java.lang.IllegalArgumentException: Requested window android.os.BinderProxy@2cecf328 does not exist
03-28 01:20:28.820  2163 19571 W WindowManager: 	at com.android.server.wm.WindowManagerService.windowForClientLocked(WindowManagerService.java:7966)
03-28 01:20:28.820  2163 19571 W WindowManager: 	at com.android.server.wm.WindowManagerService.windowForClientLocked(WindowManagerService.java:7957)
03-28 01:20:28.820  2163 19571 W WindowManager: 	at com.android.server.wm.WindowState$DeathRecipient.binderDied(WindowState.java:1047)
03-28 01:20:28.820  2163 19571 W WindowManager: 	at android.os.BinderProxy.sendDeathNotice(Binder.java:493)
03-28 01:20:28.820  2163 19571 W WindowManager: 	at dalvik.system.NativeStart.run(Native Method)
03-28 01:20:28.820  2163 19571 I WindowState: WIN DEATH: null
03-28 01:20:38.266  3085  3085 V Home    : dispatchKeyEvent : 0 false 19 0 0
03-28 01:20:38.267  3085  3085 V Home    : changeMenuIconSize : 82 x 82 [160, 10]
03-28 01:20:38.268  3085  3085 V Home    : menu animation cancel
03-28 01:20:38.268  3085  3085 V Home    : menu animation 7f1100ed
03-28 01:20:38.468  3085  3085 V Home    : dispatchKeyEvent : 1 false 19 0 0
03-28 01:20:39.185  3000  3000 D LatinIME: [onKeyDown]::dpad_center========23
03-28 01:20:39.185  3085  3085 V Home    : dispatchKeyEvent : 0 false 23 0 0
03-28 01:20:39.625  3085  3085 V Home    : dispatchKeyEvent : 1 false 23 0 0
03-28 01:20:39.628  3085  3085 V Home    : changeMenuIconSize : 64 x 64 [180, 10]
03-28 01:20:39.689  3085  3088 D dalvikvm: GC_CONCURRENT freed 2638K, 19% free 23109K/28192K, paused 2ms+5ms, total 44ms
03-28 01:20:39.690  3085  3085 D dalvikvm: WAIT_FOR_CONCURRENT_GC blocked 31ms
03-28 01:20:41.145  3085  3085 V Home    : dispatchKeyEvent : 0 false 19 0 0
03-28 01:20:41.146  3085  3085 V Home    : changeMenuIconSize : 82 x 82 [160, 10]
03-28 01:20:41.147  3085  3085 V Home    : menu animation cancel
03-28 01:20:41.147  3085  3085 V Home    : menu animation 7f1100ed
03-28 01:20:41.628  3085  3085 V Home    : dispatchKeyEvent : 0 true 19 0 0
03-28 01:20:41.629  3085  3085 V Home    : dispatchKeyEvent : 1 false 19 0 0
03-28 01:20:42.145  3085  3085 V Home    : dispatchKeyEvent : 0 false 22 0 0
03-28 01:20:42.145  3085  3085 V Home    : changeMenuIconSize : 64 x 64 [180, 10]
03-28 01:20:42.146  3085  3085 V Home    : changeMenuIconSize : 82 x 82 [160, 10]
03-28 01:20:42.146  3085  3085 V Home    : menu animation cancel
03-28 01:20:42.146  3085  3085 V Home    : menu animation 7f1100f2
03-28 01:20:42.426  3085  3085 V Home    : dispatchKeyEvent : 1 false 22 0 0
03-28 01:20:42.668  3085  3085 V Home    : dispatchKeyEvent : 0 false 22 0 0
03-28 01:20:42.669  3085  3085 V Home    : changeMenuIconSize : 64 x 64 [180, 10]
03-28 01:20:42.669  3085  3085 V Home    : changeMenuIconSize : 82 x 82 [160, 104]
03-28 01:20:42.670  3085  3085 V Home    : menu animation cancel
03-28 01:20:42.670  3085  3085 V Home    : menu animation 7f1100f3
03-28 01:20:43.025  3085  3085 V Home    : dispatchKeyEvent : 1 false 22 0 0
03-28 01:20:43.236  3000  3000 D LatinIME: [onKeyDown]::dpad_center========23
03-28 01:20:43.236  3085  3085 V Home    : dispatchKeyEvent : 0 false 23 0 0
03-28 01:20:43.667  3085  3085 V Home    : dispatchKeyEvent : 1 false 23 0 0
03-28 01:20:43.668  2163  3076 I ActivityManager: START u0 {flg=0x10008000 cmp=com.android.siptv.launcher/.settings.SettingsActivity} from pid 3085
03-28 01:20:43.721  2163  3076 D dalvikvm: GC_FOR_ALLOC freed 694K, 19% free 8372K/10328K, paused 51ms, total 51ms
03-28 01:20:43.727  2163  2193 E ViewRootImpl: 201409092 enable acc for view=Starting com.android.siptv.launcher
03-28 01:20:43.730  3085  3085 D Home    : onPause
03-28 01:20:43.731  3085  3085 W ContextImpl: Calling a method in the system process without a qualified user: android.app.ContextImpl.sendBroadcast:1200 android.content.ContextWrapper.sendBroadcast:365 android.app.ActivityThread.performPauseActivity:3061 android.app.ActivityThread.performPauseActivity:3023 android.app.ActivityThread.handlePauseActivity:3001 
03-28 01:20:43.742  3085  3085 V AppGridFragment: onDestroyView
03-28 01:20:43.778  3085  3085 D SettingsActivity: lastSelectedId : 7
03-28 01:20:43.828  3085  3085 W ContextImpl: Calling a method in the system process without a qualified user: android.app.ContextImpl.sendBroadcast:1200 android.content.ContextWrapper.sendBroadcast:365 android.app.ActivityThread.performResumeActivity:2785 android.app.ActivityThread.handleResumeActivity:2823 android.app.ActivityThread.handleLaunchActivity:2250 
03-28 01:20:43.832  3085  3085 E ViewRootImpl: 201409092 enable acc for view=com.android.siptv.launcher/com.android.siptv.launcher.settings.SettingsActivity
03-28 01:20:43.834  3085  3085 V AppInstaller: onUnbind
03-28 01:20:44.056  2163  2193 I ActivityManager: Displayed com.android.siptv.launcher/.settings.SettingsActivity: +323ms
03-28 01:20:44.268  3085  3085 D Home    : onStop
03-28 01:20:47.071  3000  3000 D LatinIME: [onKeyDown]::dpad_center========23
03-28 01:20:47.546  2163  2174 I ActivityManager: START u0 {cmp=com.android.siptv.launcher/.install.settings.SystemInfoActivity (has extras)} from pid 3085
03-28 01:20:47.586  3085  3085 W ContextImpl: Calling a method in the system process without a qualified user: android.app.ContextImpl.sendBroadcast:1200 android.content.ContextWrapper.sendBroadcast:365 android.app.ActivityThread.performPauseActivity:3061 android.app.ActivityThread.performPauseActivity:3023 android.app.ActivityThread.handlePauseActivity:3001 
03-28 01:20:47.634  1466  4925 I DVBSTACK: [Reply] DVB_SYS_GetSTBSertialNumber(19), size:44 (DvbService.cpp, 213)
03-28 01:20:47.769  3085  3085 D FirmwareManager: run asd downFwList
03-28 01:20:47.772  3085 13491 D HttpDownloader: in getInputStream E
03-28 01:20:47.773  3085  3085 D SystemInfoActivity: getBuildDate date : 2018 / 01 / 24 / currentFormat : dd-MM-yyyy
03-28 01:20:47.778  3085  3085 W ContextImpl: Calling a method in the system process without a qualified user: android.app.ContextImpl.sendBroadcast:1200 android.content.ContextWrapper.sendBroadcast:365 android.app.ActivityThread.performResumeActivity:2785 android.app.ActivityThread.handleResumeActivity:2823 android.app.ActivityThread.handleLaunchActivity:2250 
03-28 01:20:47.781  3085  3085 E ViewRootImpl: 201409092 enable acc for view=com.android.siptv.launcher/com.android.siptv.launcher.install.settings.SystemInfoActivity
03-28 01:20:48.101  2163  2193 I ActivityManager: Displayed com.android.siptv.launcher/.install.settings.SystemInfoActivity: +513ms
03-28 01:20:48.317  3085 13491 D HttpDownloader: in getInputStream X
03-28 01:20:48.319  3085 13491 W System.err: org.json.JSONException: Value {"msg":"Not Found Firmware Infomation.."} of type org.json.JSONObject cannot be converted to JSONArray
03-28 01:20:48.319  3085 13491 W System.err: 	at org.json.JSON.typeMismatch(JSON.java:111)
03-28 01:20:48.319  3085 13491 W System.err: 	at org.json.JSONArray.<init>(JSONArray.java:96)
03-28 01:20:48.319  3085 13491 W System.err: 	at org.json.JSONArray.<init>(JSONArray.java:108)
03-28 01:20:48.319  3085 13491 W System.err: 	at com.android.siptv.launcher.firmware.FirmwareManager.downFwList(Unknown Source)
03-28 01:20:48.320  3085 13491 W System.err: 	at com.android.siptv.launcher.firmware.FirmwareManager.-wrap2(Unknown Source)
03-28 01:20:48.320  3085 13491 W System.err: 	at com.android.siptv.launcher.firmware.FirmwareManager$1.run(Unknown Source)
03-28 01:20:48.320  3085 13491 W System.err: 	at java.lang.Thread.run(Thread.java:841)
03-28 01:20:48.320  3085 13491 D FirmwareManager: run checkUpgradeVersion downFwList
03-28 01:20:48.320  3085  3085 V FirmwareManagerHandler: handleMessage : 5
03-28 01:20:59.030  9284  9284 W ContextImpl: Calling a method in the system process without a qualified user: android.app.ContextImpl.sendBroadcast:1200 android.content.ContextWrapper.sendBroadcast:365 com.hisilicon.android.music.MediaPlaybackService.onDestroy:428 android.app.ActivityThread.handleStopService:2732 android.app.ActivityThread.access$2200:135 
03-28 01:20:59.032  9284  9284 V MediaPlayer: setListener
03-28 01:20:59.032  9284  9284 V MediaPlayer: disconnect
03-28 01:20:59.032  9284  9284 V MediaPlayer: destructor
03-28 01:20:59.033  9284  9284 V MediaPlayer: disconnect
03-28 01:20:59.034  2163  3074 I MediaFocusControl:  AudioFocus  abandonAudioFocus() from android.media.AudioManager@2cb83a68com.hisilicon.android.music.MediaPlaybackService$4@2cb83570
03-28 01:20:59.036  9599  9599 V MusicFXControlPanelReceiver: onReceive
