03-28 01:20:59.036  9599  9599 V MusicFXControlPanelReceiver: Action: android.media.action.CLOSE_AUDIO_EFFECT_CONTROL_SESSION
03-28 01:20:59.036  9599  9599 V MusicFXControlPanelReceiver: Package name: com.hisilicon.android.music
03-28 01:20:59.036  9599  9599 V MusicFXControlPanelReceiver: Audio session: 0
03-28 01:20:59.036  9599  9599 V MusicFXControlPanelEffect: closeSession(android.app.ReceiverRestrictedContext@2cb5b4b8, com.hisilicon.android.music, 0)
03-28 01:21:28.071  2163  2873 D WifiStateMachine: handleMessage: E msg.what=131143
03-28 01:21:28.071  2163  2873 D WifiStateMachine: processMsg: DisconnectedState
03-28 01:21:28.071  2163  2873 D WifiStateMachine: processMsg: ConnectModeState
03-28 01:21:28.071  2163  2873 D WifiStateMachine: processMsg: DriverStartedState
03-28 01:21:28.074  2163  2873 D WifiHW  : wifi command = IFNAME=wlan0 SCAN
03-28 01:21:28.075  2163  2873 D WifiStateMachine: handleMessage: X
03-28 01:21:28.075  2163  2873 D WifiStateMachine: handleMessage: E msg.what=147462
03-28 01:21:28.075  2163  2873 D WifiStateMachine: processMsg: DisconnectedState
03-28 01:21:28.075  2163  2873 D WifiStateMachine: setDetailed state, old =DISCONNECTED and new state=SCANNING
03-28 01:21:28.075  2163  2873 D WifiStateMachine: processMsg: ConnectModeState
03-28 01:21:28.075  2163  2873 D WifiStateMachine: handleMessage: X
03-28 01:21:28.077  3085  3085 V Home    : WifiReceiver : android.net.wifi.supplicant.STATE_CHANGE
03-28 01:21:30.156  2163  2873 D WifiStateMachine: handleMessage: E msg.what=147461
03-28 01:21:30.156  2163  2873 D WifiStateMachine: processMsg: DisconnectedState
03-28 01:21:30.156  2163  2873 D WifiStateMachine: processMsg: ConnectModeState
03-28 01:21:30.156  2163  2873 D WifiStateMachine: processMsg: DriverStartedState
03-28 01:21:30.156  2163  2873 D WifiStateMachine: processMsg: SupplicantStartedState
03-28 01:21:30.156  2163  2873 D WifiHW  : wifi command = IFNAME=wlan0 BSS RANGE=0- MASK=0x21987
03-28 01:21:30.157  2163  2197 D EthernetDataTracker: Interface wlan0 link down
03-28 01:21:30.159  2163  2197 D G3StateTracker: 3g interfaceLinkStateChanged wlan0 link down
03-28 01:21:30.162  2163  2873 D WifiStateMachine: handleMessage: X
03-28 01:21:30.162  2163  2873 D WifiStateMachine: handleMessage: E msg.what=147462
03-28 01:21:30.163  2163  2873 D WifiStateMachine: processMsg: DisconnectedState
03-28 01:21:30.163  2163  2873 D WifiStateMachine: setDetailed state, old =SCANNING and new state=DISCONNECTED
03-28 01:21:30.163  3085  3085 V Home    : WifiReceiver : android.net.wifi.SCAN_RESULTS
03-28 01:21:30.163  2163  2873 D WifiStateMachine: processMsg: ConnectModeState
03-28 01:21:30.163  2163  2873 D WifiStateMachine: handleMessage: X
03-28 01:21:30.164  3085  3085 V Home    : WifiReceiver : android.net.wifi.supplicant.STATE_CHANGE
03-28 01:21:31.091  3085  3085 W ContextImpl: Calling a method in the system process without a qualified user: android.app.ContextImpl.sendBroadcast:1200 android.content.ContextWrapper.sendBroadcast:365 android.app.ActivityThread.performPauseActivity:3061 android.app.ActivityThread.performPauseActivity:3023 android.app.ActivityThread.handlePauseActivity:3001 
03-28 01:21:31.100  3085  3085 W ContextImpl: Calling a method in the system process without a qualified user: android.app.ContextImpl.sendBroadcast:1200 android.content.ContextWrapper.sendBroadcast:365 android.app.ActivityThread.performResumeActivity:2785 android.app.ActivityThread.handleResumeActivity:2823 android.app.ActivityThread$H.handleMessage:1238 
03-28 01:21:31.260  1449  1449 W SurfaceFlinger: couldn't log to binary event log: overflow.
03-28 01:21:34.319  2163  2173 D dalvikvm: GC_FOR_ALLOC freed 378K, 19% free 8388K/10328K, paused 48ms, total 48ms
03-28 01:21:34.327  3085  3085 W ContextImpl: Calling a method in the system process without a qualified user: android.app.ContextImpl.sendBroadcast:1200 android.content.ContextWrapper.sendBroadcast:365 android.app.ActivityThread.performPauseActivity:3061 android.app.ActivityThread.performPauseActivity:3023 android.app.ActivityThread.handlePauseActivity:3001 
03-28 01:21:34.342  3085  3085 V Home    : onResume mIsInitLayout : true
03-28 01:21:34.342  3085  3085 D Home    : DEVICE_PROVISIONED : 1
03-28 01:21:34.342  3085  3085 V IPTVAppManager: changeState : 90
03-28 01:21:34.342  1466  4460 I DVBSTACK: [Reply] DVB_SYS_ChangeContext(1), size:12 (DvbService.cpp, 213)
03-28 01:21:34.343  3085  3085 V IPTVAppManager: changeState main : 90
03-28 01:21:34.343  3085  3085 V IPTVAppManager: changeState sub : 0
03-28 01:21:34.343  1466  1924 I DVBSTACK: [Reply] DVB_SYS_ChangeContext(1), size:12 (DvbService.cpp, 213)
03-28 01:21:34.343  3085  3085 V IPTVAppManager: changeState main : 90
03-28 01:21:34.343  3085  3085 V IPTVAppManager: changeState sub : 0
03-28 01:21:34.352  3085  3085 W ContextImpl: Calling a method in the system process without a qualified user: android.app.ContextImpl.sendBroadcast:1200 android.content.ContextWrapper.sendBroadcast:365 android.app.ActivityThread.performResumeActivity:2785 android.app.ActivityThread.handleResumeActivity:2823 android.app.ActivityThread$H.handleMessage:1238 
03-28 01:21:34.393  3085  3085 D Home    : home handleMessage msg : 5 0 0
03-28 01:21:34.393  3085  3085 V Home    : HANDLE_MSG_MENU_UPDATE : -1
03-28 01:21:34.396  3085  3085 V Home    : changeMenuIconSize : 64 x 64 [180, 104]
03-28 01:21:40.385  3000  3000 D LatinIME: [onKeyDown]::dpad_center========23
03-28 01:21:40.386  3085  3085 V Home    : dispatchKeyEvent : 0 false 23 0 0
03-28 01:21:40.745  3085  3085 V Home    : dispatchKeyEvent : 1 false 23 0 0
03-28 01:21:40.745  3085  3085 V Home    : onItemClick : 0 -1 / packageName : com.siptv.mytv
03-28 01:21:40.745  3085  3085 V Home    : isEnabled : 0
03-28 01:21:40.750  3085  3085 D Home    : startIPTV intent : Intent { act=android.intent.action.MAIN cat=[android.intent.category.LAUNCHER] flg=0x10000000 pkg=com.siptv.mytv cmp=com.siptv.mytv/.MainLiveActivity }
03-28 01:21:40.752  3085  3085 V IPTVAppManager: startIPTV : [mol] [null]
03-28 01:21:40.752  3085  3085 V IPTVAppManager: startIPTV : [mol] [com.siptv.mytv]
03-28 01:21:40.752  3085  3085 V IPTVAppManager: startIPTV : [mol] [mol]
03-28 01:21:40.758  2163  2202 E Environment: canonicalPath = /mnt/sdcard
03-28 01:21:40.781  1466 31504 I DVBSTACK: [Reply] DVB_STORAGE_UpdtUrlServ(249), size:4 (DvbService.cpp, 213)
03-28 01:21:40.782  3085  3085 D IPTVAppManager: startIPTVAfterEvent isVod : false / params : mol / activationUrl : null
03-28 01:21:40.782  3085  3085 V IPTVAppManager: changeState : 90
03-28 01:21:40.782  1466  1466 I DVBSTACK: [Reply] DVB_SYS_ChangeContext(1), size:12 (DvbService.cpp, 213)
03-28 01:21:40.782  3085  3085 V IPTVAppManager: changeState main : 90
03-28 01:21:40.782  3085  3085 V IPTVAppManager: changeState sub : 0
03-28 01:21:40.786  2163  3084 I ActivityManager: START u0 {act=android.intent.action.MAIN cat=[android.intent.category.LAUNCHER] flg=0x10004000 pkg=com.siptv.mytv cmp=com.siptv.mytv/.MainLiveActivity (has extras)} from pid 3085
03-28 01:21:40.870  2163  2193 E ViewRootImpl: 201409092 enable acc for view=Starting com.siptv.mytv
03-28 01:21:40.878  3085  3085 D Home    : onPause
03-28 01:21:40.879  3085  3085 W ContextImpl: Calling a method in the system process without a qualified user: android.app.ContextImpl.sendBroadcast:1200 android.content.ContextWrapper.sendBroadcast:365 android.app.ActivityThread.performPauseActivity:3061 android.app.ActivityThread.performPauseActivity:3023 android.app.ActivityThread.handlePauseActivity:3001 
03-28 01:21:40.967  2163  3147 I ActivityManager: Start proc com.siptv.mytv for activity com.siptv.mytv/.MainLiveActivity: pid=13700 uid=1000 gids={41000, 1028, 1015, 3003, 3002, 3001}
03-28 01:21:40.977 13700 13700 E Environment: canonicalPath = /mnt/sdcard
03-28 01:21:40.995  3085  3085 D Home    : onStop
03-28 01:21:41.117 13700 13700 V MainLiveActivity: onCreate
03-28 01:21:41.117 13700 13700 D MainLiveActivity: this.getPackageName() : com.siptv.mytv
03-28 01:21:41.128 13700 13700 I dalvikvm: Could not find method android.app.AlarmManager.setExactAndAllowWhileIdle, referenced from method com.siptv.mytv.i.a
03-28 01:21:41.128 13700 13700 W dalvikvm: VFY: unable to resolve virtual method 462: Landroid/app/AlarmManager;.setExactAndAllowWhileIdle (IJLandroid/app/PendingIntent;)V
03-28 01:21:41.128 13700 13700 D dalvikvm: VFY: replacing opcode 0x6e at 0x00c2
03-28 01:21:41.129 13700 13700 I dalvikvm: Could not find method android.app.AlarmManager.setExactAndAllowWhileIdle, referenced from method com.siptv.mytv.i.a
03-28 01:21:41.129 13700 13700 W dalvikvm: VFY: unable to resolve virtual method 462: Landroid/app/AlarmManager;.setExactAndAllowWhileIdle (IJLandroid/app/PendingIntent;)V
03-28 01:21:41.129 13700 13700 D dalvikvm: VFY: replacing opcode 0x6e at 0x00f4
03-28 01:21:41.142 13700 13700 I dalvikvm: Could not find method android.app.AlarmManager.setExactAndAllowWhileIdle, referenced from method com.siptv.mytv.i.v
03-28 01:21:41.142 13700 13700 W dalvikvm: VFY: unable to resolve virtual method 462: Landroid/app/AlarmManager;.setExactAndAllowWhileIdle (IJLandroid/app/PendingIntent;)V
03-28 01:21:41.142 13700 13700 D dalvikvm: VFY: replacing opcode 0x6e at 0x00c6
03-28 01:21:41.165 13700 13700 D dalvikvm: GC_FOR_ALLOC freed 147K, 8% free 2897K/3144K, paused 12ms, total 12ms
03-28 01:21:41.171 13700 13700 I dalvikvm-heap: Grow heap (frag case) to 6.438MB for 3686416-byte allocation
03-28 01:21:41.182 13700 13708 D dalvikvm: GC_FOR_ALLOC freed <1K, 4% free 6497K/6748K, paused 11ms, total 11ms
03-28 01:21:41.196 13700 13703 D dalvikvm: GC_CONCURRENT freed <1K, 4% free 6497K/6748K, paused 3ms+2ms, total 14ms
03-28 01:21:41.251 13700 13700 I SurfaceView: surface type is: 3
03-28 01:21:41.251 13700 13700 I SurfaceView: surface type is: 3
03-28 01:21:41.254 13700 13700 I SurfaceView: surface type is: 0
03-28 01:21:41.254 13700 13700 I SurfaceView: surface type is: 0
03-28 01:21:41.266 13700 13700 D dalvikvm: GC_FOR_ALLOC freed 17K, 4% free 6511K/6748K, paused 10ms, total 10ms
03-28 01:21:41.272 13700 13700 I dalvikvm-heap: Grow heap (frag case) to 9.966MB for 3686416-byte allocation
03-28 01:21:41.286 13700 13703 D dalvikvm: GC_CONCURRENT freed <1K, 3% free 10111K/10352K, paused 2ms+2ms, total 14ms
03-28 01:21:41.318 13700 13700 I dalvikvm: Could not find method android.widget.RelativeLayout.<init>, referenced from method com.siptv.mytv.view.MainMenuLayout.<init>
03-28 01:21:41.318 13700 13700 W dalvikvm: VFY: unable to resolve direct method 22840: Landroid/widget/RelativeLayout;.<init> (Landroid/content/Context;Landroid/util/AttributeSet;II)V
03-28 01:21:41.318 13700 13700 D dalvikvm: VFY: replacing opcode 0x70 at 0x0001
03-28 01:21:41.332 13700 13700 I dalvikvm: Could not find method android.widget.RelativeLayout.<init>, referenced from method com.siptv.mytv.view.InfoBar.<init>
03-28 01:21:41.332 13700 13700 W dalvikvm: VFY: unable to resolve direct method 22840: Landroid/widget/RelativeLayout;.<init> (Landroid/content/Context;Landroid/util/AttributeSet;II)V
03-28 01:21:41.332 13700 13700 D dalvikvm: VFY: replacing opcode 0x70 at 0x0001
03-28 01:21:41.360 13700 13700 D MainMenuLayout: Common.getDateFormat() : dd-MM-yyyy
03-28 01:21:41.360 13700 13700 D WDate   : setFormat format : dd-MM-yyyy
03-28 01:21:41.361 13700 13700 I dalvikvm: Could not find method android.widget.RelativeLayout.<init>, referenced from method com.siptv.mytv.view.LiveListLayout.<init>
03-28 01:21:41.361 13700 13700 W dalvikvm: VFY: unable to resolve direct method 22840: Landroid/widget/RelativeLayout;.<init> (Landroid/content/Context;Landroid/util/AttributeSet;II)V
03-28 01:21:41.361 13700 13700 D dalvikvm: VFY: replacing opcode 0x70 at 0x0003
03-28 01:21:41.436 13700 13700 D dalvikvm: GC_FOR_ALLOC freed 71K, 2% free 11831K/12004K, paused 12ms, total 12ms
03-28 01:21:41.527 13700 13700 D WDate   : setFormat format : dd-MM-yyyy
03-28 01:21:41.529 13700 13700 V LiveListLayout: setSeekIcon : 100
03-28 01:21:41.532 13700 13700 I dalvikvm: Could not find method android.widget.RelativeLayout.<init>, referenced from method com.siptv.mytv.view.DvbLayout.<init>
03-28 01:21:41.532 13700 13700 W dalvikvm: VFY: unable to resolve direct method 22840: Landroid/widget/RelativeLayout;.<init> (Landroid/content/Context;Landroid/util/AttributeSet;II)V
03-28 01:21:41.532 13700 13700 D dalvikvm: VFY: replacing opcode 0x70 at 0x0001
03-28 01:21:41.547 13700 13700 I SurfaceView: surface type is: 3
03-28 01:21:41.547 13700 13700 I SurfaceView: surface type is: 3
03-28 01:21:41.549 13700 13700 I SurfaceView: surface type is: 0
03-28 01:21:41.549 13700 13700 I SurfaceView: surface type is: 0
03-28 01:21:41.588 13700 13700 I b       : -------------->addDvbListener : DvbLayout
03-28 01:21:41.588 13700 13700 I b       : -------------->addDvbListener : c
03-28 01:21:41.590 13700 13700 I dalvikvm: Could not find method android.widget.RelativeLayout.<init>, referenced from method com.siptv.mytv.view.IVolumeBar.<init>
03-28 01:21:41.590 13700 13700 W dalvikvm: VFY: unable to resolve direct method 22840: Landroid/widget/RelativeLayout;.<init> (Landroid/content/Context;Landroid/util/AttributeSet;II)V
03-28 01:21:41.590 13700 13700 D dalvikvm: VFY: replacing opcode 0x70 at 0x0000
03-28 01:21:41.603 13700 13700 V dave    : getLauncher 
03-28 01:21:41.618 13700 13700 D StorageStatusReceiver: /proc/mount
03-28 01:21:41.618 13700 13700 D StorageStatusReceiver: rootfs / rootfs ro,relatime 0 0
03-28 01:21:41.620 13700 13700 D StorageStatusReceiver: tmpfs /dev tmpfs rw,nosuid,relatime,size=507796k,nr_inodes=126949,mode=755 0 0
03-28 01:21:41.620 13700 13700 D StorageStatusReceiver: devpts /dev/pts devpts rw,relatime,mode=600 0 0
03-28 01:21:41.620 13700 13700 D StorageStatusReceiver: adb /dev/usb-ffs/adb functionfs rw,relatime 0 0
03-28 01:21:41.621 13700 13700 D StorageStatusReceiver: proc /proc proc rw,relatime 0 0
03-28 01:21:41.621 13700 13700 D StorageStatusReceiver: sysfs /sys sysfs rw,relatime 0 0
03-28 01:21:41.621 13700 13700 D StorageStatusReceiver: tmpfs /mnt tmpfs rw,relatime,size=507796k,nr_inodes=126949,mode=775,gid=1000 0 0
03-28 01:21:41.622 13700 13700 D StorageStatusReceiver: tmpfs /mnt/secure tmpfs rw,relatime,size=507796k,nr_inodes=126949,mode=700 0 0
03-28 01:21:41.622 13700 13700 D StorageStatusReceiver: tmpfs /mnt/asec tmpfs rw,relatime,size=507796k,nr_inodes=126949,mode=755,gid=1000 0 0
03-28 01:21:41.622 13700 13700 D StorageStatusReceiver: tmpfs /mnt/obb tmpfs rw,relatime,size=507796k,nr_inodes=126949,mode=755,gid=1000 0 0
03-28 01:21:41.623 13700 13700 D StorageStatusReceiver: /data/media /mnt/sdcard sdcardfs rw,nosuid,nodev,relatime,uid=1023,gid=1028,derive=legacy,reserved=100MB 0 0
03-28 01:21:41.623 13700 13700 D StorageStatusReceiver: tmpfs /tmp tmpfs rw,relatime,size=507796k,nr_inodes=126949,mode=775 0 0
03-28 01:21:41.623 13700 13700 D StorageStatusReceiver: /dev/block/platform/hi_mci.1/by-name/system /system ext4 ro,nosuid,nodev,relatime,data=ordered 0 0
03-28 01:21:41.624 13700 13700 D StorageStatusReceiver: /dev/block/platform/hi_mci.1/by-name/reserved /system/reserved ext4 rw,nosuid,nodev,relatime,data=ordered 0 0
03-28 01:21:41.624 13700 13700 D StorageStatusReceiver: /dev/block/platform/hi_mci.1/by-name/userdata /data ext4 rw,nosuid,nodev,relatime,data=ordered 0 0
03-28 01:21:41.624 13700 13700 D StorageStatusReceiver: /dev/block/platform/hi_mci.1/by-name/cache /cache ext4 rw,nosuid,nodev,relatime,data=ordered 0 0
03-28 01:21:41.625 13700 13700 D StorageStatusReceiver: /data/media /storage/emulated sdcardfs rw,nosuid,nodev,relatime,uid=1023,gid=1028,derive=legacy,reserved=100MB 0 0
03-28 01:21:41.628 13700 13700 V dave    : getLauncher 
03-28 01:21:41.649 13700 13703 D dalvikvm: GC_CONCURRENT freed 144K, 2% free 14695K/14936K, paused 2ms+2ms, total 18ms
03-28 01:21:41.661 13700 13700 D DvbApiManager: getDvbTunerEnabled TUNER1 ret : -1
03-28 01:21:41.661 13700 13700 D DvbApiManager: getDvbTunerEnabled TUNER2 ret : -1
03-28 01:21:41.664 13700 13700 I b       : -------------->addDvbListener : a
03-28 01:21:41.667  1466  1924 I DVBSTACK: [Reply] DVB_SYS_ChangeContext(1), size:12 (DvbService.cpp, 213)
03-28 01:21:41.693 13700 13700 V rbrb    : sysVer 20800 tag 2
03-28 01:21:41.695 13700 13700 D dalvikvm: Trying to load lib /data/app-lib/com.siptv.mytv-1/libMOLJni.so 0x2cb5bac0
03-28 01:21:41.697 13700 13700 D dalvikvm: Added shared lib /data/app-lib/com.siptv.mytv-1/libMOLJni.so 0x2cb5bac0
03-28 01:21:41.698 13700 13715 V BEAN_CLIENT_0.42: cmd_return[0]
03-28 01:21:41.698 13700 13715 D i       : Supported Device
03-28 01:21:41.700 13700 13715 W ActivityThread: ClassLoader.loadClass: The class loader returned by Thread.getContextClassLoader() may fail for processes that host multiple applications. You should explicitly specify a context class loader. For example: Thread.setContextClassLoader(getClass().getClassLoader());
03-28 01:21:41.705 13700 13700 V dave    : getLauncher 
03-28 01:21:41.708 13700 13700 D MainLiveActivity: SERVER NAME : me
03-28 01:21:41.709 13700 13700 V EpgDBHelper: open
03-28 01:21:41.716 13700 13700 V ReservedDBHelper: open
03-28 01:21:41.722 13700 13700 I IPTVCallbackListener: -------------->addIPTVListener : MainLiveActivity
03-28 01:21:41.722 13700 13700 I IPTVCallbackListener: listener[0] : MainLiveActivity
03-28 01:21:41.729 13700 13700 D dalvikvm: Trying to load lib /data/app-lib/com.siptv.mytv-1/libSiptvJni.so 0x2cb5bac0
03-28 01:21:41.733 13700 13700 D dalvikvm: Added shared lib /data/app-lib/com.siptv.mytv-1/libSiptvJni.so 0x2cb5bac0
03-28 01:21:41.736 13700 13700 V IPTVManager: init : 0
03-28 01:21:41.737 13700 13700 V IPTVManager: REQ_setOtp : 0
03-28 01:21:41.742 13700 13700 E ViewRootImpl: 201409092 enable acc for view=com.siptv.mytv/com.siptv.mytv.MainLiveActivity
03-28 01:21:41.745 13700 13700 D IPTVManager: siptvJni : false
03-28 01:21:41.745 13700 13700 V SiptvJni: REQCONNECT SEVER : session1, serverserverUrl$http://sam.me:21000/c/$
03-28 01:21:41.945 13700 13700 V IPTVManager: REQ_connectServer : 0
03-28 01:21:41.961 13700 13717 V IPTVCallbackListener: T_QUERY_OTT_Connect_Server_Ack Progress status : 100
03-28 01:21:41.964 13700 13700 I SurfaceView: surface type is: 0
03-28 01:21:41.968 13700 13700 V MainMenuLayout: mLiveMainDummyView height : 345
03-28 01:21:41.996 13700 13717 V IPTVCallbackListener: T_QUERY_OTT_Connect_Server_Ack Progress status : 101
03-28 01:21:41.996 13700 13717 V IPTVCallbackListener: T_QUERY_OTT_Connect_Server_Ack Progress status : 102
03-28 01:21:41.996 13700 13717 V IPTVCallbackListener: T_QUERY_OTT_Connect_Server_Ack Progress status : 103
03-28 01:21:41.997 13700 13717 V IPTVCallbackListener: T_QUERY_OTT_Connect_Server_Ack Progress status : 104
03-28 01:21:42.075 13700 13700 V MainLiveActivity: onStart
03-28 01:21:42.076 13700 13700 V IVolumeBar: setMute : false
03-28 01:21:42.077  2163  2272 E AudioService: unexpected unmute for stream: 3
03-28 01:21:42.077 13700 13700 V IVolumeBar: origin volume: 15 12
03-28 01:21:42.077 13700 13700 V IVolumeBar: setMute : false
03-28 01:21:42.077  2163 19571 E AudioService: unexpected unmute for stream: 3
03-28 01:21:42.078 13700 13700 D MainLiveActivity: onStart IPTVManager.isHiddenServer() : false
03-28 01:21:42.079 13700 13700 V MainLiveActivity: onResume
03-28 01:21:42.080 13700 13700 V dave    : getLauncher 
03-28 01:21:42.080 13700 13700 D MainLiveActivity: === dateFormat : dd-MM-yyyy
03-28 01:21:42.081 13700 13700 D MainLiveActivity: onResume IPTVManager.isServerConnected() : false / viewMode : 1281
03-28 01:21:42.081 13700 13700 V IPTVManager: REQ_getMacString : 0
03-28 01:21:42.082 13700 13700 V MainLiveActivity: changeMode : 1281
03-28 01:21:42.082 13700 13700 V MainLiveActivity: changeMode : 1281
03-28 01:21:42.082 13700 13700 D WDate   : setFormat format : dd-MM-yyyy
03-28 01:21:42.093 13700 13700 W ContextImpl: Calling a method in the system process without a qualified user: android.app.ContextImpl.sendBroadcast:1200 android.content.ContextWrapper.sendBroadcast:365 android.app.ActivityThread.performResumeActivity:2785 android.app.ActivityThread.handleResumeActivity:2823 android.app.ActivityThread.handleLaunchActivity:2250 
03-28 01:21:42.098 13700 13700 E ViewRootImpl: 201409092 enable acc for view=com.siptv.mytv/com.siptv.mytv.MainLiveActivity
03-28 01:21:42.136 13700 13700 D OpenGLRenderer: Enabling debug mode 0
03-28 01:21:42.150 13700 13700 D Cho     : onAttachedToWindow
03-28 01:21:42.153 13700 13700 D Cho     : onAttachedToWindow
03-28 01:21:42.156 13700 13700 D Cho     : onAttachedToWindow
03-28 01:21:42.157 13700 13700 D WDate   : setFormat format : dd-MM-yyyy
03-28 01:21:42.426 13700 13700 E ActivityThread: Failed to find provider info for com.android.mysetting
03-28 01:21:42.454 13700 13717 F ----STALKER CPP----: m_portalver [4.9.19]
03-28 01:21:42.454 13700 13717 F ----STALKER CPP----: m_portalver new [4.9.19]
03-28 01:21:42.479 13700 13700 V RenderScript: 0x4cd26710 Launching thread(s), CPUs 4
03-28 01:21:42.541 13700 13700 V MainLiveActivity: T_QUERY_OTT_Connect_Progress_Ack : 0
03-28 01:21:42.581  2163  2193 I ActivityManager: Displayed com.siptv.mytv/.MainLiveActivity: +1s638ms
03-28 01:21:43.075 13700 13700 V MainLiveActivity: handleMessage : 529
03-28 01:21:43.456 13700 13717 F ----STALKER CPP----: m_vodPath [/media/]
03-28 01:21:43.986 13700 13717 V IPTVCallbackListener: T_QUERY_OTT_Connect_Server_Ack Progress status : 105
03-28 01:21:45.173 13700 13717 V IPTVCallbackListener: T_QUERY_OTT_Connect_Server_Ack Progress status : 106
03-28 01:21:45.173 13700 13717 V IPTVCallbackListener: T_QUERY_OTT_Connect_Server_Ack Progress status : 107
03-28 01:21:45.369 13700 13717 F ----STALKER CPP----: clear token, no save
03-28 01:21:45.369 13700 13717 F ----STALKER CPP----: WatchDog Timeout - NULL (30) 
03-28 01:21:45.870 13700 13717 V IPTVCallbackListener: T_QUERY_OTT_Connect_Server_Ack Pass : 110
03-28 01:21:45.870 13700 13700 V MainLiveActivity: T_QUERY_OTT_Connect_Server_Ack : 110 false
03-28 01:21:45.870 13700 13717 V IPTVCallbackListener: T_QUERY_OTT_Connect_Server_Ack OK : 0 30
03-28 01:21:45.871 13700 13700 V MainLiveActivity: T_QUERY_OTT_Connect_Server_Ack : 0 false
03-28 01:21:45.872 13700 13700 V IPTVManager: REQ_getLiveGroupList : 0
03-28 01:21:47.871 13700 13712 V WatchDogTask: WatchDogTask http://sam.me:21000/c/
03-28 01:21:47.871 13700 13712 V IPTVManager: REQ_setWatchDogMsg : 0
03-28 01:21:47.871 13700 13718 F ----STALKER CPP----: skip setwdt
03-28 01:21:49.145 13700 13717 W ----STALKER CPP----: File Created - /system/reserved/db/0/neon.ddns.me:21000.glck(0)
03-28 01:21:49.166 13700 13717 E SQLiteLog: (1) statement aborts at 2: [commit transaction;] cannot commit - no transaction is active
03-28 01:21:49.362 13700 13717 V iptv    : getLiveGroupFromDB Start
03-28 01:21:49.378 13700 13717 V iptv    : getLiveGroupFromDB End : 0
03-28 01:21:49.379 13700 13700 V IPTVManager: REQ_getLiveChannelList : 0
03-28 01:21:50.022 13700 13700 V MainLiveActivity: T_QUERY_OTT_Connect_Progress_Ack : 1
03-28 01:21:50.191 13700 13700 V MainLiveActivity: T_QUERY_OTT_Connect_Progress_Ack : 2
03-28 01:21:50.286 13700 13700 V MainLiveActivity: T_QUERY_OTT_Connect_Progress_Ack : 3
03-28 01:21:50.380 13700 13700 V MainLiveActivity: T_QUERY_OTT_Connect_Progress_Ack : 4
03-28 01:21:50.544 13700 13700 V MainLiveActivity: T_QUERY_OTT_Connect_Progress_Ack : 5
03-28 01:21:50.635 13700 13700 V MainLiveActivity: T_QUERY_OTT_Connect_Progress_Ack : 6
03-28 01:21:50.727 13700 13700 V MainLiveActivity: T_QUERY_OTT_Connect_Progress_Ack : 7
03-28 01:21:50.815 13700 13700 V MainLiveActivity: T_QUERY_OTT_Connect_Progress_Ack : 8
03-28 01:21:50.904 13700 13700 V MainLiveActivity: T_QUERY_OTT_Connect_Progress_Ack : 9
03-28 01:21:50.992 13700 13700 V MainLiveActivity: T_QUERY_OTT_Connect_Progress_Ack : 10
03-28 01:21:51.078 13700 13700 V MainLiveActivity: T_QUERY_OTT_Connect_Progress_Ack : 11
03-28 01:21:51.163 13700 13700 V MainLiveActivity: T_QUERY_OTT_Connect_Progress_Ack : 12
03-28 01:21:51.245 13700 13700 V MainLiveActivity: T_QUERY_OTT_Connect_Progress_Ack : 13
03-28 01:21:51.325 13700 13700 V MainLiveActivity: T_QUERY_OTT_Connect_Progress_Ack : 14
03-28 01:21:51.327 13700 13717 F ----STALKER CPP----: GetLiveList(4399) length(360861)
03-28 01:21:51.381 13700 13717 F ----STALKER CPP----: GetLiveList(4478) tc(314) groupId_isNumber(1)
03-28 01:21:51.391 13700 13717 F ----STALKER CPP----: GetLiveList(4664) channel_tot_count(314)
03-28 01:21:51.392 13700 13717 F ----STALKER CPP----: GetLiveList(4668) valid tvch_cnt(314)
03-28 01:21:51.601 13700 13717 F ----STALKER CPP----: GetLiveList(4399) length(0)
03-28 01:21:51.601 13700 13717 F ----STALKER CPP----: GetLiveList : js root error
03-28 01:21:51.602 13700 13717 V TAG     : GetLiveURL : getLiveChannelFromDB 33281 0
03-28 01:21:51.602 13700 13700 V MainLiveActivity: Robin T_QUERY_OTT_Get_Live_ChannelList_Ack : errCode 57349 mLiveListLayout.getTvRadioType():0
03-28 01:21:51.603 13700 13700 D WDate   : setFormat format : dd-MM-yyyy
03-28 01:21:51.618 13700 13700 V IPTVManager: REQ_GetEPGRemindAll : 0
03-28 01:21:51.618 13700 13700 V IPTVManager: getReservedAll E
03-28 01:21:51.620 13700 13700 V MainLiveActivity: changeMode : 1281
03-28 01:21:51.620 13700 13700 V MainLiveActivity: changeMode : 1281
03-28 01:21:51.620 13700 13700 D WDate   : setFormat format : dd-MM-yyyy
03-28 01:21:51.681 13700 13700 V MainMenuLayout: resumeMainMenu isShown
03-28 01:21:51.805 13700 13717 V IPTVCallbackListener: T_QUERY_OTT_GET_EPG_RemindAll_Ack : 0
03-28 01:21:51.833 13700 13717 D dalvikvm: GC_FOR_ALLOC freed 1349K, 9% free 15788K/17244K, paused 27ms, total 27ms
03-28 01:21:51.847 13700 13717 I dalvikvm-heap: Grow heap (frag case) to 17.511MB for 2097168-byte allocation
03-28 01:21:51.865 13700 13708 D dalvikvm: GC_FOR_ALLOC freed 26K, 8% free 17810K/19296K, paused 18ms, total 18ms
03-28 01:21:51.867 13700 13717 V FileManager: FileNotFoundException : /mnt/ramdisk/epg_remind.json: open failed: ENOENT (No such file or directory)
03-28 01:21:53.168 13700 13700 V MainLiveActivity: handleMessage : 529
03-28 01:22:03.245 13700 13700 V MainLiveActivity: handleMessage : 529
03-28 01:22:13.320 13700 13700 V MainLiveActivity: handleMessage : 529
03-28 01:22:14.548  3000  3000 D LatinIME: [onKeyDown]::dpad_center========23
03-28 01:22:14.548 13700 13700 V MainLiveActivity: dispatchKeyEvent : 23  0 false 0
03-28 01:22:14.972 13700 13700 V MainLiveActivity: dispatchKeyEvent : 23  1 false 0
03-28 01:22:14.972  1466  4460 I DVBSTACK: [Reply] DVB_SYS_ChangeContext(1), size:12 (DvbService.cpp, 213)
03-28 01:22:14.972 13700 13700 V rbrb    : stopLive who 21
03-28 01:22:14.973 13700 13700 V rbrb    : setTimeShiftSeekBar who:4 false
03-28 01:22:14.973 13700 13700 V rbrb    : showPvrHelpUi who 4
03-28 01:22:14.973 13700 13700 V rbrb    : setTimeShiftUi who 3 true
03-28 01:22:14.974  1466 31504 I DVBSTACK: [Reply] DVB_IPTV_StopRecord(337), size:4 (DvbService.cpp, 213)
03-28 01:22:14.974  3085 17864 V Home    : onIPTVListener : 258
03-28 01:22:14.974 13700 13700 V MainLiveActivity: timeshift appPvrStopCmd suc
03-28 01:22:14.974 13700 13711 V PvrManager: onDvbListener : 258
03-28 01:22:14.974 13700 13711 V PvrManager: NOTIFYMSG_PVR_RECORD_Stop : 0 16
03-28 01:22:14.974 13700 13711 I b       : sendMsgTo : 258 a
03-28 01:22:14.974 13700 13700 V IPTVManager: REQ_StopChannelLog : -1 0
03-28 01:22:14.974  1466  1466 I DVBSTACK: [Reply] DVB_AV_SetScale(142), size:0 (DvbService.cpp, 213)
03-28 01:22:14.975  1466  4925 I DVBSTACK: [Reply] DVB_IPTV_StopProbe(339), size:4 (DvbService.cpp, 213)
03-28 01:22:14.975 13700 13700 V PvrManager: timeshift appStopIptvProbe suc
03-28 01:22:14.975 13700 13700 V LiveListLayout: setSeekClear
03-28 01:22:14.975 13700 13700 V LiveListLayout: setSeekIcon : 100
03-28 01:22:14.977  2163  3147 I ActivityManager: START u0 {flg=0x40000 cmp=com.siptv.mytv/.ServerActivity} from pid 13700
03-28 01:22:15.017 13700 13700 V MainLiveActivity: handleMessage : 1026
03-28 01:22:15.018 13700 13700 V LiveListLayout: setSeekClear
03-28 01:22:15.018 13700 13700 V LiveListLayout: setSeekIcon : 100
03-28 01:22:15.019 13700 13700 V rbrb    : setTimeShiftUi who 1 false
03-28 01:22:15.019 13700 13700 W ContextImpl: Calling a method in the system process without a qualified user: android.app.ContextImpl.sendBroadcast:1200 android.content.ContextWrapper.sendBroadcast:365 android.app.ActivityThread.performPauseActivity:3061 android.app.ActivityThread.performPauseActivity:3023 android.app.ActivityThread.handlePauseActivity:3001 
03-28 01:22:15.091 13700 13700 D dalvikvm: GC_FOR_ALLOC freed 2322K, 9% free 15679K/17220K, paused 21ms, total 21ms
03-28 01:22:15.097 13700 13700 I dalvikvm-heap: Grow heap (frag case) to 17.904MB for 2620816-byte allocation
03-28 01:22:15.117 13700 13708 D dalvikvm: GC_FOR_ALLOC freed 1K, 8% free 18237K/19780K, paused 20ms, total 20ms
03-28 01:22:15.175 13700 13700 V dave    : getLauncher 
03-28 01:22:15.215 13700 13700 V IPTVManager: REQ_GetAccount : 0
03-28 01:22:15.216 13700 13700 V IVolumeBar: setMute : false
03-28 01:22:15.217  2163  3076 E AudioService: unexpected unmute for stream: 3
03-28 01:22:15.217 13700 13700 V IVolumeBar: origin volume: 15 12
03-28 01:22:15.217 13700 13700 V IVolumeBar: setMute : false
03-28 01:22:15.218  2163  3146 E AudioService: unexpected unmute for stream: 3
03-28 01:22:15.219 13700 13700 I IPTVCallbackListener: -------------->addIPTVListener : ServerActivity
03-28 01:22:15.219 13700 13700 I IPTVCallbackListener: listener[1] : ServerActivity
03-28 01:22:15.219 13700 13700 I IPTVCallbackListener: listener[0] : MainLiveActivity
03-28 01:22:15.220 13700 13700 W ContextImpl: Calling a method in the system process without a qualified user: android.app.ContextImpl.sendBroadcast:1200 android.content.ContextWrapper.sendBroadcast:365 android.app.ActivityThread.performResumeActivity:2785 android.app.ActivityThread.handleResumeActivity:2823 android.app.ActivityThread.handleLaunchActivity:2250 
03-28 01:22:15.225 13700 13700 E ViewRootImpl: 201409092 enable acc for view=com.siptv.mytv/com.siptv.mytv.ServerActivity
03-28 01:22:15.393 13700 13717 F ----STALKER CPP----: GetAccountInfo(11328) length(11)
03-28 01:22:15.541  2163  2193 I ActivityManager: Displayed com.siptv.mytv/.ServerActivity: +520ms
03-28 01:22:15.603 13700 13700 V rbrb    : stopLive who 18
03-28 01:22:15.603 13700 13700 V rbrb    : setTimeShiftSeekBar who:4096 false
03-28 01:22:15.603 13700 13700 V rbrb    : showPvrHelpUi who 4096
03-28 01:22:15.603 13700 13700 V rbrb    : setTimeShiftUi who 4096 false
03-28 01:22:15.607  1466  1924 I DVBSTACK: [Reply] DVB_IPTV_StopRecord(337), size:4 (DvbService.cpp, 213)
03-28 01:22:15.607 13700 13790 V PvrManager: onDvbListener : 258
03-28 01:22:15.607 13700 13790 V PvrManager: NOTIFYMSG_PVR_RECORD_Stop : 0 16
03-28 01:22:15.607  3085  3423 V Home    : onIPTVListener : 258
03-28 01:22:15.607 13700 13790 I b       : sendMsgTo : 258 a
03-28 01:22:15.608 13700 13700 V MainLiveActivity: timeshift appPvrStopCmd suc
03-28 01:22:15.608 13700 13700 V IPTVManager: REQ_StopChannelLog : -1 0
03-28 01:22:15.608  1466  4460 I DVBSTACK: [Reply] DVB_AV_SetScale(142), size:0 (DvbService.cpp, 213)
03-28 01:22:15.609  1466 31504 I DVBSTACK: [Reply] DVB_IPTV_StopProbe(339), size:4 (DvbService.cpp, 213)
03-28 01:22:15.609 13700 13700 V PvrManager: timeshift appStopIptvProbe suc
03-28 01:22:15.609 13700 13700 V LiveListLayout: setSeekClear
03-28 01:22:15.609 13700 13700 V LiveListLayout: setSeekIcon : 100
03-28 01:22:15.621 13700 13700 V MainLiveActivity: handleMessage : 1026
03-28 01:22:15.621 13700 13700 V LiveListLayout: setSeekClear
03-28 01:22:15.621 13700 13700 V LiveListLayout: setSeekIcon : 100
03-28 01:22:17.871 13700 13712 V WatchDogTask: WatchDogTask http://sam.me:21000/c/
03-28 01:22:17.871 13700 13712 V IPTVManager: REQ_setWatchDogMsg : 0
03-28 01:22:17.872 13700 13718 F ----STALKER CPP----: skip setwdt
03-28 01:22:18.610 13700 13700 V MainLiveActivity: handleMessage : 773
03-28 01:22:18.610 13700 13700 V rbrb    : setTimeShiftUi who 1 false
03-28 01:22:18.929  3085  3088 D dalvikvm: GC_CONCURRENT freed 3146K, 19% free 22997K/28192K, paused 4ms+9ms, total 57ms
03-28 01:22:23.388 13700 13700 V MainLiveActivity: handleMessage : 529
03-28 01:22:27.006 13700 13700 D --SETTING Menu--: dispatchKeyEvent : 20
03-28 01:22:27.430 13700 13700 D --SETTING Menu--: dispatchKeyEvent : 20
03-28 01:22:33.455 13700 13700 V MainLiveActivity: handleMessage : 529
03-28 01:22:36.836  3000  3000 D LatinIME: [onKeyDown]::dpad_center========23
03-28 01:22:36.836 13700 13700 D --SETTING Menu--: dispatchKeyEvent : 23
03-28 01:22:37.336  3000  3000 D LatinIME: [onKeyDown]::dpad_center========23
03-28 01:22:37.336 13700 13700 D --SETTING Menu--: dispatchKeyEvent : 23
03-28 01:22:37.386  3000  3000 D LatinIME: [onKeyDown]::dpad_center========23
03-28 01:22:37.386 13700 13700 D --SETTING Menu--: dispatchKeyEvent : 23
03-28 01:22:37.436  3000  3000 D LatinIME: [onKeyDown]::dpad_center========23
03-28 01:22:37.437 13700 13700 D --SETTING Menu--: dispatchKeyEvent : 23
03-28 01:22:37.477 13700 13700 D --SETTING Menu--: dispatchKeyEvent : 23
03-28 01:22:37.515 13700 13700 D dalvikvm: GC_FOR_ALLOC freed 184K, 5% free 20035K/21068K, paused 19ms, total 20ms
03-28 01:22:37.569 13700 13700 E ViewRootImpl: 201409092 enable acc for view=com.siptv.mytv/com.siptv.mytv.ServerActivity
03-28 01:22:43.515 13700 13700 V MainLiveActivity: handleMessage : 529
03-28 01:22:46.646  3000  3000 D LatinIME: [onKeyDown]::dpad_center========23
03-28 01:22:46.980 13700 13700 V --SETTING Menu--: Connect Server : 0  0
03-28 01:22:46.980 13700 13700 V IPTVManager: removeReserved E
03-28 01:22:46.981 13700 13700 V DvbApiManager: TimeSetting setDVBWakeUpTime off 
03-28 01:22:46.994  1466  1466 I DVBSTACK: [Reply] DVB_DB_ALRAM_SetItem(52), size:4 (DvbService.cpp, 213)
03-28 01:22:46.995 13700 13700 V DvbApiManager: TimeSetting setDVBWakeUpTime : true
03-28 01:22:46.995 13700 13700 V IPTVManager: removeReserved X
03-28 01:22:47.019 13700 13700 E ViewRootImpl: 201409092 enable acc for view=com.siptv.mytv/com.siptv.mytv.ServerActivity
03-28 01:22:47.022 13700 13700 V --SETTING Menu--: REQ_connectServer :   false
03-28 01:22:47.023 13700 13700 D IPTVManager: siptvJni : false
03-28 01:22:47.023 13700 13700 V SiptvJni: REQCONNECT SEVER : session2, serverserverUrl$http://sam.me:21000/c/$
03-28 01:22:47.223 13700 13700 V IPTVManager: REQ_connectServer : 0
03-28 01:22:47.223 13700 13700 D --SETTING Menu--: Connect Server OK
03-28 01:22:47.223 13700 13700 V IPTVManager: REQ_GetAccount : 0
03-28 01:22:47.225 13700 13700 W InputEventReceiver: Attempted to finish an input event but the input event receiver has already been disposed.
03-28 01:22:47.226 13700 13717 V IPTVCallbackListener: T_QUERY_OTT_Connect_Server_Ack Progress status : 100
03-28 01:22:47.227 13700 13717 E SQLiteLog: (1) statement aborts at 2: [commit transaction;] cannot commit - no transaction is active
03-28 01:22:47.227 13700 13717 E SQLiteLog: (1) statement aborts at 2: [commit transaction;] cannot commit - no transaction is active
03-28 01:22:47.262 13700 13717 V IPTVCallbackListener: T_QUERY_OTT_Connect_Server_Ack Progress status : 101
03-28 01:22:47.262 13700 13717 V IPTVCallbackListener: T_QUERY_OTT_Connect_Server_Ack Progress status : 102
03-28 01:22:47.263 13700 13717 V IPTVCallbackListener: T_QUERY_OTT_Connect_Server_Ack Progress status : 103
03-28 01:22:47.263 13700 13717 V IPTVCallbackListener: T_QUERY_OTT_Connect_Server_Ack Progress status : 104
03-28 01:22:47.566 13700 13700 V --SETTING Menu--: T_QUERY_OTT_Connect_Progress_Ack : 1
03-28 01:22:47.745 13700 13717 F ----STALKER CPP----: m_portalver [4.9.19]
03-28 01:22:47.745 13700 13717 F ----STALKER CPP----: m_portalver new [4.9.19]
03-28 01:22:48.714 13700 13717 F ----STALKER CPP----: m_vodPath [/media/]
03-28 01:22:49.241 13700 13717 V IPTVCallbackListener: T_QUERY_OTT_Connect_Server_Ack Progress status : 105
03-28 01:22:50.426 13700 13717 V IPTVCallbackListener: T_QUERY_OTT_Connect_Server_Ack Progress status : 106
03-28 01:22:50.426 13700 13717 V IPTVCallbackListener: T_QUERY_OTT_Connect_Server_Ack Progress status : 107
03-28 01:22:50.625 13700 13717 F ----STALKER CPP----: clear token, no save
03-28 01:22:50.625 13700 13717 F ----STALKER CPP----: WatchDog Timeout - NULL (30) 
03-28 01:22:51.126 13700 13717 V IPTVCallbackListener: T_QUERY_OTT_Connect_Server_Ack Pass : 110
03-28 01:22:51.126 13700 13717 V IPTVCallbackListener: T_QUERY_OTT_Connect_Server_Ack OK : 0 30
03-28 01:22:51.126 13700 13700 V --SETTING Menu--: T_QUERY_OTT_Connect_Server_Ack : 110 false
03-28 01:22:51.127 13700 13700 V --SETTING Menu--: T_QUERY_OTT_Connect_Server_Ack : 0 false
03-28 01:22:51.128 13700 13700 V IPTVManager: REQ_getLiveGroupList : 0
03-28 01:22:51.315 13700 13717 F ----STALKER CPP----: GetAccountInfo(11328) length(11)
03-28 01:22:53.126 13700 14056 V WatchDogTask: WatchDogTask http://sam.me:21000/c/
03-28 01:22:53.127 13700 14056 V IPTVManager: REQ_setWatchDogMsg : 0
03-28 01:22:53.127 13700 13718 F ----STALKER CPP----: skip setwdt
03-28 01:22:53.576 13700 13700 V MainLiveActivity: handleMessage : 529
03-28 01:22:54.497 13700 13717 W ----STALKER CPP----: File Created - /system/reserved/db/0/neon.ddns.me:21000.glck(0)
03-28 01:22:54.520 13700 13717 E SQLiteLog: (1) statement aborts at 2: [commit transaction;] cannot commit - no transaction is active
03-28 01:22:54.713 13700 13717 V iptv    : getLiveGroupFromDB Start
03-28 01:22:54.726 13700 13717 V iptv    : getLiveGroupFromDB End : 0
03-28 01:22:54.727 13700 13700 V IPTVManager: REQ_getLiveChannelList : 0
03-28 01:22:55.376 13700 13700 V --SETTING Menu--: T_QUERY_OTT_Connect_Progress_Ack : 2
03-28 01:22:55.469 13700 13700 V --SETTING Menu--: T_QUERY_OTT_Connect_Progress_Ack : 3
03-28 01:22:55.669 13700 13700 V --SETTING Menu--: T_QUERY_OTT_Connect_Progress_Ack : 4
03-28 01:22:55.763 13700 13700 V --SETTING Menu--: T_QUERY_OTT_Connect_Progress_Ack : 5
03-28 01:22:55.853 13700 13700 V --SETTING Menu--: T_QUERY_OTT_Connect_Progress_Ack : 6
03-28 01:22:55.944 13700 13700 V --SETTING Menu--: T_QUERY_OTT_Connect_Progress_Ack : 7
03-28 01:22:56.033 13700 13700 V --SETTING Menu--: T_QUERY_OTT_Connect_Progress_Ack : 8
03-28 01:22:56.120 13700 13700 V --SETTING Menu--: T_QUERY_OTT_Connect_Progress_Ack : 9
03-28 01:22:56.207 13700 13700 V --SETTING Menu--: T_QUERY_OTT_Connect_Progress_Ack : 10
03-28 01:22:56.294 13700 13700 V --SETTING Menu--: T_QUERY_OTT_Connect_Progress_Ack : 11
03-28 01:22:56.379 13700 13700 V --SETTING Menu--: T_QUERY_OTT_Connect_Progress_Ack : 12
03-28 01:22:56.458 13700 13700 V --SETTING Menu--: T_QUERY_OTT_Connect_Progress_Ack : 13
03-28 01:22:56.539 13700 13700 V --SETTING Menu--: T_QUERY_OTT_Connect_Progress_Ack : 14
03-28 01:22:56.617 13700 13700 V --SETTING Menu--: T_QUERY_OTT_Connect_Progress_Ack : 15
03-28 01:22:56.619 13700 13717 F ----STALKER CPP----: GetLiveList(4399) length(360861)
03-28 01:22:56.678 13700 13717 F ----STALKER CPP----: GetLiveList(4478) tc(314) groupId_isNumber(1)
03-28 01:22:56.689 13700 13717 F ----STALKER CPP----: GetLiveList(4664) channel_tot_count(314)
03-28 01:22:56.689 13700 13717 F ----STALKER CPP----: GetLiveList(4668) valid tvch_cnt(314)
03-28 01:22:56.900 13700 13717 F ----STALKER CPP----: GetLiveList(4399) length(0)
03-28 01:22:56.900 13700 13717 F ----STALKER CPP----: GetLiveList : js root error
03-28 01:22:56.900 13700 13717 V TAG     : GetLiveURL : getLiveChannelFromDB 33281 0
03-28 01:22:56.900 13700 13700 V --SETTING Menu--: Robin server T_QUERY_OTT_Get_Live_ChannelList_Ack : errCode 57349
03-28 01:22:57.001 13700 13700 E ViewRootImpl: 201409092 enable acc for view=Toast
03-28 01:23:00.016  2163  2194 I ProcessStatsService: Prepared write state in 8ms
03-28 01:23:03.642 13700 13700 V MainLiveActivity: handleMessage : 529
03-28 01:23:13.716 13700 13700 V MainLiveActivity: handleMessage : 529
03-28 01:23:23.127 13700 14056 V WatchDogTask: WatchDogTask http://sam.me:21000/c/
03-28 01:23:23.127 13700 14056 V IPTVManager: REQ_setWatchDogMsg : 0
03-28 01:23:23.128 13700 13718 F ----STALKER CPP----: skip setwdt
03-28 01:23:23.786 13700 13700 V MainLiveActivity: handleMessage : 529
03-28 01:23:33.855 13700 13700 V MainLiveActivity: handleMessage : 529
03-28 01:23:43.924 13700 13700 V MainLiveActivity: handleMessage : 529
03-28 01:23:53.127 13700 14056 V WatchDogTask: WatchDogTask http://sam.me:21000/c/
03-28 01:23:53.127 13700 14056 V IPTVManager: REQ_setWatchDogMsg : 0
03-28 01:23:53.996 13700 13700 V MainLiveActivity: handleMessage : 529
03-28 01:24:04.072 13700 13700 V MainLiveActivity: handleMessage : 529
03-28 01:24:14.147 13700 13700 V MainLiveActivity: handleMessage : 529
03-28 01:24:23.127 13700 14056 V WatchDogTask: WatchDogTask http://sam.me:21000/c/
03-28 01:24:23.127 13700 14056 V IPTVManager: REQ_setWatchDogMsg : 0
03-28 01:24:24.212 13700 13700 V MainLiveActivity: handleMessage : 529
03-28 01:24:34.283 13700 13700 V MainLiveActivity: handleMessage : 529
03-28 01:24:44.359 13700 13700 V MainLiveActivity: handleMessage : 529
03-28 01:24:53.127 13700 14056 V WatchDogTask: WatchDogTask http://sam.me:21000/c/
03-28 01:24:53.127 13700 14056 V IPTVManager: REQ_setWatchDogMsg : 0
03-28 01:24:54.429 13700 13700 V MainLiveActivity: handleMessage : 529
03-28 01:25:04.503 13700 13700 V MainLiveActivity: handleMessage : 529
03-28 01:25:14.577 13700 13700 V MainLiveActivity: handleMessage : 529
03-28 01:25:23.127 13700 14056 V WatchDogTask: WatchDogTask http://sam.me:21000/c/
03-28 01:25:23.127 13700 14056 V IPTVManager: REQ_setWatchDogMsg : 0
03-28 01:25:24.649 13700 13700 V MainLiveActivity: handleMessage : 529
03-28 01:25:34.719 13700 13700 V MainLiveActivity: handleMessage : 529
03-28 01:25:44.787 13700 13700 V MainLiveActivity: handleMessage : 529
03-28 01:25:53.127 13700 14056 V WatchDogTask: WatchDogTask http://sam.me:21000/c/
03-28 01:25:53.127 13700 14056 V IPTVManager: REQ_setWatchDogMsg : 0
03-28 01:25:54.864 13700 13700 V MainLiveActivity: handleMessage : 529
03-28 01:26:04.940 13700 13700 V MainLiveActivity: handleMessage : 529
03-28 01:26:15.009 13700 13700 V MainLiveActivity: handleMessage : 529
03-28 01:26:23.127 13700 14056 V WatchDogTask: WatchDogTask http://sam.me:21000/c/
03-28 01:26:23.128 13700 14056 V IPTVManager: REQ_setWatchDogMsg : 0
03-28 01:26:25.076 13700 13700 V MainLiveActivity: handleMessage : 529
03-28 01:26:35.148 13700 13700 V MainLiveActivity: handleMessage : 529
03-28 01:26:35.216 13700 13703 D dalvikvm: GC_CONCURRENT freed 1477K, 7% free 21514K/23088K, paused 3ms+10ms, total 46ms
03-28 01:26:45.249 13700 13700 V MainLiveActivity: handleMessage : 529
03-28 01:26:53.128 13700 14056 V WatchDogTask: WatchDogTask http://sam.me:21000/c/
03-28 01:26:53.128 13700 14056 V IPTVManager: REQ_setWatchDogMsg : 0
03-28 01:26:55.323 13700 13700 V MainLiveActivity: handleMessage : 529
03-28 01:27:05.399 13700 13700 V MainLiveActivity: handleMessage : 529
03-28 01:27:15.473 13700 13700 V MainLiveActivity: handleMessage : 529
03-28 01:27:18.952  3085  3088 D dalvikvm: GC_CONCURRENT freed 3782K, 22% free 22260K/28192K, paused 1ms+8ms, total 53ms
03-28 01:27:23.128 13700 14056 V WatchDogTask: WatchDogTask http://sam.me:21000/c/
03-28 01:27:23.128 13700 14056 V IPTVManager: REQ_setWatchDogMsg : 0
03-28 01:27:25.544 13700 13700 V MainLiveActivity: handleMessage : 529
03-28 01:27:35.618 13700 13700 V MainLiveActivity: handleMessage : 529
03-28 01:27:45.691 13700 13700 V MainLiveActivity: handleMessage : 529
03-28 01:27:53.129 13700 14056 V WatchDogTask: WatchDogTask http://sam.me:21000/c/
03-28 01:27:53.129 13700 14056 V IPTVManager: REQ_setWatchDogMsg : 0
03-28 01:27:55.765 13700 13700 V MainLiveActivity: handleMessage : 529
03-28 01:28:05.838 13700 13700 V MainLiveActivity: handleMessage : 529
03-28 01:28:15.907 13700 13700 V MainLiveActivity: handleMessage : 529
03-28 01:28:23.129 13700 14056 V WatchDogTask: WatchDogTask http://sam.me:21000/c/
03-28 01:28:23.129 13700 14056 V IPTVManager: REQ_setWatchDogMsg : 0
03-28 01:28:25.978 13700 13700 V MainLiveActivity: handleMessage : 529
03-28 01:28:36.047 13700 13700 V MainLiveActivity: handleMessage : 529
03-28 01:28:46.123 13700 13700 V MainLiveActivity: handleMessage : 529
03-28 01:28:53.129 13700 14056 V WatchDogTask: WatchDogTask http://sam.me:21000/c/
03-28 01:28:53.129 13700 14056 V IPTVManager: REQ_setWatchDogMsg : 0
03-28 01:28:56.202 13700 13700 V MainLiveActivity: handleMessage : 529
03-28 01:29:06.136  2163  2873 D WifiStateMachine: handleMessage: E msg.what=131143
03-28 01:29:06.136  2163  2873 D WifiStateMachine: processMsg: DisconnectedState
03-28 01:29:06.136  2163  2873 D WifiStateMachine: processMsg: ConnectModeState
03-28 01:29:06.136  2163  2873 D WifiStateMachine: processMsg: DriverStartedState
03-28 01:29:06.139  2163  2873 D WifiHW  : wifi command = IFNAME=wlan0 SCAN
03-28 01:29:06.140  2163  2873 D WifiStateMachine: handleMessage: X
03-28 01:29:06.140  2163  2873 D WifiStateMachine: handleMessage: E msg.what=147462
03-28 01:29:06.141  2163  2873 D WifiStateMachine: processMsg: DisconnectedState
03-28 01:29:06.141  2163  2873 D WifiStateMachine: setDetailed state, old =DISCONNECTED and new state=SCANNING
03-28 01:29:06.141  2163  2873 D WifiStateMachine: processMsg: ConnectModeState
03-28 01:29:06.141  2163  2873 D WifiStateMachine: handleMessage: X
03-28 01:29:06.143  3085  3085 V Home    : WifiReceiver : android.net.wifi.supplicant.STATE_CHANGE
03-28 01:29:06.150  2163  2875 D ConnectivityService: Sampling interval elapsed, updating statistics ..
03-28 01:29:06.156  2163  2875 D ConnectivityService: Done.
03-28 01:29:06.156  2163  2875 D ConnectivityService: Setting timer for 720seconds
03-28 01:29:06.212  3126 12194 V NativeCrypto: Read error: ssl=0x4e0ae520: I/O error during system call, Connection reset by peer
03-28 01:29:06.214  3126 12194 V NativeCrypto: SSL shutdown failed: ssl=0x4e0ae520: I/O error during system call, Broken pipe
03-28 01:29:06.220  3126 12194 E GCM     : Wifi connection closed with errorCode 20
03-28 01:29:06.224  2163  2875 D ConnectivityService: handleInetConditionChange: net=1 != default=9 - ignore
03-28 01:29:06.281 13700 13700 V MainLiveActivity: handleMessage : 529
03-28 01:29:06.341  3272 15590 I PhenotypeFlagCommitter: Experiment Configs successfully retrieved for com.google.android.gms.playlog.uploader
03-28 01:29:06.342  3272 15590 I GoogleURLConnFactory: Using platform SSLCertificateSocketFactory
03-28 01:29:06.903  3272  3273 D dalvikvm: GC_CONCURRENT freed 886K, 17% free 5039K/6024K, paused 4ms+6ms, total 41ms
03-28 01:29:08.262  2163  2873 D WifiStateMachine: handleMessage: E msg.what=147461
03-28 01:29:08.262  2163  2873 D WifiStateMachine: processMsg: DisconnectedState
03-28 01:29:08.262  2163  2873 D WifiStateMachine: processMsg: ConnectModeState
03-28 01:29:08.262  2163  2873 D WifiStateMachine: processMsg: DriverStartedState
03-28 01:29:08.262  2163  2873 D WifiStateMachine: processMsg: SupplicantStartedState
03-28 01:29:08.262  2163  2873 D WifiHW  : wifi command = IFNAME=wlan0 BSS RANGE=0- MASK=0x21987
03-28 01:29:08.264  2163  2197 D EthernetDataTracker: Interface wlan0 link down
03-28 01:29:08.264  2163  2197 D G3StateTracker: 3g interfaceLinkStateChanged wlan0 link down
03-28 01:29:08.267  2163  2873 D WifiStateMachine: handleMessage: X
03-28 01:29:08.267  2163  2873 D WifiStateMachine: handleMessage: E msg.what=147462
03-28 01:29:08.267  2163  2873 D WifiStateMachine: processMsg: DisconnectedState
03-28 01:29:08.267  2163  2873 D WifiStateMachine: setDetailed state, old =SCANNING and new state=DISCONNECTED
03-28 01:29:08.267  2163  2873 D WifiStateMachine: processMsg: ConnectModeState
03-28 01:29:08.267  2163  2873 D WifiStateMachine: handleMessage: X
03-28 01:29:08.268  3085  3085 V Home    : WifiReceiver : android.net.wifi.SCAN_RESULTS
03-28 01:29:08.270  3085  3085 V Home    : WifiReceiver : android.net.wifi.supplicant.STATE_CHANGE
03-28 01:29:10.824  2163  2875 D ConnectivityService: handleInetConditionChange: net=1 != default=9 - ignore
03-28 01:29:10.835  2163  2875 D ConnectivityService: handleInetConditionChange: net=1 != default=9 - ignore
03-28 01:29:10.839  2163  2875 D ConnectivityService: handleInetConditionChange: net=1 != default=9 - ignore
03-28 01:29:16.342 13700 13700 V MainLiveActivity: handleMessage : 529
03-28 01:29:23.129 13700 14056 V WatchDogTask: WatchDogTask http://sam.me:21000/c/
03-28 01:29:23.129 13700 14056 V IPTVManager: REQ_setWatchDogMsg : 0
03-28 01:29:26.412 13700 13700 V MainLiveActivity: handleMessage : 529
03-28 01:29:36.485 13700 13700 V MainLiveActivity: handleMessage : 529
03-28 01:29:46.559 13700 13700 V MainLiveActivity: handleMessage : 529
03-28 01:29:53.129 13700 14056 V WatchDogTask: WatchDogTask http://sam.me:21000/c/
03-28 01:29:53.130 13700 14056 V IPTVManager: REQ_setWatchDogMsg : 0
03-28 01:29:56.625 13700 13700 V MainLiveActivity: handleMessage : 529
03-28 01:30:02.603  1460  1496 E HI_ADP_HDMI: get_hdmi_suspend_enable: value is :0
03-28 01:30:02.603  1460  1496 E HI_ADP_HDMI: hdmi cec suspend disable
03-28 01:30:06.700 13700 13700 V MainLiveActivity: handleMessage : 529
03-28 01:30:16.770 13700 13700 V MainLiveActivity: handleMessage : 529
03-28 01:30:23.130 13700 14056 V WatchDogTask: WatchDogTask http://sam.me:21000/c/
03-28 01:30:23.130 13700 14056 V IPTVManager: REQ_setWatchDogMsg : 0
03-28 01:30:26.840 13700 13700 V MainLiveActivity: handleMessage : 529
03-28 01:30:36.911 13700 13700 V MainLiveActivity: handleMessage : 529
03-28 01:30:46.985 13700 13700 V MainLiveActivity: handleMessage : 529
03-28 01:30:53.130 13700 14056 V WatchDogTask: WatchDogTask http://sam.me:21000/c/
03-28 01:30:53.131 13700 14056 V IPTVManager: REQ_setWatchDogMsg : 0
03-28 01:30:57.059 13700 13700 V MainLiveActivity: handleMessage : 529
03-28 01:31:07.132 13700 13700 V MainLiveActivity: handleMessage : 529
03-28 01:31:17.205 13700 13700 V MainLiveActivity: handleMessage : 529
