03-28 01:43:39.236  1460  1496 E HI_ADP_HDMI: 4k[6] = 0 
03-28 01:43:39.236  1460  1496 E HI_ADP_HDMI: 4k[7] = 0 
03-28 01:43:39.236  1460  1496 E HI_ADP_HDMI: 4k[8] = 0 
03-28 01:43:39.236  1460  1496 E HI_ADP_HDMI: 4k[9] = 0 
03-28 01:43:39.236  1460  1496 E HI_ADP_HDMI: 
03-28 01:43:39.236  1460  1496 E HI_ADP_HDMI:  optimum format is 7 
03-28 01:43:39.236  1460  1496 E HI_ADP_HDMI: displayType = 1
03-28 01:43:39.236  1460  1496 E HI_ADP_HDMI: 
03-28 01:43:39.236  1460  1496 E HI_ADP_HDMI:  get current format is 11 
03-28 01:43:39.236  1460  1496 D HI_ADP_HDMI: persist.sys.optimalfmt.perfer=native
03-28 01:43:39.236  1460  1496 E HI_ADP_HDMI: 
03-28 01:43:39.236  1460  1496 E HI_ADP_HDMI:  final optimum format = 7 
03-28 01:43:39.236  1460  1496 E HI_ADP_HDMI: 
03-28 01:43:39.236  1460  1496 E HI_ADP_HDMI:  capability is not changed 
03-28 01:43:39.236  1460  1496 E HI_ADP_HDMI: getOptimalFormat, enable = 0
03-28 01:43:39.236  1460  1496 E HI_ADP_HDMI: 
03-28 01:43:39.236  1460  1496 E HI_ADP_HDMI:  optimum format enable is disabled 
03-28 01:43:39.236  1460  1496 E HI_ADP_HDMI: current format ok
03-28 01:43:39.236  1460  1496 E DisplaySetting: Display:set_format format is 11
03-28 01:43:39.845 13700 13710 V PvrManager: onDvbListener : 263
03-28 01:43:39.845  3085  3096 V Home    : onIPTVListener : 263
03-28 01:43:39.845 13700 13710 V PvrManager: NOTIFYMSG_PVR_REC_Time 16 0 12 12
03-28 01:43:39.846 13700 13710 V MainLiveActivity: onPvrRecordTime : 0 12 12
03-28 01:43:39.846 13700 13710 I b       : sendMsgTo : 263 a
03-28 01:43:39.846 13700 13700 V MainLiveActivity: handleMessage : 769
03-28 01:43:39.846 13700 13700 V PvrManager: setPvrTime : 12
03-28 01:43:40.428  1460  1496 E DisplaySetting: Display:store_format format is 11, format_sd is 11
03-28 01:43:40.549  1460  1496 I HI_ADP_HDMI: HDMI Hotplug event done HDMI_HotPlug_Proc(655)
03-28 01:43:40.549  1460  1496 E HI_ADP_HDMI: get_hdmi_suspend_enable: value is :0
03-28 01:43:40.549  1460  1496 E HI_ADP_HDMI: hdmi cec suspend disable
03-28 01:43:40.847 13700 13790 V PvrManager: onDvbListener : 263
03-28 01:43:40.847  3085 30645 V Home    : onIPTVListener : 263
03-28 01:43:40.847 13700 13790 V PvrManager: NOTIFYMSG_PVR_REC_Time 16 0 13 13
03-28 01:43:40.847 13700 13790 V MainLiveActivity: onPvrRecordTime : 0 13 13
03-28 01:43:40.848 13700 13790 I b       : sendMsgTo : 263 a
03-28 01:43:40.848 13700 13700 V MainLiveActivity: handleMessage : 769
03-28 01:43:40.848 13700 13700 V PvrManager: setPvrTime : 13
03-28 01:43:41.849  3085  3095 V Home    : onIPTVListener : 263
03-28 01:43:41.849 13700 13711 V PvrManager: onDvbListener : 263
03-28 01:43:41.850 13700 13711 V PvrManager: NOTIFYMSG_PVR_REC_Time 16 0 14 14
03-28 01:43:41.850 13700 13711 V MainLiveActivity: onPvrRecordTime : 0 14 14
03-28 01:43:41.850 13700 13711 I b       : sendMsgTo : 263 a
03-28 01:43:41.850 13700 13700 V MainLiveActivity: handleMessage : 769
03-28 01:43:41.850 13700 13700 V PvrManager: setPvrTime : 14
03-28 01:43:42.395 13700 13700 V MainLiveActivity: handleMessage : 529
03-28 01:43:42.851  3085 17864 V Home    : onIPTVListener : 263
03-28 01:43:42.851 13700 13710 V PvrManager: onDvbListener : 263
03-28 01:43:42.851 13700 13710 V PvrManager: NOTIFYMSG_PVR_REC_Time 16 0 15 15
03-28 01:43:42.852 13700 13710 V MainLiveActivity: onPvrRecordTime : 0 15 15
03-28 01:43:42.852 13700 13710 I b       : sendMsgTo : 263 a
03-28 01:43:42.852 13700 13700 V MainLiveActivity: handleMessage : 769
03-28 01:43:42.853 13700 13700 V PvrManager: setPvrTime : 15
03-28 01:43:43.853 13700 13790 V PvrManager: onDvbListener : 263
03-28 01:43:43.853  3085  3423 V Home    : onIPTVListener : 263
03-28 01:43:43.854 13700 13790 V PvrManager: NOTIFYMSG_PVR_REC_Time 16 0 16 16
03-28 01:43:43.854 13700 13790 V MainLiveActivity: onPvrRecordTime : 0 16 16
03-28 01:43:43.854 13700 13790 I b       : sendMsgTo : 263 a
03-28 01:43:43.854 13700 13700 V MainLiveActivity: handleMessage : 769
03-28 01:43:43.854 13700 13700 V PvrManager: setPvrTime : 16
03-28 01:43:44.845  3085  3096 V Home    : onIPTVListener : 263
03-28 01:43:44.845 13700 13711 V PvrManager: onDvbListener : 263
03-28 01:43:44.845 13700 13711 V PvrManager: NOTIFYMSG_PVR_REC_Time 16 0 17 17
03-28 01:43:44.846 13700 13711 V MainLiveActivity: onPvrRecordTime : 0 17 17
03-28 01:43:44.846 13700 13711 I b       : sendMsgTo : 263 a
03-28 01:43:44.846 13700 13700 V MainLiveActivity: handleMessage : 769
03-28 01:43:44.846 13700 13700 V PvrManager: setPvrTime : 17
03-28 01:43:45.832  3000  3000 D LatinIME: [onKeyDown]::dpad_center========23
03-28 01:43:45.832 13700 13700 D --SETTING Menu--: dispatchKeyEvent : 23
03-28 01:43:45.847 13700 13710 V PvrManager: onDvbListener : 263
03-28 01:43:45.847 13700 13710 V PvrManager: NOTIFYMSG_PVR_REC_Time 16 0 18 18
03-28 01:43:45.847 13700 13710 V MainLiveActivity: onPvrRecordTime : 0 18 18
03-28 01:43:45.848 13700 13710 I b       : sendMsgTo : 263 a
03-28 01:43:45.848 13700 13700 V MainLiveActivity: handleMessage : 769
03-28 01:43:45.848 13700 13700 V PvrManager: setPvrTime : 18
03-28 01:43:45.848  3085 30645 V Home    : onIPTVListener : 263
03-28 01:43:46.149 13700 13700 D --SETTING Menu--: dispatchKeyEvent : 23
03-28 01:43:46.149 13700 13700 V --SETTING Menu--: Connect Server : 0  0
03-28 01:43:46.149 13700 13700 V IPTVManager: removeReserved E
03-28 01:43:46.151 13700 13700 V DvbApiManager: TimeSetting setDVBWakeUpTime off 
03-28 01:43:46.163  1466  4925 I DVBSTACK: [Reply] DVB_DB_ALRAM_SetItem(52), size:4 (DvbService.cpp, 213)
03-28 01:43:46.163 13700 13700 V DvbApiManager: TimeSetting setDVBWakeUpTime : true
03-28 01:43:46.163 13700 13700 V IPTVManager: removeReserved X
03-28 01:43:46.187 13700 13700 E ViewRootImpl: 201409092 enable acc for view=com.siptv.mytv/com.siptv.mytv.ServerActivity
03-28 01:43:46.190 13700 13700 V --SETTING Menu--: REQ_connectServer :   false
03-28 01:43:46.190 13700 13700 D IPTVManager: siptvJni : false
03-28 01:43:46.190 13700 13700 V SiptvJni: REQCONNECT SEVER : session3, serverserverUrl$http://sam.me:21000/c/$
03-28 01:43:46.390 13700 13700 V IPTVManager: REQ_connectServer : 0
03-28 01:43:46.390 13700 13700 D --SETTING Menu--: Connect Server OK
03-28 01:43:46.391 13700 13700 V IPTVManager: REQ_GetAccount : 0
03-28 01:43:46.391 13700 13717 V IPTVCallbackListener: T_QUERY_OTT_Connect_Server_Ack Progress status : 100
03-28 01:43:46.392 13700 13717 E SQLiteLog: (1) statement aborts at 2: [commit transaction;] cannot commit - no transaction is active
03-28 01:43:46.424 13700 13717 V IPTVCallbackListener: T_QUERY_OTT_Connect_Server_Ack Progress status : 101
03-28 01:43:46.425 13700 13717 V IPTVCallbackListener: T_QUERY_OTT_Connect_Server_Ack Progress status : 102
03-28 01:43:46.425 13700 13717 V IPTVCallbackListener: T_QUERY_OTT_Connect_Server_Ack Progress status : 103
03-28 01:43:46.425 13700 13717 V IPTVCallbackListener: T_QUERY_OTT_Connect_Server_Ack Progress status : 104
03-28 01:43:46.697 13700 13700 V --SETTING Menu--: T_QUERY_OTT_Connect_Progress_Ack : 1
03-28 01:43:46.850 13700 13711 V PvrManager: onDvbListener : 263
03-28 01:43:46.850  3085  3095 V Home    : onIPTVListener : 263
03-28 01:43:46.850 13700 13711 V PvrManager: NOTIFYMSG_PVR_REC_Time 16 0 19 19
03-28 01:43:46.850 13700 13711 V MainLiveActivity: onPvrRecordTime : 0 19 19
03-28 01:43:46.850 13700 13700 V MainLiveActivity: handleMessage : 769
03-28 01:43:46.850 13700 13711 I b       : sendMsgTo : 263 a
03-28 01:43:46.850 13700 13700 V PvrManager: setPvrTime : 19
03-28 01:43:46.876 13700 13717 F ----STALKER CPP----: m_portalver [4.9.19]
03-28 01:43:46.876 13700 13717 F ----STALKER CPP----: m_portalver new [4.9.19]
03-28 01:43:47.851 13700 13710 V PvrManager: onDvbListener : 263
03-28 01:43:47.852  3085 17864 V Home    : onIPTVListener : 263
03-28 01:43:47.852 13700 13710 V PvrManager: NOTIFYMSG_PVR_REC_Time 16 0 20 20
03-28 01:43:47.852 13700 13710 V MainLiveActivity: onPvrRecordTime : 0 20 20
03-28 01:43:47.852 13700 13710 I b       : sendMsgTo : 263 a
03-28 01:43:47.852 13700 13700 V MainLiveActivity: handleMessage : 769
03-28 01:43:47.852 13700 13700 V PvrManager: setPvrTime : 20
03-28 01:43:47.854 13700 13717 F ----STALKER CPP----: m_vodPath [/media/]
03-28 01:43:48.383 13700 13717 V IPTVCallbackListener: T_QUERY_OTT_Connect_Server_Ack Progress status : 105
03-28 01:43:48.853 13700 13790 V PvrManager: onDvbListener : 263
03-28 01:43:48.853  3085  3423 V Home    : onIPTVListener : 263
03-28 01:43:48.854 13700 13790 V PvrManager: NOTIFYMSG_PVR_REC_Time 16 0 21 21
03-28 01:43:48.854 13700 13790 V MainLiveActivity: onPvrRecordTime : 0 21 21
03-28 01:43:48.854 13700 13700 V MainLiveActivity: handleMessage : 769
03-28 01:43:48.854 13700 13700 V PvrManager: setPvrTime : 21
03-28 01:43:48.854 13700 13790 I b       : sendMsgTo : 263 a
03-28 01:43:49.568 13700 13717 V IPTVCallbackListener: T_QUERY_OTT_Connect_Server_Ack Progress status : 106
03-28 01:43:49.568 13700 13717 V IPTVCallbackListener: T_QUERY_OTT_Connect_Server_Ack Progress status : 107
03-28 01:43:49.765 13700 13717 F ----STALKER CPP----: clear token, no save
03-28 01:43:49.765 13700 13717 F ----STALKER CPP----: WatchDog Timeout - NULL (30) 
03-28 01:43:49.846 13700 13711 V PvrManager: onDvbListener : 263
03-28 01:43:49.846  3085  3096 V Home    : onIPTVListener : 263
03-28 01:43:49.846 13700 13711 V PvrManager: NOTIFYMSG_PVR_REC_Time 16 0 22 22
03-28 01:43:49.846 13700 13711 V MainLiveActivity: onPvrRecordTime : 0 22 22
03-28 01:43:49.846 13700 13711 I b       : sendMsgTo : 263 a
03-28 01:43:49.846 13700 13700 V MainLiveActivity: handleMessage : 769
03-28 01:43:49.846 13700 13700 V PvrManager: setPvrTime : 22
03-28 01:43:50.266 13700 13717 V IPTVCallbackListener: T_QUERY_OTT_Connect_Server_Ack Pass : 110
03-28 01:43:50.266 13700 13700 V --SETTING Menu--: T_QUERY_OTT_Connect_Server_Ack : 110 false
03-28 01:43:50.266 13700 13717 V IPTVCallbackListener: T_QUERY_OTT_Connect_Server_Ack OK : 0 30
03-28 01:43:50.267 13700 13700 V --SETTING Menu--: T_QUERY_OTT_Connect_Server_Ack : 0 false
03-28 01:43:50.268 13700 13700 V IPTVManager: REQ_getLiveGroupList : 0
03-28 01:43:50.461 13700 13717 F ----STALKER CPP----: GetAccountInfo(11328) length(11)
03-28 01:43:50.848 13700 13710 V PvrManager: onDvbListener : 263
03-28 01:43:50.848 13700 13710 V PvrManager: NOTIFYMSG_PVR_REC_Time 16 0 23 23
03-28 01:43:50.848  3085 30645 V Home    : onIPTVListener : 263
03-28 01:43:50.848 13700 13710 V MainLiveActivity: onPvrRecordTime : 0 23 23
03-28 01:43:50.848 13700 13710 I b       : sendMsgTo : 263 a
03-28 01:43:50.848 13700 13700 V MainLiveActivity: handleMessage : 769
03-28 01:43:50.848 13700 13700 V PvrManager: setPvrTime : 23
03-28 01:43:51.850 13700 13790 V PvrManager: onDvbListener : 263
03-28 01:43:51.850  3085  3095 V Home    : onIPTVListener : 263
03-28 01:43:51.850 13700 13790 V PvrManager: NOTIFYMSG_PVR_REC_Time 16 0 24 24
03-28 01:43:51.850 13700 13790 V MainLiveActivity: onPvrRecordTime : 0 24 24
03-28 01:43:51.850 13700 13790 I b       : sendMsgTo : 263 a
03-28 01:43:51.850 13700 13700 V MainLiveActivity: handleMessage : 769
03-28 01:43:51.850 13700 13700 V PvrManager: setPvrTime : 24
03-28 01:43:52.267 13700 19077 V WatchDogTask: WatchDogTask http://sam.me:21000/c/
03-28 01:43:52.267 13700 19077 V IPTVManager: REQ_setWatchDogMsg : 0
03-28 01:43:52.267 13700 13718 F ----STALKER CPP----: skip setwdt
03-28 01:43:52.453 13700 13700 V MainLiveActivity: handleMessage : 529
03-28 01:43:52.852 13700 13711 V PvrManager: onDvbListener : 263
03-28 01:43:52.852  3085 17864 V Home    : onIPTVListener : 263
03-28 01:43:52.852 13700 13711 V PvrManager: NOTIFYMSG_PVR_REC_Time 16 0 25 25
03-28 01:43:52.852 13700 13711 V MainLiveActivity: onPvrRecordTime : 0 25 25
03-28 01:43:52.852 13700 13711 I b       : sendMsgTo : 263 a
03-28 01:43:52.852 13700 13700 V MainLiveActivity: handleMessage : 769
03-28 01:43:52.852 13700 13700 V PvrManager: setPvrTime : 25
03-28 01:43:53.036  2163  2194 I ActivityManager: Waited long enough for: ServiceRecord{2d05de60 u0 com.hisilicon.android.music/.MediaPlaybackService}
03-28 01:43:53.654 13700 13717 W ----STALKER CPP----: File Created - /system/reserved/db/0/neon.ddns.me:21000.glck(0)
03-28 01:43:53.854 13700 13710 V PvrManager: onDvbListener : 263
03-28 01:43:53.854  3085  3423 V Home    : onIPTVListener : 263
03-28 01:43:53.854 13700 13710 V PvrManager: NOTIFYMSG_PVR_REC_Time 16 0 26 26
03-28 01:43:53.854 13700 13710 V MainLiveActivity: onPvrRecordTime : 0 26 26
03-28 01:43:53.854 13700 13710 I b       : sendMsgTo : 263 a
03-28 01:43:53.854 13700 13700 V MainLiveActivity: handleMessage : 769
03-28 01:43:53.854 13700 13700 V PvrManager: setPvrTime : 26
03-28 01:43:53.865 13700 13717 V iptv    : getLiveGroupFromDB Start
03-28 01:43:53.876 13700 13717 V iptv    : getLiveGroupFromDB End : 0
03-28 01:43:53.878 13700 13700 V IPTVManager: REQ_getLiveChannelList : 0
03-28 01:43:54.504 13700 13700 V --SETTING Menu--: T_QUERY_OTT_Connect_Progress_Ack : 2
03-28 01:43:54.594 13700 13700 V --SETTING Menu--: T_QUERY_OTT_Connect_Progress_Ack : 3
03-28 01:43:54.759 13700 13700 V --SETTING Menu--: T_QUERY_OTT_Connect_Progress_Ack : 4
03-28 01:43:54.846 13700 13790 V PvrManager: onDvbListener : 263
03-28 01:43:54.846 13700 13700 V --SETTING Menu--: T_QUERY_OTT_Connect_Progress_Ack : 5
03-28 01:43:54.846  3085  3096 V Home    : onIPTVListener : 263
03-28 01:43:54.846 13700 13790 V PvrManager: NOTIFYMSG_PVR_REC_Time 16 0 27 27
03-28 01:43:54.846 13700 13790 V MainLiveActivity: onPvrRecordTime : 0 27 27
03-28 01:43:54.846 13700 13790 I b       : sendMsgTo : 263 a
03-28 01:43:54.847 13700 13700 V MainLiveActivity: handleMessage : 769
03-28 01:43:54.847 13700 13700 V PvrManager: setPvrTime : 27
03-28 01:43:54.932 13700 13700 V --SETTING Menu--: T_QUERY_OTT_Connect_Progress_Ack : 6
03-28 01:43:55.083 13700 13700 V --SETTING Menu--: T_QUERY_OTT_Connect_Progress_Ack : 7
03-28 01:43:55.169 13700 13700 V --SETTING Menu--: T_QUERY_OTT_Connect_Progress_Ack : 8
03-28 01:43:55.252 13700 13700 V --SETTING Menu--: T_QUERY_OTT_Connect_Progress_Ack : 9
03-28 01:43:55.339 13700 13700 V --SETTING Menu--: T_QUERY_OTT_Connect_Progress_Ack : 10
03-28 01:43:55.420 13700 13700 V --SETTING Menu--: T_QUERY_OTT_Connect_Progress_Ack : 11
03-28 01:43:55.444 13700 13700 V --SETTING Menu--: T_QUERY_OTT_Connect_Progress_Ack : 12
03-28 01:43:55.520 13700 13700 V --SETTING Menu--: T_QUERY_OTT_Connect_Progress_Ack : 13
03-28 01:43:55.599 13700 13700 V --SETTING Menu--: T_QUERY_OTT_Connect_Progress_Ack : 14
03-28 01:43:55.679 13700 13700 V --SETTING Menu--: T_QUERY_OTT_Connect_Progress_Ack : 15
03-28 01:43:55.680 13700 13717 F ----STALKER CPP----: GetLiveList(4399) length(360861)
03-28 01:43:55.733 13700 13717 F ----STALKER CPP----: GetLiveList(4478) tc(314) groupId_isNumber(1)
03-28 01:43:55.744 13700 13717 F ----STALKER CPP----: GetLiveList(4664) channel_tot_count(314)
03-28 01:43:55.744 13700 13717 F ----STALKER CPP----: GetLiveList(4668) valid tvch_cnt(314)
03-28 01:43:55.848 13700 13711 V PvrManager: onDvbListener : 263
03-28 01:43:55.848  3085 30645 V Home    : onIPTVListener : 263
03-28 01:43:55.848 13700 13711 V PvrManager: NOTIFYMSG_PVR_REC_Time 16 0 28 28
03-28 01:43:55.849 13700 13711 V MainLiveActivity: onPvrRecordTime : 0 28 28
03-28 01:43:55.849 13700 13711 I b       : sendMsgTo : 263 a
03-28 01:43:55.849 13700 13700 V MainLiveActivity: handleMessage : 769
03-28 01:43:55.849 13700 13700 V PvrManager: setPvrTime : 28
03-28 01:43:55.950 13700 13717 F ----STALKER CPP----: GetLiveList(4399) length(0)
03-28 01:43:55.950 13700 13717 F ----STALKER CPP----: GetLiveList : js root error
03-28 01:43:55.951 13700 13717 V TAG     : GetLiveURL : getLiveChannelFromDB 33281 0
03-28 01:43:55.951 13700 13700 V --SETTING Menu--: Robin server T_QUERY_OTT_Get_Live_ChannelList_Ack : errCode 57349
03-28 01:43:56.013 13700 13700 E ViewRootImpl: 201409092 enable acc for view=Toast
03-28 01:43:56.850 13700 13711 V PvrManager: onDvbListener : 263
03-28 01:43:56.850  3085  3095 V Home    : onIPTVListener : 263
03-28 01:43:56.851 13700 13711 V PvrManager: NOTIFYMSG_PVR_REC_Time 16 0 29 29
03-28 01:43:56.851 13700 13711 V MainLiveActivity: onPvrRecordTime : 0 29 29
03-28 01:43:56.851 13700 13711 I b       : sendMsgTo : 263 a
03-28 01:43:56.851 13700 13700 V MainLiveActivity: handleMessage : 769
03-28 01:43:56.851 13700 13700 V PvrManager: setPvrTime : 29
03-28 01:43:57.852 13700 13790 V PvrManager: onDvbListener : 263
03-28 01:43:57.852  3085 17864 V Home    : onIPTVListener : 263
03-28 01:43:57.853 13700 13790 V PvrManager: NOTIFYMSG_PVR_REC_Time 16 0 30 30
03-28 01:43:57.853 13700 13790 V MainLiveActivity: onPvrRecordTime : 0 30 30
03-28 01:43:57.853 13700 13700 V MainLiveActivity: handleMessage : 769
03-28 01:43:57.853 13700 13700 V PvrManager: setPvrTime : 30
03-28 01:43:57.853 13700 13790 I b       : sendMsgTo : 263 a
03-28 01:43:58.854  3085  3423 V Home    : onIPTVListener : 263
03-28 01:43:58.854 13700 13711 V PvrManager: onDvbListener : 263
03-28 01:43:58.855 13700 13711 V PvrManager: NOTIFYMSG_PVR_REC_Time 16 0 31 31
03-28 01:43:58.855 13700 13711 V MainLiveActivity: onPvrRecordTime : 0 31 31
03-28 01:43:58.855 13700 13711 I b       : sendMsgTo : 263 a
03-28 01:43:58.855 13700 13700 V MainLiveActivity: handleMessage : 769
03-28 01:43:58.855 13700 13700 V PvrManager: setPvrTime : 31
03-28 01:43:59.846 13700 13790 V PvrManager: onDvbListener : 263
03-28 01:43:59.846  3085  3096 V Home    : onIPTVListener : 263
03-28 01:43:59.847 13700 13790 V PvrManager: NOTIFYMSG_PVR_REC_Time 16 0 32 32
03-28 01:43:59.847 13700 13790 V MainLiveActivity: onPvrRecordTime : 0 32 32
03-28 01:43:59.847 13700 13790 I b       : sendMsgTo : 263 a
03-28 01:43:59.847 13700 13700 V MainLiveActivity: handleMessage : 769
03-28 01:43:59.847 13700 13700 V PvrManager: setPvrTime : 32
03-28 01:44:00.849 13700 13710 V PvrManager: onDvbListener : 263
03-28 01:44:00.849 13700 13710 V PvrManager: NOTIFYMSG_PVR_REC_Time 16 0 33 33
03-28 01:44:00.849 13700 13710 V MainLiveActivity: onPvrRecordTime : 0 33 33
03-28 01:44:00.850 13700 13710 I b       : sendMsgTo : 263 a
03-28 01:44:00.850 13700 13700 V MainLiveActivity: handleMessage : 769
03-28 01:44:00.850 13700 13700 V PvrManager: setPvrTime : 33
03-28 01:44:00.850  3085 17864 V Home    : onIPTVListener : 263
03-28 01:44:01.851  3085  3423 V Home    : onIPTVListener : 263
03-28 01:44:01.851 13700 13711 V PvrManager: onDvbListener : 263
03-28 01:44:01.851 13700 13711 V PvrManager: NOTIFYMSG_PVR_REC_Time 16 0 34 34
03-28 01:44:01.851 13700 13711 V MainLiveActivity: onPvrRecordTime : 0 34 34
03-28 01:44:01.851 13700 13711 I b       : sendMsgTo : 263 a
03-28 01:44:01.851 13700 13700 V MainLiveActivity: handleMessage : 769
03-28 01:44:01.851 13700 13700 V PvrManager: setPvrTime : 34
03-28 01:44:02.518 13700 13700 V MainLiveActivity: handleMessage : 529
03-28 01:44:02.853 13700 13790 V PvrManager: onDvbListener : 263
03-28 01:44:02.853  3085  3096 V Home    : onIPTVListener : 263
03-28 01:44:02.853 13700 13790 V PvrManager: NOTIFYMSG_PVR_REC_Time 16 0 35 35
03-28 01:44:02.853 13700 13790 V MainLiveActivity: onPvrRecordTime : 0 35 35
03-28 01:44:02.853 13700 13790 I b       : sendMsgTo : 263 a
03-28 01:44:02.853 13700 13700 V MainLiveActivity: handleMessage : 769
03-28 01:44:02.853 13700 13700 V PvrManager: setPvrTime : 35
03-28 01:44:03.855 13700 13710 V PvrManager: onDvbListener : 263
03-28 01:44:03.855  3085 30645 V Home    : onIPTVListener : 263
03-28 01:44:03.855 13700 13710 V PvrManager: NOTIFYMSG_PVR_REC_Time 16 0 36 36
03-28 01:44:03.855 13700 13710 V MainLiveActivity: onPvrRecordTime : 0 36 36
03-28 01:44:03.855 13700 13710 I b       : sendMsgTo : 263 a
03-28 01:44:03.855 13700 13700 V MainLiveActivity: handleMessage : 769
03-28 01:44:03.855 13700 13700 V PvrManager: setPvrTime : 36
03-28 01:44:04.857 13700 13711 V PvrManager: onDvbListener : 263
03-28 01:44:04.857 13700 13711 V PvrManager: NOTIFYMSG_PVR_REC_Time 16 0 37 37
03-28 01:44:04.857  3085  3095 V Home    : onIPTVListener : 263
03-28 01:44:04.857 13700 13711 V MainLiveActivity: onPvrRecordTime : 0 37 37
03-28 01:44:04.857 13700 13711 I b       : sendMsgTo : 263 a
03-28 01:44:04.857 13700 13700 V MainLiveActivity: handleMessage : 769
03-28 01:44:04.857 13700 13700 V PvrManager: setPvrTime : 37
03-28 01:44:05.859 13700 13790 V PvrManager: onDvbListener : 263
03-28 01:44:05.859  3085 17864 V Home    : onIPTVListener : 263
03-28 01:44:05.859 13700 13790 V PvrManager: NOTIFYMSG_PVR_REC_Time 16 0 39 39
03-28 01:44:05.859 13700 13790 V MainLiveActivity: onPvrRecordTime : 0 39 39
03-28 01:44:05.859 13700 13790 I b       : sendMsgTo : 263 a
03-28 01:44:05.859 13700 13700 V MainLiveActivity: handleMessage : 769
03-28 01:44:05.860 13700 13700 V PvrManager: setPvrTime : 39
03-28 01:44:06.861 13700 13710 V PvrManager: onDvbListener : 263
03-28 01:44:06.861  3085  3423 V Home    : onIPTVListener : 263
03-28 01:44:06.861 13700 13710 V PvrManager: NOTIFYMSG_PVR_REC_Time 16 0 40 40
03-28 01:44:06.862 13700 13710 V MainLiveActivity: onPvrRecordTime : 0 40 40
03-28 01:44:06.862 13700 13710 I b       : sendMsgTo : 263 a
03-28 01:44:06.862 13700 13700 V MainLiveActivity: handleMessage : 769
03-28 01:44:06.862 13700 13700 V PvrManager: setPvrTime : 40
03-28 01:44:07.864  3085  3096 V Home    : onIPTVListener : 263
03-28 01:44:07.864 13700 13711 V PvrManager: onDvbListener : 263
03-28 01:44:07.864 13700 13711 V PvrManager: NOTIFYMSG_PVR_REC_Time 16 0 41 41
03-28 01:44:07.864 13700 13711 V MainLiveActivity: onPvrRecordTime : 0 41 41
03-28 01:44:07.864 13700 13711 I b       : sendMsgTo : 263 a
03-28 01:44:07.864 13700 13700 V MainLiveActivity: handleMessage : 769
03-28 01:44:07.864 13700 13700 V PvrManager: setPvrTime : 41
03-28 01:44:08.856 13700 13790 V PvrManager: onDvbListener : 263
03-28 01:44:08.856  3085 30645 V Home    : onIPTVListener : 263
03-28 01:44:08.856 13700 13790 V PvrManager: NOTIFYMSG_PVR_REC_Time 16 0 41 41
03-28 01:44:08.856 13700 13790 V MainLiveActivity: onPvrRecordTime : 0 41 41
03-28 01:44:08.856 13700 13790 I b       : sendMsgTo : 263 a
03-28 01:44:08.856 13700 13700 V MainLiveActivity: handleMessage : 769
03-28 01:44:08.856 13700 13700 V PvrManager: setPvrTime : 41
03-28 01:44:09.858 13700 13710 V PvrManager: onDvbListener : 263
03-28 01:44:09.858  3085  3095 V Home    : onIPTVListener : 263
03-28 01:44:09.858 13700 13710 V PvrManager: NOTIFYMSG_PVR_REC_Time 16 0 42 42
03-28 01:44:09.858 13700 13710 V MainLiveActivity: onPvrRecordTime : 0 42 42
03-28 01:44:09.858 13700 13710 I b       : sendMsgTo : 263 a
03-28 01:44:09.859 13700 13700 V MainLiveActivity: handleMessage : 769
03-28 01:44:09.859 13700 13700 V PvrManager: setPvrTime : 42
03-28 01:44:10.861 13700 13711 V PvrManager: onDvbListener : 263
03-28 01:44:10.861 13700 13711 V PvrManager: NOTIFYMSG_PVR_REC_Time 16 0 44 44
03-28 01:44:10.861  3085 17864 V Home    : onIPTVListener : 263
03-28 01:44:10.861 13700 13711 V MainLiveActivity: onPvrRecordTime : 0 44 44
03-28 01:44:10.861 13700 13700 V MainLiveActivity: handleMessage : 769
03-28 01:44:10.861 13700 13711 I b       : sendMsgTo : 263 a
03-28 01:44:10.861 13700 13700 V PvrManager: setPvrTime : 44
03-28 01:44:11.863  3085  3423 V Home    : onIPTVListener : 263
03-28 01:44:11.863 13700 13790 V PvrManager: onDvbListener : 263
03-28 01:44:11.863 13700 13790 V PvrManager: NOTIFYMSG_PVR_REC_Time 16 0 45 45
03-28 01:44:11.863 13700 13790 V MainLiveActivity: onPvrRecordTime : 0 45 45
03-28 01:44:11.863 13700 13790 I b       : sendMsgTo : 263 a
03-28 01:44:11.863 13700 13700 V MainLiveActivity: handleMessage : 769
03-28 01:44:11.863 13700 13700 V PvrManager: setPvrTime : 45
03-28 01:44:12.580 13700 13700 V MainLiveActivity: handleMessage : 529
03-28 01:44:12.865 13700 13710 V PvrManager: onDvbListener : 263
03-28 01:44:12.865  3085  3096 V Home    : onIPTVListener : 263
03-28 01:44:12.865 13700 13710 V PvrManager: NOTIFYMSG_PVR_REC_Time 16 0 46 46
03-28 01:44:12.865 13700 13710 V MainLiveActivity: onPvrRecordTime : 0 46 46
03-28 01:44:12.865 13700 13710 I b       : sendMsgTo : 263 a
03-28 01:44:12.865 13700 13700 V MainLiveActivity: handleMessage : 769
03-28 01:44:12.865 13700 13700 V PvrManager: setPvrTime : 46
03-28 01:44:13.867  3085 30645 V Home    : onIPTVListener : 263
03-28 01:44:13.867 13700 13711 V PvrManager: onDvbListener : 263
03-28 01:44:13.867 13700 13711 V PvrManager: NOTIFYMSG_PVR_REC_Time 16 0 47 47
03-28 01:44:13.867 13700 13711 V MainLiveActivity: onPvrRecordTime : 0 47 47
03-28 01:44:13.867 13700 13711 I b       : sendMsgTo : 263 a
03-28 01:44:13.867 13700 13700 V MainLiveActivity: handleMessage : 769
03-28 01:44:13.867 13700 13700 V PvrManager: setPvrTime : 47
03-28 01:44:14.869 13700 13790 V PvrManager: onDvbListener : 263
03-28 01:44:14.869  3085  3095 V Home    : onIPTVListener : 263
03-28 01:44:14.869 13700 13790 V PvrManager: NOTIFYMSG_PVR_REC_Time 16 0 48 48
03-28 01:44:14.869 13700 13790 V MainLiveActivity: onPvrRecordTime : 0 48 48
03-28 01:44:14.870 13700 13700 V MainLiveActivity: handleMessage : 769
03-28 01:44:14.870 13700 13790 I b       : sendMsgTo : 263 a
03-28 01:44:14.870 13700 13700 V PvrManager: setPvrTime : 48
03-28 01:44:15.871 13700 13710 V PvrManager: onDvbListener : 263
03-28 01:44:15.871  3085 17864 V Home    : onIPTVListener : 263
03-28 01:44:15.871 13700 13710 V PvrManager: NOTIFYMSG_PVR_REC_Time 16 0 49 49
03-28 01:44:15.872 13700 13710 V MainLiveActivity: onPvrRecordTime : 0 49 49
03-28 01:44:15.872 13700 13710 I b       : sendMsgTo : 263 a
03-28 01:44:15.872 13700 13700 V MainLiveActivity: handleMessage : 769
03-28 01:44:15.872 13700 13700 V PvrManager: setPvrTime : 49
03-28 01:44:16.874 13700 13711 V PvrManager: onDvbListener : 263
03-28 01:44:16.874 13700 13711 V PvrManager: NOTIFYMSG_PVR_REC_Time 16 0 50 50
03-28 01:44:16.874 13700 13711 V MainLiveActivity: onPvrRecordTime : 0 50 50
03-28 01:44:16.874 13700 13711 I b       : sendMsgTo : 263 a
03-28 01:44:16.874 13700 13700 V MainLiveActivity: handleMessage : 769
03-28 01:44:16.874 13700 13700 V PvrManager: setPvrTime : 50
03-28 01:44:16.874  3085  3423 V Home    : onIPTVListener : 263
03-28 01:44:17.866  3085  3096 V Home    : onIPTVListener : 263
03-28 01:44:17.866 13700 13790 V PvrManager: onDvbListener : 263
03-28 01:44:17.866 13700 13790 V PvrManager: NOTIFYMSG_PVR_REC_Time 16 0 51 51
03-28 01:44:17.866 13700 13790 V MainLiveActivity: onPvrRecordTime : 0 51 51
03-28 01:44:17.866 13700 13790 I b       : sendMsgTo : 263 a
03-28 01:44:17.866 13700 13700 V MainLiveActivity: handleMessage : 769
03-28 01:44:17.866 13700 13700 V PvrManager: setPvrTime : 51
03-28 01:44:18.868 13700 13710 V PvrManager: onDvbListener : 263
03-28 01:44:18.868 13700 13710 V PvrManager: NOTIFYMSG_PVR_REC_Time 16 0 52 52
03-28 01:44:18.868  3085 30645 V Home    : onIPTVListener : 263
03-28 01:44:18.868 13700 13710 V MainLiveActivity: onPvrRecordTime : 0 52 52
03-28 01:44:18.868 13700 13710 I b       : sendMsgTo : 263 a
03-28 01:44:18.869 13700 13700 V MainLiveActivity: handleMessage : 769
03-28 01:44:18.869 13700 13700 V PvrManager: setPvrTime : 52
03-28 01:44:19.870 13700 13711 V PvrManager: onDvbListener : 263
03-28 01:44:19.870  3085  3095 V Home    : onIPTVListener : 263
03-28 01:44:19.870 13700 13711 V PvrManager: NOTIFYMSG_PVR_REC_Time 16 0 53 53
03-28 01:44:19.870 13700 13711 V MainLiveActivity: onPvrRecordTime : 0 53 53
03-28 01:44:19.871 13700 13700 V MainLiveActivity: handleMessage : 769
03-28 01:44:19.871 13700 13711 I b       : sendMsgTo : 263 a
03-28 01:44:19.871 13700 13700 V PvrManager: setPvrTime : 53
03-28 01:44:20.872  3085 17864 V Home    : onIPTVListener : 263
03-28 01:44:20.872 13700 13790 V PvrManager: onDvbListener : 263
03-28 01:44:20.872 13700 13790 V PvrManager: NOTIFYMSG_PVR_REC_Time 16 0 54 54
03-28 01:44:20.873 13700 13790 V MainLiveActivity: onPvrRecordTime : 0 54 54
03-28 01:44:20.873 13700 13700 V MainLiveActivity: handleMessage : 769
03-28 01:44:20.873 13700 13790 I b       : sendMsgTo : 263 a
03-28 01:44:20.873 13700 13700 V PvrManager: setPvrTime : 54
03-28 01:44:21.875 13700 13710 V PvrManager: onDvbListener : 263
03-28 01:44:21.875  3085  3423 V Home    : onIPTVListener : 263
03-28 01:44:21.875 13700 13710 V PvrManager: NOTIFYMSG_PVR_REC_Time 16 0 55 55
03-28 01:44:21.875 13700 13710 V MainLiveActivity: onPvrRecordTime : 0 55 55
03-28 01:44:21.875 13700 13710 I b       : sendMsgTo : 263 a
03-28 01:44:21.875 13700 13700 V MainLiveActivity: handleMessage : 769
03-28 01:44:21.875 13700 13700 V PvrManager: setPvrTime : 55
03-28 01:44:22.267 13700 19077 V WatchDogTask: WatchDogTask http://sam.me:21000/c/
03-28 01:44:22.267 13700 19077 V IPTVManager: REQ_setWatchDogMsg : 0
03-28 01:44:22.268 13700 13718 F ----STALKER CPP----: skip setwdt
03-28 01:44:22.640 13700 13700 V MainLiveActivity: handleMessage : 529
03-28 01:44:22.867  3085  3096 V Home    : onIPTVListener : 263
03-28 01:44:22.867 13700 13711 V PvrManager: onDvbListener : 263
03-28 01:44:22.867 13700 13711 V PvrManager: NOTIFYMSG_PVR_REC_Time 16 0 56 56
03-28 01:44:22.867 13700 13711 V MainLiveActivity: onPvrRecordTime : 0 56 56
03-28 01:44:22.867 13700 13711 I b       : sendMsgTo : 263 a
03-28 01:44:22.867 13700 13700 V MainLiveActivity: handleMessage : 769
03-28 01:44:22.867 13700 13700 V PvrManager: setPvrTime : 56
03-28 01:44:23.869 13700 13790 V PvrManager: onDvbListener : 263
03-28 01:44:23.869  3085 30645 V Home    : onIPTVListener : 263
03-28 01:44:23.869 13700 13790 V PvrManager: NOTIFYMSG_PVR_REC_Time 16 0 57 57
03-28 01:44:23.869 13700 13790 V MainLiveActivity: onPvrRecordTime : 0 57 57
03-28 01:44:23.869 13700 13790 I b       : sendMsgTo : 263 a
03-28 01:44:23.869 13700 13700 V MainLiveActivity: handleMessage : 769
03-28 01:44:23.869 13700 13700 V PvrManager: setPvrTime : 57
03-28 01:44:24.871  3085  3095 V Home    : onIPTVListener : 263
03-28 01:44:24.871 13700 13710 V PvrManager: onDvbListener : 263
03-28 01:44:24.871 13700 13710 V PvrManager: NOTIFYMSG_PVR_REC_Time 16 0 58 58
03-28 01:44:24.871 13700 13710 V MainLiveActivity: onPvrRecordTime : 0 58 58
03-28 01:44:24.871 13700 13710 I b       : sendMsgTo : 263 a
03-28 01:44:24.871 13700 13700 V MainLiveActivity: handleMessage : 769
03-28 01:44:24.872 13700 13700 V PvrManager: setPvrTime : 58
03-28 01:44:25.873  3085 17864 V Home    : onIPTVListener : 263
03-28 01:44:25.873 13700 13711 V PvrManager: onDvbListener : 263
03-28 01:44:25.874 13700 13711 V PvrManager: NOTIFYMSG_PVR_REC_Time 16 0 59 59
03-28 01:44:25.874 13700 13711 V MainLiveActivity: onPvrRecordTime : 0 59 59
03-28 01:44:25.874 13700 13711 I b       : sendMsgTo : 263 a
03-28 01:44:25.874 13700 13700 V MainLiveActivity: handleMessage : 769
03-28 01:44:25.874 13700 13700 V PvrManager: setPvrTime : 59
03-28 01:44:26.865 13700 13790 V PvrManager: onDvbListener : 263
03-28 01:44:26.866  3085  3423 V Home    : onIPTVListener : 263
03-28 01:44:26.866 13700 13790 V PvrManager: NOTIFYMSG_PVR_REC_Time 16 0 60 60
03-28 01:44:26.866 13700 13790 V MainLiveActivity: onPvrRecordTime : 0 60 60
03-28 01:44:26.866 13700 13700 V MainLiveActivity: handleMessage : 769
03-28 01:44:26.866 13700 13790 I b       : sendMsgTo : 263 a
03-28 01:44:26.866 13700 13700 V PvrManager: setPvrTime : 60
03-28 01:44:27.867 13700 13710 V PvrManager: onDvbListener : 263
03-28 01:44:27.867  3085  3096 V Home    : onIPTVListener : 263
03-28 01:44:27.868 13700 13710 V PvrManager: NOTIFYMSG_PVR_REC_Time 16 0 61 61
03-28 01:44:27.868 13700 13710 V MainLiveActivity: onPvrRecordTime : 0 61 61
03-28 01:44:27.868 13700 13710 I b       : sendMsgTo : 263 a
03-28 01:44:27.868 13700 13700 V MainLiveActivity: handleMessage : 769
03-28 01:44:27.868 13700 13700 V PvrManager: setPvrTime : 61
03-28 01:44:28.440  1456  1606 I AOService: hdmi_observer  remove@/devices/platform/hiusb-ehci.0/usb1/1-2/1-2:1.0/host0/target0:0:0/0:0:0:0/bsg/0:0:0:0
03-28 01:44:28.440  1456  1606 I AOService: hdmi_observer  remove@/devices/platform/hiusb-ehci.0/usb1/1-2/1-2:1.0/host0/target0:0:0/0:0:0:0/scsi_device/0:0:0:0
03-28 01:44:28.440  1456  1606 I AOService: hdmi_observer  remove@/devices/platform/hiusb-ehci.0/usb1/1-2/1-2:1.0/host0/target0:0:0/0:0:0:0/scsi_disk/0:0:0:0
03-28 01:44:28.444  1456  1606 I AOService: hdmi_observer  remove@/devices/platform/hiusb-ehci.0/usb1/1-2/1-2:1.0/host0/target0:0:0/0:0:0:0/block/sda/sda1
03-28 01:44:28.444  1446  1520 D NetlinkEvent: NL param 'DEVPATH=/devices/platform/hiusb-ehci.0/usb1/1-2/1-2:1.0/host0/target0:0:0/0:0:0:0/block/sda/sda1'
03-28 01:44:28.444  1446  1520 D NetlinkEvent: NL param 'MAJOR=8'
03-28 01:44:28.444  1446  1520 D NetlinkEvent: NL param 'MINOR=1'
03-28 01:44:28.444  1446  1520 D NetlinkEvent: NL param 'DEVNAME=sda1'
03-28 01:44:28.444  1446  1520 D NetlinkEvent: NL param 'DEVTYPE=partition'
03-28 01:44:28.444  1446  1520 D NetlinkEvent: NL param 'PARTN=1'
03-28 01:44:28.444  1446  1520 D Vold    : [-vold_debug-270] :vm handleBlockEvent
03-28 01:44:28.444  1446  1520 D DirVolume: [-vold_debug-75] :handleBlockEvent begin
03-28 01:44:28.444  1446  1520 D DirVolume: [-vold_debug-75] :handleBlockEvent begin
03-28 01:44:28.444  1446  1520 D Vold    : [-vold_debug-176] :=====>>>Volume sda1 /mnt/usb_2/sda/sda1 partition 8:1 removed
03-28 01:44:28.444  1446  1520 D Vold    : [-vold_debug-208] :msg is Volume sda1 /mnt/usb_2/sda/sda1 bad removal (8:1)
03-28 01:44:28.444  1446  1520 D Vold    : [-vold_debug-282] :Device '/devices/platform/hiusb-ehci.0/usb1/1-2/1-2:1.0/host0/target0:0:0/0:0:0:0/block/sda/sda1' event handled by volume sda1
03-28 01:44:28.445  1456  1606 I AOService: hdmi_observer  remove@/devices/virtual/bdi/8:0
03-28 01:44:28.445  2163  2197 I MountService: onEvent:: raw= 632 Volume sda1 /mnt/usb_2/sda/sda1 bad removal (8:1) cooked =  632 Volume sda1 /mnt/usb_2/sda/sda1 bad removal (8:1)
03-28 01:44:28.446  1456  1606 I AOService: hdmi_observer  remove@/devices/platform/hiusb-ehci.0/usb1/1-2/1-2:1.0/host0/target0:0:0/0:0:0:0/block/sda
03-28 01:44:28.446  1456  1606 I AOService: hdmi_observer  remove@/devices/platform/hiusb-ehci.0/usb1/1-2/1-2:1.0/host0/target0:0:0/0:0:0:0
03-28 01:44:28.446  2163  2197 I MountService: Sending VolumeBadRemoval event first !
03-28 01:44:28.446  1446  1520 D NetlinkEvent: NL param 'DEVPATH=/devices/platform/hiusb-ehci.0/usb1/1-2/1-2:1.0/host0/target0:0:0/0:0:0:0/block/sda'
03-28 01:44:28.446  1446  1520 D NetlinkEvent: NL param 'MAJOR=8'
03-28 01:44:28.446  1446  1520 D NetlinkEvent: NL param 'MINOR=0'
03-28 01:44:28.446  1446  1520 D NetlinkEvent: NL param 'DEVNAME=sda'
03-28 01:44:28.446  1446  1520 D NetlinkEvent: NL param 'DEVTYPE=disk'
03-28 01:44:28.446  1446  1520 D NetlinkEvent: NL param 'NPARTS=0'
03-28 01:44:28.446  1446  1520 D Vold    : [-vold_debug-270] :vm handleBlockEvent
03-28 01:44:28.446  1446  1520 D DirVolume: [-vold_debug-75] :handleBlockEvent begin
03-28 01:44:28.446  1446  1520 D DirVolume: [-vold_debug-75] :handleBlockEvent begin
03-28 01:44:28.447  1456  1606 I AOService: hdmi_observer  remove@/devices/platform/hiusb-ehci.0/usb1/1-2/1-2:1.0/host0/scsi_host/host0
03-28 01:44:28.447  1456  1606 I AOService: hdmi_observer  remove@/devices/platform/hiusb-ehci.0/usb1/1-2/1-2:1.0/host0
03-28 01:44:28.447  1456  1606 I AOService: hdmi_observer  remove@/devices/platform/hiusb-ehci.0/usb1/1-2/1-2:1.0
03-28 01:44:28.447  2163  2197 E MountService: getDefaultPathFromXml  = null
03-28 01:44:28.447  2163  2197 E MountService: --> [ sct ] bad removal , defaultStoragePath = null
03-28 01:44:28.448  2163  2197 D MountService: sendStorageIntent Intent { act=android.intent.action.MEDIA_BAD_REMOVAL dat=file:///mnt/usb_2/sda/sda1 (has extras) } to UserHandle{-1}
03-28 01:44:28.449  1456  1606 I AOService: hdmi_observer  remove@/devices/platform/hiusb-ehci.0/usb1/1-2
03-28 01:44:28.528  2163 19285 D dalvikvm: GC_EXPLICIT freed 370K, 19% free 8367K/10328K, paused 6ms+7ms, total 79ms
03-28 01:44:28.529  2163 19285 E MountService: getDefaultPathFromXml  = null
03-28 01:44:28.529  2163 19285 E MountService: -->Enter isDefaultVolume , output = null
03-28 01:44:28.529  2163 19285 D MountService: use the mConnectorSpec[1]
03-28 01:44:28.531  1446  1513 D Vold    : [-vold_debug-350] :Volume sda1 state changing 4 (Mounted) -> 5 (Unmounting)
03-28 01:44:28.533  2163  2197 I MountService: onEvent:: raw= 605 Volume sda1 /mnt/usb_2/sda/sda1 state changed from 4 (Mounted) to 5 (Unmounting) cooked =  605 Volume sda1 /mnt/usb_2/sda/sda1 state changed from 4 (Mounted) to 5 (Unmounting)
03-28 01:44:28.533  2163  2197 I MountService: notifyVolumeStateChange::mounted
03-28 01:44:28.533  2163  2197 D MountService: sendStorageIntent Intent { act=android.intent.action.MEDIA_EJECT dat=file:///mnt/usb_2/sda/sda1 (has extras) } to UserHandle{-1}
03-28 01:44:28.534  3030  3030 D MediaService: receive eject event
03-28 01:44:28.536  9284  9284 D AndroidRuntime: Shutting down VM
03-28 01:44:28.537  9284  9284 W dalvikvm: threadid=1: thread exiting with uncaught exception (group=0x2c887ba8)
03-28 01:44:28.538  9297  9297 D MediaProvider: deleting all entries for storage StorageVolume:
03-28 01:44:28.538  9297  9297 D MediaProvider:     mStorageId=0 mPath=/mnt/usb_2/sda/sda1 mDescriptionId=-1 mPrimary=false 
03-28 01:44:28.538  9297  9297 D MediaProvider:     mRemovable=false mEmulated=false mMtpReserveSpace=0 mAllowMassStorage=true 
03-28 01:44:28.538  9297  9297 D MediaProvider:     mMaxFileSize=0 mOwner=null mUuid=null mUserLabel=null mState=null 
03-28 01:44:28.540  9284  9284 E AndroidRuntime: FATAL EXCEPTION: main
03-28 01:44:28.540  9284  9284 E AndroidRuntime: Process: com.hisilicon.android.music, PID: 9284
03-28 01:44:28.540  9284  9284 E AndroidRuntime: java.lang.RuntimeException: Error receiving broadcast Intent { act=android.intent.action.MEDIA_EJECT dat=file:///mnt/usb_2/sda/sda1 flg=0x10 (has extras) } in com.hisilicon.android.music.MediaPlaybackService$6@2cb94b68
03-28 01:44:28.540  9284  9284 E AndroidRuntime: 	at android.app.LoadedApk$ReceiverDispatcher$Args.run(LoadedApk.java:778)
03-28 01:44:28.540  9284  9284 E AndroidRuntime: 	at android.os.Handler.handleCallback(Handler.java:733)
03-28 01:44:28.540  9284  9284 E AndroidRuntime: 	at android.os.Handler.dispatchMessage(Handler.java:95)
03-28 01:44:28.540  9284  9284 E AndroidRuntime: 	at android.os.Looper.loop(Looper.java:136)
03-28 01:44:28.540  9284  9284 E AndroidRuntime: 	at android.app.ActivityThread.main(ActivityThread.java:5030)
03-28 01:44:28.540  9284  9284 E AndroidRuntime: 	at java.lang.reflect.Method.invokeNative(Native Method)
03-28 01:44:28.540  9284  9284 E AndroidRuntime: 	at java.lang.reflect.Method.invoke(Method.java:515)
03-28 01:44:28.540  9284  9284 E AndroidRuntime: 	at com.android.internal.os.ZygoteInit$MethodAndArgsCaller.run(ZygoteInit.java:785)
03-28 01:44:28.540  9284  9284 E AndroidRuntime: 	at com.android.internal.os.ZygoteInit.main(ZygoteInit.java:601)
03-28 01:44:28.540  9284  9284 E AndroidRuntime: 	at dalvik.system.NativeStart.main(Native Method)
03-28 01:44:28.540  9284  9284 E AndroidRuntime: Caused by: java.lang.NullPointerException
03-28 01:44:28.540  9284  9284 E AndroidRuntime: 	at com.hisilicon.android.music.MediaPlaybackService.closeExternalStorageFiles(MediaPlaybackService.java:787)
03-28 01:44:28.540  9284  9284 E AndroidRuntime: 	at com.hisilicon.android.music.MediaPlaybackService$6.onReceive(MediaPlaybackService.java:813)
03-28 01:44:28.540  9284  9284 E AndroidRuntime: 	at android.app.LoadedApk$ReceiverDispatcher$Args.run(LoadedApk.java:768)
03-28 01:44:28.540  9284  9284 E AndroidRuntime: 	... 9 more
03-28 01:44:28.546  9284  9284 I Process : Sending signal. PID: 9284 SIG: 9
03-28 01:44:28.553  2163  3076 I ActivityManager: Process com.hisilicon.android.music (pid 9284) has died.
03-28 01:44:28.563  2163  3147 I ActivityManager: Killing 19064:com.google.android.gms/u0a6 (adj 11): 13481k from cached
03-28 01:44:28.578  2163  3147 E JavaBinder: !!! FAILED BINDER TRANSACTION !!!
03-28 01:44:28.578  2163  3147 W ActivityManager: Scheduling restart of crashed service com.google.android.gms/com.google.android.libraries.social.mediamonitor.MediaMonitorIntentService in 1000ms
03-28 01:44:28.580  2163  3147 W ActivityManager: Exception when starting service com.google.android.gms/com.google.android.libraries.social.mediamonitor.MediaMonitorIntentService
03-28 01:44:28.580  2163  3147 W ActivityManager: android.os.TransactionTooLargeException
03-28 01:44:28.580  2163  3147 W ActivityManager: 	at android.os.BinderProxy.transact(Native Method)
03-28 01:44:28.580  2163  3147 W ActivityManager: 	at android.app.ApplicationThreadProxy.scheduleCreateService(ApplicationThreadNative.java:850)
03-28 01:44:28.580  2163  3147 W ActivityManager: 	at com.android.server.am.ActiveServices.realStartServiceLocked(ActiveServices.java:1409)
03-28 01:44:28.580  2163  3147 W ActivityManager: 	at com.android.server.am.ActiveServices.bringUpServiceLocked(ActiveServices.java:1319)
03-28 01:44:28.580  2163  3147 W ActivityManager: 	at com.android.server.am.ActiveServices.startServiceInnerLocked(ActiveServices.java:394)
03-28 01:44:28.580  2163  3147 W ActivityManager: 	at com.android.server.am.ActiveServices.startServiceLocked(ActiveServices.java:381)
03-28 01:44:28.580  2163  3147 W ActivityManager: 	at com.android.server.am.ActivityManagerService.startService(ActivityManagerService.java:12762)
03-28 01:44:28.580  2163  3147 W ActivityManager: 	at android.app.ActivityManagerNative.onTransact(ActivityManagerNative.java:803)
03-28 01:44:28.580  2163  3147 W ActivityManager: 	at com.android.server.am.ActivityManagerService.onTransact(ActivityManagerService.java:2189)
03-28 01:44:28.580  2163  3147 W ActivityManager: 	at android.os.Binder.execTransact(Binder.java:404)
03-28 01:44:28.580  2163  3147 W ActivityManager: 	at dalvik.system.NativeStart.run(Native Method)
03-28 01:44:28.869  3085  3095 V Home    : onIPTVListener : 263
03-28 01:44:28.869 13700 13790 V PvrManager: onDvbListener : 263
03-28 01:44:28.870 13700 13790 V PvrManager: NOTIFYMSG_PVR_REC_Time 16 0 62 62
03-28 01:44:28.870 13700 13790 V MainLiveActivity: onPvrRecordTime : 0 62 62
03-28 01:44:28.870 13700 13790 I b       : sendMsgTo : 263 a
03-28 01:44:28.870 13700 13700 V MainLiveActivity: handleMessage : 769
03-28 01:44:28.870 13700 13700 V PvrManager: setPvrTime : 62
03-28 01:44:29.531  1446  1513 W Vold    : Failed to unmount /mnt/usb_2/sda/sda1 (Device or resource busy, retries 9, action 0)
03-28 01:44:29.597  2163  2194 I ActivityManager: Start proc com.google.android.gms for service com.google.android.gms/com.google.android.libraries.social.mediamonitor.MediaMonitorIntentService: pid=19289 uid=10006 gids={50006, 3003, 1007, 1028, 1015, 3002, 3001, 3007, 2001, 3006}
03-28 01:44:29.601  1446  1513 E ProcessKiller: Process /system/bin/f_server (1466) has open file /mnt/usb_2/sda/sda1/_timeshift.ts
03-28 01:44:29.604 19289 19289 E Environment: canonicalPath = /mnt/sdcard
03-28 01:44:29.635 19289 19289 W dalvikvm: VFY: unable to resolve static field 560 (PR_SET_DUMPABLE) in Landroid/system/OsConstants;
03-28 01:44:29.635 19289 19289 D dalvikvm: VFY: replacing opcode 0x60 at 0x000b
03-28 01:44:29.640 19289 19289 I dalvikvm: Could not find method com.google.android.gms.common.app.GmsApplication.getSystemService, referenced from method com.google.android.gms.common.app.GmsApplication.onCreate
03-28 01:44:29.640 19289 19289 W dalvikvm: VFY: unable to resolve virtual method 12441: Lcom/google/android/gms/common/app/GmsApplication;.getSystemService (Ljava/lang/Class;)Ljava/lang/Object;
03-28 01:44:29.640 19289 19289 D dalvikvm: VFY: replacing opcode 0x6e at 0x00cd
03-28 01:44:29.643 19289 19289 I MultiDex: VM with version 1.6.0 does not have multidex support
03-28 01:44:29.643 19289 19289 I MultiDex: install
03-28 01:44:29.644 19289 19289 I MultiDex: MultiDexExtractor.load(/system/priv-app/PrebuiltGmsCore.apk, false)
03-28 01:44:29.651 19289 19289 I MultiDex: loading existing secondary dex files
03-28 01:44:29.652 19289 19289 I MultiDex: load found 3 secondary dex files
03-28 01:44:29.657 19289 19289 I MultiDex: install done
03-28 01:44:29.836 19289 19289 D dalvikvm: DexOpt: couldn't find static field Landroid/os/Build;.SUPPORTED_ABIS
03-28 01:44:29.836 19289 19289 W dalvikvm: VFY: unable to resolve static field 120 (SUPPORTED_ABIS) in Landroid/os/Build;
03-28 01:44:29.836 19289 19289 D dalvikvm: VFY: replacing opcode 0x62 at 0x000a
03-28 01:44:29.837 19289 19289 D dalvikvm: DexOpt: couldn't find field Landroid/content/pm/ApplicationInfo;.splitSourceDirs
03-28 01:44:29.837 19289 19289 W dalvikvm: VFY: unable to resolve instance field 36
03-28 01:44:29.837 19289 19289 D dalvikvm: VFY: replacing opcode 0x54 at 0x005f
03-28 01:44:29.839 19289 19289 D dalvikvm: DexOpt: couldn't find static field Landroid/os/Build;.SUPPORTED_ABIS
03-28 01:44:29.839 19289 19289 W dalvikvm: VFY: unable to resolve static field 120 (SUPPORTED_ABIS) in Landroid/os/Build;
03-28 01:44:29.839 19289 19289 D dalvikvm: VFY: replacing opcode 0x62 at 0x0047
03-28 01:44:29.841 19289 19289 D dalvikvm: DexOpt: couldn't find field Landroid/content/pm/ApplicationInfo;.splitSourceDirs
03-28 01:44:29.841 19289 19289 I dalvikvm: DexOpt: unable to optimize instance field ref 0x0024 at 0x63 in Lcom/google/android/gms/common/util/ba;.b
03-28 01:44:29.845 19289 19293 D dalvikvm: GC_CONCURRENT freed 451K, 15% free 3285K/3836K, paused 1ms+1ms, total 18ms
03-28 01:44:29.848 19289 19289 D dalvikvm: No JNI_OnLoad found in /system/lib/libgmscore.so 0x2cb69a78, skipping init
03-28 01:44:29.850 19289 19289 V JNIHelp : Registering com/google/android/gms/org/conscrypt/NativeCrypto's 254 native methods...
03-28 01:44:29.872 13700 13710 V PvrManager: onDvbListener : 263
03-28 01:44:29.872 13700 13710 V PvrManager: NOTIFYMSG_PVR_REC_Time 16 0 63 63
03-28 01:44:29.872 13700 13710 V MainLiveActivity: onPvrRecordTime : 0 63 63
03-28 01:44:29.872  3085 17864 V Home    : onIPTVListener : 263
03-28 01:44:29.872 13700 13710 I b       : sendMsgTo : 263 a
03-28 01:44:29.872 13700 13700 V MainLiveActivity: handleMessage : 769
03-28 01:44:29.872 13700 13700 V PvrManager: setPvrTime : 63
03-28 01:44:29.926 19289 19289 I ProviderInstaller: Installed default security provider GmsCore_OpenSSL
03-28 01:44:29.952 19289 19289 D ChimeraCfgMgr: Reading stored module config
03-28 01:44:30.016 19289 19289 I dalvikvm: Could not find method android.content.res.Resources.getColor, referenced from method com.google.android.chimera.container.internal.ModuleResources.getColor
03-28 01:44:30.016 19289 19289 W dalvikvm: VFY: unable to resolve virtual method 458: Landroid/content/res/Resources;.getColor (ILandroid/content/res/Resources$Theme;)I
03-28 01:44:30.016 19289 19289 D dalvikvm: VFY: replacing opcode 0x6f at 0x0006
03-28 01:44:30.016 19289 19289 I dalvikvm: Could not find method android.content.res.Resources.getColor, referenced from method com.google.android.chimera.container.internal.ModuleResources.getColor
03-28 01:44:30.016 19289 19289 W dalvikvm: VFY: unable to resolve virtual method 458: Landroid/content/res/Resources;.getColor (ILandroid/content/res/Resources$Theme;)I
03-28 01:44:30.016 19289 19289 D dalvikvm: VFY: replacing opcode 0x6e at 0x000d
03-28 01:44:30.017 19289 19289 I dalvikvm: Could not find method android.content.res.Resources.getColorStateList, referenced from method com.google.android.chimera.container.internal.ModuleResources.getColorStateList
03-28 01:44:30.017 19289 19289 W dalvikvm: VFY: unable to resolve virtual method 460: Landroid/content/res/Resources;.getColorStateList (ILandroid/content/res/Resources$Theme;)Landroid/content/res/ColorStateList;
03-28 01:44:30.017 19289 19289 D dalvikvm: VFY: replacing opcode 0x6f at 0x0006
03-28 01:44:30.017 19289 19289 I dalvikvm: Could not find method android.content.res.Resources.getColorStateList, referenced from method com.google.android.chimera.container.internal.ModuleResources.getColorStateList
03-28 01:44:30.017 19289 19289 W dalvikvm: VFY: unable to resolve virtual method 460: Landroid/content/res/Resources;.getColorStateList (ILandroid/content/res/Resources$Theme;)Landroid/content/res/ColorStateList;
03-28 01:44:30.017 19289 19289 D dalvikvm: VFY: replacing opcode 0x6e at 0x000d
03-28 01:44:30.017 19289 19289 I dalvikvm: Could not find method android.content.res.Resources.getDrawable, referenced from method com.google.android.chimera.container.internal.ModuleResources.getDrawable
03-28 01:44:30.017 19289 19289 W dalvikvm: VFY: unable to resolve virtual method 467: Landroid/content/res/Resources;.getDrawable (ILandroid/content/res/Resources$Theme;)Landroid/graphics/drawable/Drawable;
03-28 01:44:30.017 19289 19289 D dalvikvm: VFY: replacing opcode 0x6f at 0x0006
03-28 01:44:30.017 19289 19289 I dalvikvm: Could not find method android.content.res.Resources.getDrawable, referenced from method com.google.android.chimera.container.internal.ModuleResources.getDrawable
03-28 01:44:30.017 19289 19289 W dalvikvm: VFY: unable to resolve virtual method 467: Landroid/content/res/Resources;.getDrawable (ILandroid/content/res/Resources$Theme;)Landroid/graphics/drawable/Drawable;
03-28 01:44:30.017 19289 19289 D dalvikvm: VFY: replacing opcode 0x6e at 0x000d
03-28 01:44:30.018 19289 19289 I dalvikvm: Could not find method android.content.res.Resources.getDrawableForDensity, referenced from method com.google.android.chimera.container.internal.ModuleResources.getDrawableForDensity
03-28 01:44:30.018 19289 19289 W dalvikvm: VFY: unable to resolve virtual method 469: Landroid/content/res/Resources;.getDrawableForDensity (IILandroid/content/res/Resources$Theme;)Landroid/graphics/drawable/Drawable;
03-28 01:44:30.018 19289 19289 D dalvikvm: VFY: replacing opcode 0x6f at 0x0006
03-28 01:44:30.018 19289 19289 I dalvikvm: Could not find method android.content.res.Resources.getDrawableForDensity, referenced from method com.google.android.chimera.container.internal.ModuleResources.getDrawableForDensity
