03-28 00:55:46.829 23981 24003 V WatchDogTask: WatchDogTask http://sam.me:21000/c/
03-28 00:55:46.829 23981 24003 V IPTVManager: REQ_setWatchDogMsg : 0
03-28 00:55:47.573 23981 23981 V MainLiveActivity: handleMessage : 529
03-28 00:55:57.646 23981 23981 V MainLiveActivity: handleMessage : 529
03-28 00:55:57.723 23981 23984 D dalvikvm: GC_CONCURRENT freed 2958K, 14% free 20462K/23528K, paused 4ms+10ms, total 48ms
03-28 00:56:07.750 23981 23981 V MainLiveActivity: handleMessage : 529
03-28 00:56:16.830 23981 24003 V WatchDogTask: WatchDogTask http://sam.me:21000/c/
03-28 00:56:16.830 23981 24003 V IPTVManager: REQ_setWatchDogMsg : 0
03-28 00:56:17.824 23981 23981 V MainLiveActivity: handleMessage : 529
03-28 00:56:18.947  3085  3088 D dalvikvm: GC_CONCURRENT freed 3046K, 20% free 22692K/28192K, paused 1ms+7ms, total 52ms
03-28 00:56:27.896 23981 23981 V MainLiveActivity: handleMessage : 529
03-28 00:56:28.071  2163  2873 D WifiStateMachine: handleMessage: E msg.what=131143
03-28 00:56:28.072  2163  2873 D WifiStateMachine: processMsg: DisconnectedState
03-28 00:56:28.072  2163  2873 D WifiStateMachine: processMsg: ConnectModeState
03-28 00:56:28.072  2163  2873 D WifiStateMachine: processMsg: DriverStartedState
03-28 00:56:28.074  2163  2873 D WifiHW  : wifi command = IFNAME=wlan0 SCAN
03-28 00:56:28.075  2163  2873 D WifiStateMachine: handleMessage: X
03-28 00:56:28.075  2163  2873 D WifiStateMachine: handleMessage: E msg.what=147462
03-28 00:56:28.075  2163  2873 D WifiStateMachine: processMsg: DisconnectedState
03-28 00:56:28.075  2163  2873 D WifiStateMachine: setDetailed state, old =DISCONNECTED and new state=SCANNING
03-28 00:56:28.075  2163  2873 D WifiStateMachine: processMsg: ConnectModeState
03-28 00:56:28.075  2163  2873 D WifiStateMachine: handleMessage: X
03-28 00:56:28.077  3085  3085 V Home    : WifiReceiver : android.net.wifi.supplicant.STATE_CHANGE
03-28 00:56:30.167  2163  2873 D WifiStateMachine: handleMessage: E msg.what=147461
03-28 00:56:30.168  2163  2873 D WifiStateMachine: processMsg: DisconnectedState
03-28 00:56:30.168  2163  2873 D WifiStateMachine: processMsg: ConnectModeState
03-28 00:56:30.168  2163  2873 D WifiStateMachine: processMsg: DriverStartedState
03-28 00:56:30.168  2163  2873 D WifiStateMachine: processMsg: SupplicantStartedState
03-28 00:56:30.168  2163  2873 D WifiHW  : wifi command = IFNAME=wlan0 BSS RANGE=0- MASK=0x21987
03-28 00:56:30.170  2163  2197 D EthernetDataTracker: Interface wlan0 link down
03-28 00:56:30.170  2163  2197 D G3StateTracker: 3g interfaceLinkStateChanged wlan0 link down
03-28 00:56:30.173  2163  2873 D WifiStateMachine: handleMessage: X
03-28 00:56:30.173  2163  2873 D WifiStateMachine: handleMessage: E msg.what=147462
03-28 00:56:30.173  2163  2873 D WifiStateMachine: processMsg: DisconnectedState
03-28 00:56:30.173  2163  2873 D WifiStateMachine: setDetailed state, old =SCANNING and new state=DISCONNECTED
03-28 00:56:30.173  2163  2873 D WifiStateMachine: processMsg: ConnectModeState
03-28 00:56:30.173  2163  2873 D WifiStateMachine: handleMessage: X
03-28 00:56:30.174  3085  3085 V Home    : WifiReceiver : android.net.wifi.SCAN_RESULTS
03-28 00:56:30.176  3085  3085 V Home    : WifiReceiver : android.net.wifi.supplicant.STATE_CHANGE
03-28 00:56:37.971 23981 23981 V MainLiveActivity: handleMessage : 529
03-28 00:56:46.830 23981 24003 V WatchDogTask: WatchDogTask http://sam.me:21000/c/
03-28 00:56:46.830 23981 24003 V IPTVManager: REQ_setWatchDogMsg : 0
03-28 00:56:48.045 23981 23981 V MainLiveActivity: handleMessage : 529
03-28 00:56:58.119 23981 23981 V MainLiveActivity: handleMessage : 529
03-28 00:57:08.190 23981 23981 V MainLiveActivity: handleMessage : 529
03-28 00:57:16.830 23981 24003 V WatchDogTask: WatchDogTask http://sam.me:21000/c/
03-28 00:57:16.830 23981 24003 V IPTVManager: REQ_setWatchDogMsg : 0
03-28 00:57:18.258 23981 23981 V MainLiveActivity: handleMessage : 529
03-28 00:57:28.331 23981 23981 V MainLiveActivity: handleMessage : 529
03-28 00:57:38.403 23981 23981 V MainLiveActivity: handleMessage : 529
03-28 00:57:46.830 23981 24003 V WatchDogTask: WatchDogTask http://sam.me:21000/c/
03-28 00:57:46.830 23981 24003 V IPTVManager: REQ_setWatchDogMsg : 0
03-28 00:57:48.471 23981 23981 V MainLiveActivity: handleMessage : 529
03-28 00:57:58.543 23981 23981 V MainLiveActivity: handleMessage : 529
03-28 00:58:08.616 23981 23981 V MainLiveActivity: handleMessage : 529
03-28 00:58:16.830 23981 24003 V WatchDogTask: WatchDogTask http://sam.me:21000/c/
03-28 00:58:16.830 23981 24003 V IPTVManager: REQ_setWatchDogMsg : 0
03-28 00:58:18.689 23981 23981 V MainLiveActivity: handleMessage : 529
03-28 00:58:28.762 23981 23981 V MainLiveActivity: handleMessage : 529
03-28 00:58:38.840 23981 23981 V MainLiveActivity: handleMessage : 529
03-28 00:58:46.830 23981 24003 V WatchDogTask: WatchDogTask http://sam.me:21000/c/
03-28 00:58:46.830 23981 24003 V IPTVManager: REQ_setWatchDogMsg : 0
03-28 00:58:48.913 23981 23981 V MainLiveActivity: handleMessage : 529
03-28 00:58:58.987 23981 23981 V MainLiveActivity: handleMessage : 529
03-28 00:59:09.054 23981 23981 V MainLiveActivity: handleMessage : 529
03-28 00:59:16.830 23981 24003 V WatchDogTask: WatchDogTask http://sam.me:21000/c/
03-28 00:59:16.830 23981 24003 V IPTVManager: REQ_setWatchDogMsg : 0
03-28 00:59:19.118 23981 23981 V MainLiveActivity: handleMessage : 529
03-28 00:59:29.186 23981 23981 V MainLiveActivity: handleMessage : 529
03-28 00:59:39.259 23981 23981 V MainLiveActivity: handleMessage : 529
03-28 00:59:46.830 23981 24003 V WatchDogTask: WatchDogTask http://sam.me:21000/c/
03-28 00:59:46.830 23981 24003 V IPTVManager: REQ_setWatchDogMsg : 0
03-28 00:59:49.330 23981 23981 V MainLiveActivity: handleMessage : 529
03-28 00:59:59.397 23981 23981 V MainLiveActivity: handleMessage : 529
03-28 01:00:09.469 23981 23981 V MainLiveActivity: handleMessage : 529
03-28 01:00:16.830 23981 24003 V WatchDogTask: WatchDogTask http://sam.me:21000/c/
03-28 01:00:16.830 23981 24003 V IPTVManager: REQ_setWatchDogMsg : 0
03-28 01:00:19.526 23981 23981 V MainLiveActivity: handleMessage : 529
03-28 01:00:29.596 23981 23981 V MainLiveActivity: handleMessage : 529
03-28 01:00:39.669 23981 23981 V MainLiveActivity: handleMessage : 529
03-28 01:00:46.830 23981 24003 V WatchDogTask: WatchDogTask http://sam.me:21000/c/
03-28 01:00:46.831 23981 24003 V IPTVManager: REQ_setWatchDogMsg : 0
03-28 01:00:49.741 23981 23981 V MainLiveActivity: handleMessage : 529
03-28 01:00:54.308  3126  5130 V NativeCrypto: Read error: ssl=0x4e0824e0: I/O error during system call, Connection reset by peer
03-28 01:00:54.310  3126  5130 V NativeCrypto: SSL shutdown failed: ssl=0x4e0824e0: I/O error during system call, Broken pipe
03-28 01:00:54.317  3126  5130 E GCM     : Wifi connection closed with errorCode 20
03-28 01:00:54.317  2163  2875 D ConnectivityService: Sampling interval elapsed, updating statistics ..
03-28 01:00:54.321  2163  2875 D ConnectivityService: Done.
03-28 01:00:54.322  2163  2875 D ConnectivityService: Setting timer for 720seconds
03-28 01:00:54.322  2163  2875 D ConnectivityService: handleInetConditionChange: net=1 != default=9 - ignore
03-28 01:00:59.825 23981 23981 V MainLiveActivity: handleMessage : 529
03-28 01:01:00.864  2163  2875 D ConnectivityService: handleInetConditionChange: net=1 != default=9 - ignore
03-28 01:01:00.874  2163  2875 D ConnectivityService: handleInetConditionChange: net=1 != default=9 - ignore
03-28 01:01:00.880  2163  2875 D ConnectivityService: handleInetConditionChange: net=1 != default=9 - ignore
03-28 01:01:09.902 23981 23981 V MainLiveActivity: handleMessage : 529
03-28 01:01:16.831 23981 24003 V WatchDogTask: WatchDogTask http://sam.me:21000/c/
03-28 01:01:16.831 23981 24003 V IPTVManager: REQ_setWatchDogMsg : 0
03-28 01:01:18.992  3085  3088 D dalvikvm: GC_CONCURRENT freed 3001K, 20% free 22683K/28192K, paused 2ms+6ms, total 50ms
03-28 01:01:19.958 23981 23981 V MainLiveActivity: handleMessage : 529
03-28 01:01:30.028 23981 23981 V MainLiveActivity: handleMessage : 529
03-28 01:01:40.102 23981 23981 V MainLiveActivity: handleMessage : 529
03-28 01:01:46.831 23981 24003 V WatchDogTask: WatchDogTask http://sam.me:21000/c/
03-28 01:01:46.831 23981 24003 V IPTVManager: REQ_setWatchDogMsg : 0
03-28 01:01:50.174 23981 23981 V MainLiveActivity: handleMessage : 529
03-28 01:02:00.247 23981 23981 V MainLiveActivity: handleMessage : 529
03-28 01:02:10.321 23981 23981 V MainLiveActivity: handleMessage : 529
03-28 01:02:16.831 23981 24003 V WatchDogTask: WatchDogTask http://sam.me:21000/c/
03-28 01:02:16.831 23981 24003 V IPTVManager: REQ_setWatchDogMsg : 0
03-28 01:02:20.387 23981 23981 V MainLiveActivity: handleMessage : 529
03-28 01:02:30.457 23981 23981 V MainLiveActivity: handleMessage : 529
03-28 01:02:40.536 23981 23981 V MainLiveActivity: handleMessage : 529
03-28 01:02:45.211  2163  2873 D WifiStateMachine: handleMessage: E msg.what=131143
03-28 01:02:45.211  2163  2873 D WifiStateMachine: processMsg: DisconnectedState
03-28 01:02:45.211  2163  2873 D WifiStateMachine: processMsg: ConnectModeState
03-28 01:02:45.211  2163  2873 D WifiStateMachine: processMsg: DriverStartedState
03-28 01:02:45.214  2163  2873 D WifiHW  : wifi command = IFNAME=wlan0 SCAN
03-28 01:02:45.215  2163  2873 D WifiStateMachine: handleMessage: X
03-28 01:02:45.216  2163  2873 D WifiStateMachine: handleMessage: E msg.what=147462
03-28 01:02:45.216  2163  2873 D WifiStateMachine: processMsg: DisconnectedState
03-28 01:02:45.216  2163  2873 D WifiStateMachine: setDetailed state, old =DISCONNECTED and new state=SCANNING
03-28 01:02:45.216  2163  2873 D WifiStateMachine: processMsg: ConnectModeState
03-28 01:02:45.216  2163  2873 D WifiStateMachine: handleMessage: X
03-28 01:02:45.219  3085  3085 V Home    : WifiReceiver : android.net.wifi.supplicant.STATE_CHANGE
03-28 01:02:45.241 19064  9003 I EventLogService: Aggregate from 1522193565153 (log), 1522193565153 (data)
03-28 01:02:46.831 23981 24003 V WatchDogTask: WatchDogTask http://sam.me:21000/c/
03-28 01:02:46.831 23981 24003 V IPTVManager: REQ_setWatchDogMsg : 0
03-28 01:02:47.299  2163  2873 D WifiStateMachine: handleMessage: E msg.what=147461
03-28 01:02:47.299  2163  2873 D WifiStateMachine: processMsg: DisconnectedState
03-28 01:02:47.299  2163  2873 D WifiStateMachine: processMsg: ConnectModeState
03-28 01:02:47.299  2163  2873 D WifiStateMachine: processMsg: DriverStartedState
03-28 01:02:47.299  2163  2873 D WifiStateMachine: processMsg: SupplicantStartedState
03-28 01:02:47.299  2163  2873 D WifiHW  : wifi command = IFNAME=wlan0 BSS RANGE=0- MASK=0x21987
03-28 01:02:47.302  2163  2873 D WifiStateMachine: handleMessage: X
03-28 01:02:47.302  3085  3085 V Home    : WifiReceiver : android.net.wifi.SCAN_RESULTS
03-28 01:02:47.303  2163  2873 D WifiStateMachine: handleMessage: E msg.what=147462
03-28 01:02:47.303  2163  2873 D WifiStateMachine: processMsg: DisconnectedState
03-28 01:02:47.303  2163  2873 D WifiStateMachine: setDetailed state, old =SCANNING and new state=DISCONNECTED
03-28 01:02:47.303  2163  2873 D WifiStateMachine: processMsg: ConnectModeState
03-28 01:02:47.303  2163  2873 D WifiStateMachine: handleMessage: X
03-28 01:02:47.305  2163  2197 D EthernetDataTracker: Interface wlan0 link down
03-28 01:02:47.305  3085  3085 V Home    : WifiReceiver : android.net.wifi.supplicant.STATE_CHANGE
03-28 01:02:47.305  2163  2197 D G3StateTracker: 3g interfaceLinkStateChanged wlan0 link down
03-28 01:02:50.604 23981 23981 V MainLiveActivity: handleMessage : 529
03-28 01:03:00.679 23981 23981 V MainLiveActivity: handleMessage : 529
03-28 01:03:10.753 23981 23981 V MainLiveActivity: handleMessage : 529
03-28 01:03:16.831 23981 24003 V WatchDogTask: WatchDogTask http://sam.me:21000/c/
03-28 01:03:16.832 23981 24003 V IPTVManager: REQ_setWatchDogMsg : 0
03-28 01:03:20.815 23981 23981 V MainLiveActivity: handleMessage : 529
03-28 01:03:30.886 23981 23981 V MainLiveActivity: handleMessage : 529
03-28 01:03:40.959 23981 23981 V MainLiveActivity: handleMessage : 529
03-28 01:03:46.832 23981 24003 V WatchDogTask: WatchDogTask http://sam.me:21000/c/
03-28 01:03:46.832 23981 24003 V IPTVManager: REQ_setWatchDogMsg : 0
03-28 01:03:51.033 23981 23981 V MainLiveActivity: handleMessage : 529
03-28 01:03:52.356  1456  1606 I AOService: hdmi_observer  change@/devices/virtual/switch/hdmi
03-28 01:03:52.356  1456  1606 I AOService: strncmp(hdmi,0)
03-28 01:03:52.356  1456  1606 E AOService: EDID CAP 0
03-28 01:03:52.356  1456  1606 I AOService: get port sthdmi setting 1
03-28 01:03:52.363  2163  2293 V WiredAccessoryManager: Headset UEVENT: {SUBSYSTEM=switch, SWITCH_STATE=0, DEVPATH=/devices/virtual/switch/hdmi, SEQNUM=1514, ACTION=change, SWITCH_NAME=hdmi}
03-28 01:03:52.363  2163  2293 V WiredAccessoryManager: newName=hdmi newState=0 headsetState=0 prev headsetState=16
03-28 01:03:52.364  2163  2163 V WiredAccessoryManager: device hdmi disconnected
03-28 01:03:52.377  2163  2194 I ActivityManager: Start proc com.hisilicon.android.music for broadcast com.hisilicon.android.music/.MediaButtonIntentReceiver: pid=9284 uid=1000 gids={41000, 1028, 1015, 3003, 3002, 3001}
03-28 01:03:52.384  9284  9284 I dalvikvm: Enabling JNI app bug workarounds for target SDK version 9...
03-28 01:03:52.386  9284  9284 E Environment: canonicalPath = /mnt/sdcard
03-28 01:03:52.417  9284  9284 W ContextImpl: Calling a method in the system process without a qualified user: android.app.ContextImpl.startService:1556 android.content.ContextWrapper.startService:494 android.content.ContextWrapper.startService:494 com.hisilicon.android.music.MediaButtonIntentReceiver.onReceive:64 android.app.ActivityThread.handleReceiver:2419 
03-28 01:03:52.419  1460  1496 E HI_ADP_HDMI: 
03-28 01:03:52.419  1460  1496 E HI_ADP_HDMI:  ----------HDMI UnPlug-----------
03-28 01:03:52.419  1460  1496 E HI_ADP_HDMI: get_hdmi_suspend_enable: value is :0
03-28 01:03:52.419  1460  1496 E HI_ADP_HDMI: hdmi cec suspend disable
03-28 01:03:52.425  2163 19571 I MediaFocusControl:   Remote Control   registerMediaButtonIntent() for PendingIntent{2ce9bf18: PendingIntentRecord{2ce00450 com.hisilicon.android.music broadcastIntent}}
03-28 01:03:52.440  2163  2272 I ActivityManager: Start proc android.process.media for content provider com.android.providers.media/.MediaProvider: pid=9297 uid=10004 gids={50004, 1028, 1015, 1023, 1024, 2001, 3003, 3007}
03-28 01:03:52.443  9297  9297 E Environment: canonicalPath = /mnt/sdcard
03-28 01:03:52.539  9284  9284 V MediaPlayer: constructor
03-28 01:03:52.539  9284  9284 V MediaPlayer: setListener
03-28 01:03:52.541  9284  9284 W ContextImpl: Calling a method in the system process without a qualified user: android.app.ContextImpl.sendStickyBroadcast:1358 android.content.ContextWrapper.sendStickyBroadcast:427 com.hisilicon.android.music.MediaPlaybackService.notifyChange:878 com.hisilicon.android.music.MediaPlaybackService.onCreate:388 android.app.ActivityThread.handleCreateService:2572 
03-28 01:03:52.546  9284  9284 W ContextImpl: Calling a method in the system process without a qualified user: android.app.ContextImpl.sendStickyBroadcast:1358 android.content.ContextWrapper.sendStickyBroadcast:427 com.hisilicon.android.music.MediaPlaybackService.notifyChange:878 com.hisilicon.android.music.MediaPlaybackService.onCreate:389 android.app.ActivityThread.handleCreateService:2572 
03-28 01:03:52.554  2163  3084 D WebView : resetCursorMode...
03-28 01:03:52.554  2163  3084 D InfraredClient: SetInfraredState - 0!
03-28 01:03:52.554  2163  3084 D InfraredClient: Got service.infrared!
03-28 01:03:52.554  2163  3084 D InfraredClient: GetInfraredState...!
03-28 01:03:52.554  2163  3084 D InfraredClient: Got service.infrared!
03-28 01:03:52.554  2163  3084 D WebView : Current cursor mode:0
03-28 01:03:52.554  2163  3084 I ActivityManager: Killing 23084:com.android.browser/1000 (adj 15): empty for 12555s
03-28 01:03:52.554  2163  3084 D ActivityManager: Sorry, the browser is killed unexpectedly!...
03-28 01:03:53.209  1460  1496 E HI_ADP_HDMI: get_hdmi_suspend_enable: value is :0
03-28 01:03:53.209  1460  1496 E HI_ADP_HDMI: hdmi cec suspend disable
03-28 01:03:53.366  1452  2098 E AudioPolicyManagerBase: setDeviceConnectionState() device: 400, state 0, address 
03-28 01:03:53.366  1452  2098 W AudioPolicyManagerBase: setDeviceConnectionState() device not connected: 400
03-28 01:03:53.367  2163  2896 W ContextImpl: Calling a method in the system process without a qualified user: android.app.ContextImpl.sendBroadcast:1200 android.media.AudioService.onSetWiredDeviceConnectionState:4008 android.media.AudioService.access$6600:115 android.media.AudioService$AudioHandler.handleMessage:3653 android.os.Handler.dispatchMessage:102 
03-28 01:03:53.568  1456  1606 I AOService: hdmi_observer  change@/devices/virtual/switch/hdmi
03-28 01:03:53.568  1456  1606 I AOService: strncmp(hdmi,1)
03-28 01:03:53.568  1456  1606 E AOService: EDID CAP 2
03-28 01:03:53.568  1456  1606 I AOService: get port sthdmi setting 1
03-28 01:03:53.575  2163  2293 V WiredAccessoryManager: Headset UEVENT: {SUBSYSTEM=switch, SWITCH_STATE=1, DEVPATH=/devices/virtual/switch/hdmi, SEQNUM=1515, ACTION=change, SWITCH_NAME=hdmi}
03-28 01:03:53.575  2163  2293 V WiredAccessoryManager: newName=hdmi newState=16 headsetState=16 prev headsetState=0
03-28 01:03:53.576  2163  2163 V WiredAccessoryManager: device hdmi connected
03-28 01:03:53.577  1452  1452 E AudioPolicyManagerBase: setDeviceConnectionState() device: 400, state 1, address 
03-28 01:03:53.577  1452  1452 W AudioPolicyManagerBase: checkOutputsForDevice(): No output available for device 0400
03-28 01:03:53.578  2163  2896 W ContextImpl: Calling a method in the system process without a qualified user: android.app.ContextImpl.sendBroadcast:1200 android.media.AudioService.onSetWiredDeviceConnectionState:4008 android.media.AudioService.access$6600:115 android.media.AudioService$AudioHandler.handleMessage:3653 android.os.Handler.dispatchMessage:102 
03-28 01:03:53.639  1460  1496 I HI_ADP_HDMI: HDMI Hotplug event enter HDMI_HotPlug_Proc(243)
03-28 01:03:53.639  1460  1496 E HI_ADP_HDMI: 
03-28 01:03:53.639  1460  1496 E HI_ADP_HDMI:  --- Get HDMI event: HOTPLUG. --- 
03-28 01:03:53.639  1460  1496 E HI_ADP_HDMI: 
03-28 01:03:53.639  1460  1496 E HI_ADP_HDMI:  getCapRet = 0 
03-28 01:03:53.639  1460  1496 E HI_ADP_HDMI: 4k[0] = 0 
03-28 01:03:53.639  1460  1496 E HI_ADP_HDMI: 4k[1] = 0 
03-28 01:03:53.639  1460  1496 E HI_ADP_HDMI: 4k[2] = 0 
03-28 01:03:53.639  1460  1496 E HI_ADP_HDMI: 4k[3] = 0 
03-28 01:03:53.639  1460  1496 E HI_ADP_HDMI: 4k[4] = 0 
03-28 01:03:53.639  1460  1496 E HI_ADP_HDMI: 4k[5] = 0 
03-28 01:03:53.639  1460  1496 E HI_ADP_HDMI: 4k[6] = 0 
03-28 01:03:53.639  1460  1496 E HI_ADP_HDMI: 4k[7] = 0 
03-28 01:03:53.639  1460  1496 E HI_ADP_HDMI: 4k[8] = 0 
03-28 01:03:53.639  1460  1496 E HI_ADP_HDMI: 4k[9] = 0 
03-28 01:03:53.639  1460  1496 E HI_ADP_HDMI: 
03-28 01:03:53.639  1460  1496 E HI_ADP_HDMI:  optimum format is 7 
03-28 01:03:53.639  1460  1496 E HI_ADP_HDMI: displayType = 1
03-28 01:03:53.639  1460  1496 E HI_ADP_HDMI: 
03-28 01:03:53.639  1460  1496 E HI_ADP_HDMI:  get current format is 11 
03-28 01:03:53.639  1460  1496 D HI_ADP_HDMI: persist.sys.optimalfmt.perfer=native
03-28 01:03:53.639  1460  1496 E HI_ADP_HDMI: 
03-28 01:03:53.639  1460  1496 E HI_ADP_HDMI:  final optimum format = 7 
03-28 01:03:53.639  1460  1496 E HI_ADP_HDMI: 
03-28 01:03:53.639  1460  1496 E HI_ADP_HDMI:  capability is not changed 
03-28 01:03:53.639  1460  1496 E HI_ADP_HDMI: getOptimalFormat, enable = 0
03-28 01:03:53.639  1460  1496 E HI_ADP_HDMI: 
03-28 01:03:53.639  1460  1496 E HI_ADP_HDMI:  optimum format enable is disabled 
03-28 01:03:53.639  1460  1496 E HI_ADP_HDMI: current format ok
03-28 01:03:53.639  1460  1496 E DisplaySetting: Display:set_format format is 11
03-28 01:03:54.832  1460  1496 E DisplaySetting: Display:store_format format is 11, format_sd is 11
03-28 01:03:54.951  1460  1496 I HI_ADP_HDMI: HDMI Hotplug event done HDMI_HotPlug_Proc(655)
03-28 01:03:54.951  1460  1496 E HI_ADP_HDMI: get_hdmi_suspend_enable: value is :0
03-28 01:03:54.951  1460  1496 E HI_ADP_HDMI: hdmi cec suspend disable
03-28 01:04:01.107 23981 23981 V MainLiveActivity: handleMessage : 529
03-28 01:04:05.216  3000  3000 D LatinIME: [onKeyDown]::dpad_center========23
03-28 01:04:05.217 23981 23981 D --SETTING Menu--: dispatchKeyEvent : 23
03-28 01:04:05.716  3000  3000 D LatinIME: [onKeyDown]::dpad_center========23
03-28 01:04:05.717 23981 23981 D --SETTING Menu--: dispatchKeyEvent : 23
03-28 01:04:05.749 23981 23981 D --SETTING Menu--: dispatchKeyEvent : 23
03-28 01:04:05.791 23981 23981 D dalvikvm: GC_FOR_ALLOC freed 2569K, 14% free 20367K/23524K, paused 32ms, total 33ms
03-28 01:04:05.792 23981 23981 I dalvikvm-heap: Grow heap (frag case) to 20.096MB for 119380-byte allocation
03-28 01:04:05.814 23981 23989 D dalvikvm: GC_FOR_ALLOC freed 47K, 14% free 20436K/23644K, paused 22ms, total 22ms
03-28 01:04:05.850 23981 23981 D dalvikvm: GC_FOR_ALLOC freed 190K, 15% free 20273K/23644K, paused 24ms, total 24ms
03-28 01:04:05.852 23981 23981 I dalvikvm-heap: Grow heap (frag case) to 20.920MB for 1079680-byte allocation
03-28 01:04:05.874 23981 23989 D dalvikvm: GC_FOR_ALLOC freed <1K, 14% free 21327K/24700K, paused 22ms, total 22ms
03-28 01:04:05.926 23981 23981 E ViewRootImpl: 201409092 enable acc for view=com.siptv.mytv/com.siptv.mytv.ServerActivity
03-28 01:04:07.422  2163  2194 I ActivityManager: Waited long enough for: ServiceRecord{2d0acdb0 u0 com.hisilicon.android.music/.MediaPlaybackService}
03-28 01:04:11.170 23981 23981 V MainLiveActivity: handleMessage : 529
03-28 01:04:14.065  3000  3000 D LatinIME: [onKeyDown]::dpad_center========23
03-28 01:04:14.506 23981 23981 V --SETTING Menu--: Connect Server : 0  0
03-28 01:04:14.506 23981 23981 V IPTVManager: removeReserved E
03-28 01:04:14.508 23981 23981 V DvbApiManager: TimeSetting setDVBWakeUpTime off 
03-28 01:04:14.521  1466 31504 I DVBSTACK: [Reply] DVB_DB_ALRAM_SetItem(52), size:4 (DvbService.cpp, 213)
03-28 01:04:14.521 23981 23981 V DvbApiManager: TimeSetting setDVBWakeUpTime : true
03-28 01:04:14.521 23981 23981 V IPTVManager: removeReserved X
03-28 01:04:14.546 23981 23981 E ViewRootImpl: 201409092 enable acc for view=com.siptv.mytv/com.siptv.mytv.ServerActivity
03-28 01:04:14.549 23981 23981 V --SETTING Menu--: REQ_connectServer :   false
03-28 01:04:14.549 23981 23981 D IPTVManager: siptvJni : false
03-28 01:04:14.549 23981 23981 V SiptvJni: REQCONNECT SEVER : session2, serverserverUrl$http://sam.me:21000/c/$
03-28 01:04:14.750 23981 23981 V IPTVManager: REQ_connectServer : 0
03-28 01:04:14.750 23981 23981 D --SETTING Menu--: Connect Server OK
03-28 01:04:14.750 23981 23981 V IPTVManager: REQ_GetAccount : 0
03-28 01:04:14.751 23981 24008 V IPTVCallbackListener: T_QUERY_OTT_Connect_Server_Ack Progress status : 100
03-28 01:04:14.751 23981 24008 E SQLiteLog: (1) statement aborts at 2: [commit transaction;] cannot commit - no transaction is active
03-28 01:04:14.751 23981 24008 E SQLiteLog: (1) statement aborts at 2: [commit transaction;] cannot commit - no transaction is active
03-28 01:04:14.752 23981 23981 W InputEventReceiver: Attempted to finish an input event but the input event receiver has already been disposed.
03-28 01:04:14.783 23981 24008 V IPTVCallbackListener: T_QUERY_OTT_Connect_Server_Ack Progress status : 101
03-28 01:04:14.783 23981 24008 V IPTVCallbackListener: T_QUERY_OTT_Connect_Server_Ack Progress status : 102
03-28 01:04:14.784 23981 24008 V IPTVCallbackListener: T_QUERY_OTT_Connect_Server_Ack Progress status : 103
03-28 01:04:14.784 23981 24008 V IPTVCallbackListener: T_QUERY_OTT_Connect_Server_Ack Progress status : 104
03-28 01:04:14.964 23981 23981 V --SETTING Menu--: T_QUERY_OTT_Connect_Progress_Ack : 1
03-28 01:04:15.142 23981 24008 F ----STALKER CPP----: m_portalver [4.9.19]
03-28 01:04:15.142 23981 24008 F ----STALKER CPP----: m_portalver new [4.9.19]
03-28 01:04:15.642 23981 24008 F ----STALKER CPP----: m_vodPath [/media/]
03-28 01:04:16.012 23981 24008 V IPTVCallbackListener: T_QUERY_OTT_Connect_Server_Ack Progress status : 105
03-28 01:04:17.187 23981 24008 V IPTVCallbackListener: T_QUERY_OTT_Connect_Server_Ack Progress status : 106
03-28 01:04:17.188 23981 24008 V IPTVCallbackListener: T_QUERY_OTT_Connect_Server_Ack Progress status : 107
03-28 01:04:17.384 23981 24008 F ----STALKER CPP----: clear token, no save
03-28 01:04:17.384 23981 24008 F ----STALKER CPP----: WatchDog Timeout - NULL (30) 
03-28 01:04:17.885 23981 24008 V IPTVCallbackListener: T_QUERY_OTT_Connect_Server_Ack Pass : 110
03-28 01:04:17.885 23981 24008 V IPTVCallbackListener: T_QUERY_OTT_Connect_Server_Ack OK : 0 30
03-28 01:04:17.885 23981 23981 V --SETTING Menu--: T_QUERY_OTT_Connect_Server_Ack : 110 false
03-28 01:04:17.885 23981 23981 V --SETTING Menu--: T_QUERY_OTT_Connect_Server_Ack : 0 false
03-28 01:04:17.887 23981 23981 V IPTVManager: REQ_getLiveGroupList : 0
03-28 01:04:18.076 23981 24008 F ----STALKER CPP----: GetAccountInfo(11328) length(11)
03-28 01:04:19.885 23981  9411 V WatchDogTask: WatchDogTask http://sam.me:21000/c/
03-28 01:04:19.886 23981  9411 V IPTVManager: REQ_setWatchDogMsg : 0
03-28 01:04:19.886 23981 24009 F ----STALKER CPP----: skip setwdt
03-28 01:04:21.230 23981 23981 V MainLiveActivity: handleMessage : 529
03-28 01:04:21.243 23981 24008 W ----STALKER CPP----: File Created - /system/reserved/db/0/neon.ddns.me:21000.glck(0)
03-28 01:04:21.265 23981 24008 E SQLiteLog: (1) statement aborts at 2: [commit transaction;] cannot commit - no transaction is active
03-28 01:04:21.460 23981 24008 V iptv    : getLiveGroupFromDB Start
03-28 01:04:21.472 23981 24008 V iptv    : getLiveGroupFromDB End : 0
03-28 01:04:21.473 23981 23981 V IPTVManager: REQ_getLiveChannelList : 0
03-28 01:04:22.058 23981 23981 V --SETTING Menu--: T_QUERY_OTT_Connect_Progress_Ack : 2
03-28 01:04:22.143 23981 23981 V --SETTING Menu--: T_QUERY_OTT_Connect_Progress_Ack : 3
03-28 01:04:22.162 23981 23981 V --SETTING Menu--: T_QUERY_OTT_Connect_Progress_Ack : 4
03-28 01:04:22.225 23981 23981 V --SETTING Menu--: T_QUERY_OTT_Connect_Progress_Ack : 5
03-28 01:04:22.246 23981 23981 V --SETTING Menu--: T_QUERY_OTT_Connect_Progress_Ack : 6
03-28 01:04:22.264 23981 23981 V --SETTING Menu--: T_QUERY_OTT_Connect_Progress_Ack : 7
03-28 01:04:22.283 23981 23981 V --SETTING Menu--: T_QUERY_OTT_Connect_Progress_Ack : 8
03-28 01:04:22.315 23981 23981 V --SETTING Menu--: T_QUERY_OTT_Connect_Progress_Ack : 9
03-28 01:04:22.333 23981 23981 V --SETTING Menu--: T_QUERY_OTT_Connect_Progress_Ack : 10
03-28 01:04:22.374 23981 23981 V --SETTING Menu--: T_QUERY_OTT_Connect_Progress_Ack : 11
03-28 01:04:22.375 23981 23981 V --SETTING Menu--: T_QUERY_OTT_Connect_Progress_Ack : 12
03-28 01:04:22.413 23981 23981 V --SETTING Menu--: T_QUERY_OTT_Connect_Progress_Ack : 13
03-28 01:04:22.441 23981 24008 F ----STALKER CPP----: GetLiveList(4399) length(360861)
03-28 01:04:22.453 23981 23981 V --SETTING Menu--: T_QUERY_OTT_Connect_Progress_Ack : 14
03-28 01:04:22.455 23981 23981 V --SETTING Menu--: T_QUERY_OTT_Connect_Progress_Ack : 15
03-28 01:04:22.491 23981 24008 F ----STALKER CPP----: GetLiveList(4478) tc(314) groupId_isNumber(1)
03-28 01:04:22.502 23981 24008 F ----STALKER CPP----: GetLiveList(4664) channel_tot_count(314)
03-28 01:04:22.502 23981 24008 F ----STALKER CPP----: GetLiveList(4668) valid tvch_cnt(314)
03-28 01:04:22.713 23981 24008 F ----STALKER CPP----: GetLiveList(4399) length(0)
03-28 01:04:22.713 23981 24008 F ----STALKER CPP----: GetLiveList : js root error
03-28 01:04:22.714 23981 24008 V TAG     : GetLiveURL : getLiveChannelFromDB 33281 0
03-28 01:04:22.714 23981 23981 V --SETTING Menu--: Robin server T_QUERY_OTT_Get_Live_ChannelList_Ack : errCode 57349
03-28 01:04:22.817 23981 23981 E ViewRootImpl: 201409092 enable acc for view=Toast
03-28 01:04:27.908  2163  2194 W ProcessCpuTracker: Skipping unknown process pid 9471
03-28 01:04:27.909  2163  2194 W ProcessCpuTracker: Skipping unknown process pid 9476
03-28 01:04:31.298 23981 23981 V MainLiveActivity: handleMessage : 529
03-28 01:04:37.535  3000  3000 D LatinIME: [onKeyDown]::dpad_center========23
03-28 01:04:37.535 23981 23981 D --SETTING Menu--: dispatchKeyEvent : 23
03-28 01:04:37.852 23981 23981 D --SETTING Menu--: dispatchKeyEvent : 23
03-28 01:04:37.852 23981 23981 V --SETTING Menu--: Connect Server : 0  0
03-28 01:04:37.852 23981 23981 V IPTVManager: removeReserved E
03-28 01:04:37.853 23981 23981 V DvbApiManager: TimeSetting setDVBWakeUpTime off 
03-28 01:04:37.866  1466  1466 I DVBSTACK: [Reply] DVB_DB_ALRAM_SetItem(52), size:4 (DvbService.cpp, 213)
03-28 01:04:37.866 23981 23981 V DvbApiManager: TimeSetting setDVBWakeUpTime : true
03-28 01:04:37.866 23981 23981 V IPTVManager: removeReserved X
03-28 01:04:37.892 23981 23981 E ViewRootImpl: 201409092 enable acc for view=com.siptv.mytv/com.siptv.mytv.ServerActivity
03-28 01:04:37.895 23981 23981 V --SETTING Menu--: REQ_connectServer :   false
03-28 01:04:37.895 23981 23981 D IPTVManager: siptvJni : false
03-28 01:04:37.895 23981 23981 V SiptvJni: REQCONNECT SEVER : session3, serverserverUrl$http://sam.me:21000/c/$
03-28 01:04:38.095 23981 23981 V IPTVManager: REQ_connectServer : 0
03-28 01:04:38.095 23981 23981 D --SETTING Menu--: Connect Server OK
03-28 01:04:38.095 23981 23981 V IPTVManager: REQ_GetAccount : 0
03-28 01:04:38.096 23981 24008 V IPTVCallbackListener: T_QUERY_OTT_Connect_Server_Ack Progress status : 100
03-28 01:04:38.133 23981 24008 V IPTVCallbackListener: T_QUERY_OTT_Connect_Server_Ack Progress status : 101
03-28 01:04:38.133 23981 24008 V IPTVCallbackListener: T_QUERY_OTT_Connect_Server_Ack Progress status : 102
03-28 01:04:38.134 23981 24008 V IPTVCallbackListener: T_QUERY_OTT_Connect_Server_Ack Progress status : 103
03-28 01:04:38.134 23981 24008 V IPTVCallbackListener: T_QUERY_OTT_Connect_Server_Ack Progress status : 104
03-28 01:04:38.317 23981 23981 V --SETTING Menu--: T_QUERY_OTT_Connect_Progress_Ack : 1
03-28 01:04:38.494 23981 24008 F ----STALKER CPP----: m_portalver [4.9.19]
03-28 01:04:38.494 23981 24008 F ----STALKER CPP----: m_portalver new [4.9.19]
03-28 01:04:38.995 23981 24008 F ----STALKER CPP----: m_vodPath [/media/]
03-28 01:04:39.364 23981 24008 V IPTVCallbackListener: T_QUERY_OTT_Connect_Server_Ack Progress status : 105
03-28 01:04:40.549 23981 24008 V IPTVCallbackListener: T_QUERY_OTT_Connect_Server_Ack Progress status : 106
03-28 01:04:40.549 23981 24008 V IPTVCallbackListener: T_QUERY_OTT_Connect_Server_Ack Progress status : 107
03-28 01:04:40.747 23981 24008 F ----STALKER CPP----: clear token, no save
03-28 01:04:40.747 23981 24008 F ----STALKER CPP----: WatchDog Timeout - NULL (30) 
03-28 01:04:41.247 23981 24008 V IPTVCallbackListener: T_QUERY_OTT_Connect_Server_Ack Pass : 110
03-28 01:04:41.248 23981 23981 V --SETTING Menu--: T_QUERY_OTT_Connect_Server_Ack : 110 false
03-28 01:04:41.248 23981 24008 V IPTVCallbackListener: T_QUERY_OTT_Connect_Server_Ack OK : 0 30
03-28 01:04:41.248 23981 23981 V --SETTING Menu--: T_QUERY_OTT_Connect_Server_Ack : 0 false
03-28 01:04:41.249 23981 23981 V IPTVManager: REQ_getLiveGroupList : 0
03-28 01:04:41.355 23981 23981 V MainLiveActivity: handleMessage : 529
03-28 01:04:41.439 23981 24008 F ----STALKER CPP----: GetAccountInfo(11328) length(11)
03-28 01:04:43.248 23981  9522 V WatchDogTask: WatchDogTask http://sam.me:21000/c/
03-28 01:04:43.248 23981  9522 V IPTVManager: REQ_setWatchDogMsg : 0
03-28 01:04:43.248 23981 24009 F ----STALKER CPP----: skip setwdt
03-28 01:04:44.604 23981 24008 W ----STALKER CPP----: File Created - /system/reserved/db/0/neon.ddns.me:21000.glck(0)
03-28 01:04:44.830 23981 24008 V iptv    : getLiveGroupFromDB Start
03-28 01:04:44.842 23981 24008 V iptv    : getLiveGroupFromDB End : 0
03-28 01:04:44.844 23981 23981 V IPTVManager: REQ_getLiveChannelList : 0
03-28 01:04:45.415 23981 23981 V --SETTING Menu--: T_QUERY_OTT_Connect_Progress_Ack : 2
03-28 01:04:45.499 23981 23981 V --SETTING Menu--: T_QUERY_OTT_Connect_Progress_Ack : 3
03-28 01:04:45.519 23981 23981 V --SETTING Menu--: T_QUERY_OTT_Connect_Progress_Ack : 4
03-28 01:04:45.581 23981 23981 V --SETTING Menu--: T_QUERY_OTT_Connect_Progress_Ack : 5
03-28 01:04:45.599 23981 23981 V --SETTING Menu--: T_QUERY_OTT_Connect_Progress_Ack : 6
03-28 01:04:45.619 23981 23981 V --SETTING Menu--: T_QUERY_OTT_Connect_Progress_Ack : 7
03-28 01:04:45.639 23981 23981 V --SETTING Menu--: T_QUERY_OTT_Connect_Progress_Ack : 8
03-28 01:04:45.671 23981 23981 V --SETTING Menu--: T_QUERY_OTT_Connect_Progress_Ack : 9
03-28 01:04:45.696 23981 23981 V --SETTING Menu--: T_QUERY_OTT_Connect_Progress_Ack : 10
03-28 01:04:45.733 23981 23981 V --SETTING Menu--: T_QUERY_OTT_Connect_Progress_Ack : 11
03-28 01:04:45.734 23981 23981 V --SETTING Menu--: T_QUERY_OTT_Connect_Progress_Ack : 12
03-28 01:04:45.774 23981 23981 V --SETTING Menu--: T_QUERY_OTT_Connect_Progress_Ack : 13
03-28 01:04:45.797 23981 24008 F ----STALKER CPP----: GetLiveList(4399) length(360861)
03-28 01:04:45.814 23981 23981 V --SETTING Menu--: T_QUERY_OTT_Connect_Progress_Ack : 14
03-28 01:04:45.815 23981 23981 V --SETTING Menu--: T_QUERY_OTT_Connect_Progress_Ack : 15
03-28 01:04:45.846 23981 24008 F ----STALKER CPP----: GetLiveList(4478) tc(314) groupId_isNumber(1)
03-28 01:04:45.857 23981 24008 F ----STALKER CPP----: GetLiveList(4664) channel_tot_count(314)
03-28 01:04:45.857 23981 24008 F ----STALKER CPP----: GetLiveList(4668) valid tvch_cnt(314)
03-28 01:04:46.067 23981 24008 F ----STALKER CPP----: GetLiveList(4399) length(0)
03-28 01:04:46.067 23981 24008 F ----STALKER CPP----: GetLiveList : js root error
03-28 01:04:46.067 23981 24008 V TAG     : GetLiveURL : getLiveChannelFromDB 33281 0
03-28 01:04:46.068 23981 23981 V --SETTING Menu--: Robin server T_QUERY_OTT_Get_Live_ChannelList_Ack : errCode 57349
03-28 01:04:46.123 23981 23981 E ViewRootImpl: 201409092 enable acc for view=Toast
03-28 01:04:48.194  3000  3000 D LatinIME: [onKeyDown]::dpad_center========23
03-28 01:04:48.195 23981 23981 D --SETTING Menu--: dispatchKeyEvent : 23
03-28 01:04:48.511 23981 23981 D --SETTING Menu--: dispatchKeyEvent : 23
03-28 01:04:48.511 23981 23981 V --SETTING Menu--: Connect Server : 0  0
03-28 01:04:48.511 23981 23981 V IPTVManager: removeReserved E
03-28 01:04:48.513 23981 23981 V DvbApiManager: TimeSetting setDVBWakeUpTime off 
03-28 01:04:48.524  1466  4925 I DVBSTACK: [Reply] DVB_DB_ALRAM_SetItem(52), size:4 (DvbService.cpp, 213)
03-28 01:04:48.524 23981 23981 V DvbApiManager: TimeSetting setDVBWakeUpTime : true
03-28 01:04:48.524 23981 23981 V IPTVManager: removeReserved X
03-28 01:04:48.551 23981 23981 E ViewRootImpl: 201409092 enable acc for view=com.siptv.mytv/com.siptv.mytv.ServerActivity
03-28 01:04:48.553 23981 23981 V --SETTING Menu--: REQ_connectServer :   false
03-28 01:04:48.553 23981 23981 D IPTVManager: siptvJni : false
03-28 01:04:48.553 23981 23981 V SiptvJni: REQCONNECT SEVER : session4, serverserverUrl$http://sam.me:21000/c/$
03-28 01:04:48.754 23981 23981 V IPTVManager: REQ_connectServer : 0
03-28 01:04:48.754 23981 23981 D --SETTING Menu--: Connect Server OK
03-28 01:04:48.754 23981 23981 V IPTVManager: REQ_GetAccount : 0
03-28 01:04:48.754 23981 24008 V IPTVCallbackListener: T_QUERY_OTT_Connect_Server_Ack Progress status : 100
03-28 01:04:48.791 23981 24008 V IPTVCallbackListener: T_QUERY_OTT_Connect_Server_Ack Progress status : 101
03-28 01:04:48.791 23981 24008 V IPTVCallbackListener: T_QUERY_OTT_Connect_Server_Ack Progress status : 102
03-28 01:04:48.792 23981 24008 V IPTVCallbackListener: T_QUERY_OTT_Connect_Server_Ack Progress status : 103
03-28 01:04:48.792 23981 24008 V IPTVCallbackListener: T_QUERY_OTT_Connect_Server_Ack Progress status : 104
03-28 01:04:48.966 23981 23981 V --SETTING Menu--: T_QUERY_OTT_Connect_Progress_Ack : 1
03-28 01:04:49.138 23981 24008 F ----STALKER CPP----: m_portalver [4.9.19]
03-28 01:04:49.138 23981 24008 F ----STALKER CPP----: m_portalver new [4.9.19]
03-28 01:04:49.640 23981 24008 F ----STALKER CPP----: m_vodPath [/media/]
03-28 01:04:50.011 23981 24008 V IPTVCallbackListener: T_QUERY_OTT_Connect_Server_Ack Progress status : 105
03-28 01:04:51.200 23981 24008 V IPTVCallbackListener: T_QUERY_OTT_Connect_Server_Ack Progress status : 106
03-28 01:04:51.200 23981 24008 V IPTVCallbackListener: T_QUERY_OTT_Connect_Server_Ack Progress status : 107
03-28 01:04:51.400 23981 24008 F ----STALKER CPP----: clear token, no save
03-28 01:04:51.400 23981 24008 F ----STALKER CPP----: WatchDog Timeout - NULL (30) 
03-28 01:04:51.416 23981 23981 V MainLiveActivity: handleMessage : 529
03-28 01:04:51.901 23981 24008 V IPTVCallbackListener: T_QUERY_OTT_Connect_Server_Ack Pass : 110
03-28 01:04:51.901 23981 24008 V IPTVCallbackListener: T_QUERY_OTT_Connect_Server_Ack OK : 0 30
03-28 01:04:51.901 23981 23981 V --SETTING Menu--: T_QUERY_OTT_Connect_Server_Ack : 110 false
03-28 01:04:51.901 23981 23981 V --SETTING Menu--: T_QUERY_OTT_Connect_Server_Ack : 0 false
03-28 01:04:51.902 23981 23981 V IPTVManager: REQ_getLiveGroupList : 0
03-28 01:04:52.092 23981 24008 F ----STALKER CPP----: GetAccountInfo(11328) length(11)
03-28 01:04:52.613  9284  9284 W ContextImpl: Calling a method in the system process without a qualified user: android.app.ContextImpl.sendBroadcast:1200 android.content.ContextWrapper.sendBroadcast:365 com.hisilicon.android.music.MediaPlaybackService.onDestroy:428 android.app.ActivityThread.handleStopService:2732 android.app.ActivityThread.access$2200:135 
03-28 01:04:52.615  9284  9284 V MediaPlayer: setListener
03-28 01:04:52.615  9284  9284 V MediaPlayer: disconnect
03-28 01:04:52.615  9284  9284 V MediaPlayer: destructor
03-28 01:04:52.615  9284  9284 V MediaPlayer: disconnect
03-28 01:04:52.616  2163 31750 I MediaFocusControl:  AudioFocus  abandonAudioFocus() from android.media.AudioManager@2cb61e70com.hisilicon.android.music.MediaPlaybackService$4@2cb604b0
03-28 01:04:52.626  2163  2194 I ActivityManager: Start proc com.android.musicfx for broadcast com.android.musicfx/.ControlPanelReceiver: pid=9599 uid=10010 gids={50010, 3003, 3002}
03-28 01:04:52.629  2163  2173 I ActivityManager: Killing 23768:com.hisilicon.dlna.mediacenter/1000 (adj 15): empty for 12538s
03-28 01:04:52.638  9599  9599 E Environment: canonicalPath = /mnt/sdcard
03-28 01:04:52.664  9599  9599 V MusicFXControlPanelReceiver: onReceive
03-28 01:04:52.665  9599  9599 V MusicFXControlPanelReceiver: Action: android.media.action.CLOSE_AUDIO_EFFECT_CONTROL_SESSION
03-28 01:04:52.665  9599  9599 V MusicFXControlPanelReceiver: Package name: com.hisilicon.android.music
03-28 01:04:52.665  9599  9599 V MusicFXControlPanelReceiver: Audio session: 0
03-28 01:04:52.666  9599  9599 V MusicFXControlPanelEffect: closeSession(android.app.ReceiverRestrictedContext@2cb5b4b8, com.hisilicon.android.music, 0)
03-28 01:04:52.668  2163  3074 I ActivityManager: Killing 22478:com.explorer/1000 (adj 15): empty for 12533s
03-28 01:04:53.901 23981  9567 V WatchDogTask: WatchDogTask http://sam.me:21000/c/
03-28 01:04:53.901 23981  9567 V IPTVManager: REQ_setWatchDogMsg : 0
03-28 01:04:53.902 23981 24009 F ----STALKER CPP----: skip setwdt
03-28 01:04:55.268 23981 24008 W ----STALKER CPP----: File Created - /system/reserved/db/0/neon.ddns.me:21000.glck(0)
03-28 01:04:55.487 23981 24008 V iptv    : getLiveGroupFromDB Start
03-28 01:04:55.499 23981 24008 V iptv    : getLiveGroupFromDB End : 0
03-28 01:04:55.500 23981 23981 V IPTVManager: REQ_getLiveChannelList : 0
03-28 01:04:56.065 23981 23981 V --SETTING Menu--: T_QUERY_OTT_Connect_Progress_Ack : 2
03-28 01:04:56.149 23981 23981 V --SETTING Menu--: T_QUERY_OTT_Connect_Progress_Ack : 3
03-28 01:04:56.169 23981 23981 V --SETTING Menu--: T_QUERY_OTT_Connect_Progress_Ack : 4
03-28 01:04:56.231 23981 23981 V --SETTING Menu--: T_QUERY_OTT_Connect_Progress_Ack : 5
03-28 01:04:56.249 23981 23981 V --SETTING Menu--: T_QUERY_OTT_Connect_Progress_Ack : 6
03-28 01:04:56.269 23981 23981 V --SETTING Menu--: T_QUERY_OTT_Connect_Progress_Ack : 7
03-28 01:04:56.290 23981 23981 V --SETTING Menu--: T_QUERY_OTT_Connect_Progress_Ack : 8
03-28 01:04:56.321 23981 23981 V --SETTING Menu--: T_QUERY_OTT_Connect_Progress_Ack : 9
03-28 01:04:56.345 23981 23981 V --SETTING Menu--: T_QUERY_OTT_Connect_Progress_Ack : 10
03-28 01:04:56.373 23981 23981 V --SETTING Menu--: T_QUERY_OTT_Connect_Progress_Ack : 11
03-28 01:04:56.413 23981 23981 V --SETTING Menu--: T_QUERY_OTT_Connect_Progress_Ack : 12
03-28 01:04:56.414 23981 23981 V --SETTING Menu--: T_QUERY_OTT_Connect_Progress_Ack : 13
03-28 01:04:56.446 23981 24008 F ----STALKER CPP----: GetLiveList(4399) length(360861)
03-28 01:04:56.454 23981 23981 V --SETTING Menu--: T_QUERY_OTT_Connect_Progress_Ack : 14
03-28 01:04:56.455 23981 23981 V --SETTING Menu--: T_QUERY_OTT_Connect_Progress_Ack : 15
03-28 01:04:56.493 23981 24008 F ----STALKER CPP----: GetLiveList(4478) tc(314) groupId_isNumber(1)
03-28 01:04:56.503 23981 24008 F ----STALKER CPP----: GetLiveList(4664) channel_tot_count(314)
03-28 01:04:56.503 23981 24008 F ----STALKER CPP----: GetLiveList(4668) valid tvch_cnt(314)
03-28 01:04:56.714 23981 24008 F ----STALKER CPP----: GetLiveList(4399) length(0)
03-28 01:04:56.714 23981 24008 F ----STALKER CPP----: GetLiveList : js root error
03-28 01:04:56.714 23981 24008 V TAG     : GetLiveURL : getLiveChannelFromDB 33281 0
03-28 01:04:56.714 23981 23981 V --SETTING Menu--: Robin server T_QUERY_OTT_Get_Live_ChannelList_Ack : errCode 57349
03-28 01:04:56.773 23981 23981 E ViewRootImpl: 201409092 enable acc for view=Toast
03-28 01:04:59.507  3000  3000 D LatinIME: [onKeyDown]::dpad_center========23
03-28 01:04:59.508 23981 23981 D --SETTING Menu--: dispatchKeyEvent : 23
03-28 01:04:59.824 23981 23981 D --SETTING Menu--: dispatchKeyEvent : 23
03-28 01:04:59.824 23981 23981 V --SETTING Menu--: Connect Server : 0  0
03-28 01:04:59.824 23981 23981 V IPTVManager: removeReserved E
03-28 01:04:59.825 23981 23981 V DvbApiManager: TimeSetting setDVBWakeUpTime off 
03-28 01:04:59.835  1466  4460 I DVBSTACK: [Reply] DVB_DB_ALRAM_SetItem(52), size:4 (DvbService.cpp, 213)
03-28 01:04:59.835 23981 23981 V DvbApiManager: TimeSetting setDVBWakeUpTime : true
03-28 01:04:59.835 23981 23981 V IPTVManager: removeReserved X
03-28 01:04:59.859 23981 23981 E ViewRootImpl: 201409092 enable acc for view=com.siptv.mytv/com.siptv.mytv.ServerActivity
03-28 01:04:59.862 23981 23981 V --SETTING Menu--: REQ_connectServer :   false
03-28 01:04:59.862 23981 23981 D IPTVManager: siptvJni : false
03-28 01:04:59.862 23981 23981 V SiptvJni: REQCONNECT SEVER : session5, serverserverUrl$http://sam.me:21000/c/$
03-28 01:05:00.062 23981 23981 V IPTVManager: REQ_connectServer : 0
03-28 01:05:00.062 23981 23981 D --SETTING Menu--: Connect Server OK
03-28 01:05:00.062 23981 23981 V IPTVManager: REQ_GetAccount : 0
03-28 01:05:00.063 23981 24008 V IPTVCallbackListener: T_QUERY_OTT_Connect_Server_Ack Progress status : 100
03-28 01:05:00.093 23981 24008 V IPTVCallbackListener: T_QUERY_OTT_Connect_Server_Ack Progress status : 101
03-28 01:05:00.093 23981 24008 V IPTVCallbackListener: T_QUERY_OTT_Connect_Server_Ack Progress status : 102
03-28 01:05:00.094 23981 24008 V IPTVCallbackListener: T_QUERY_OTT_Connect_Server_Ack Progress status : 103
03-28 01:05:00.094 23981 24008 V IPTVCallbackListener: T_QUERY_OTT_Connect_Server_Ack Progress status : 104
03-28 01:05:00.364 23981 23981 V --SETTING Menu--: T_QUERY_OTT_Connect_Progress_Ack : 1
03-28 01:05:00.541 23981 24008 F ----STALKER CPP----: m_portalver [4.9.19]
03-28 01:05:00.541 23981 24008 F ----STALKER CPP----: m_portalver new [4.9.19]
03-28 01:05:01.040 23981 24008 F ----STALKER CPP----: m_vodPath [/media/]
03-28 01:05:01.409 23981 24008 V IPTVCallbackListener: T_QUERY_OTT_Connect_Server_Ack Progress status : 105
03-28 01:05:01.476 23981 23981 V MainLiveActivity: handleMessage : 529
03-28 01:05:02.593 23981 24008 V IPTVCallbackListener: T_QUERY_OTT_Connect_Server_Ack Progress status : 106
03-28 01:05:02.593 23981 24008 V IPTVCallbackListener: T_QUERY_OTT_Connect_Server_Ack Progress status : 107
03-28 01:05:02.791 23981 24008 F ----STALKER CPP----: clear token, no save
03-28 01:05:02.791 23981 24008 F ----STALKER CPP----: WatchDog Timeout - NULL (30) 
03-28 01:05:03.292 23981 24008 V IPTVCallbackListener: T_QUERY_OTT_Connect_Server_Ack Pass : 110
03-28 01:05:03.292 23981 24008 V IPTVCallbackListener: T_QUERY_OTT_Connect_Server_Ack OK : 0 30
03-28 01:05:03.292 23981 23981 V --SETTING Menu--: T_QUERY_OTT_Connect_Server_Ack : 110 false
03-28 01:05:03.293 23981 23981 V --SETTING Menu--: T_QUERY_OTT_Connect_Server_Ack : 0 false
03-28 01:05:03.294 23981 23981 V IPTVManager: REQ_getLiveGroupList : 0
03-28 01:05:03.481 23981 24008 F ----STALKER CPP----: GetAccountInfo(11328) length(11)
03-28 01:05:05.293 23981  9624 V WatchDogTask: WatchDogTask http://sam.me:21000/c/
03-28 01:05:05.293 23981  9624 V IPTVManager: REQ_setWatchDogMsg : 0
03-28 01:05:05.293 23981 24009 F ----STALKER CPP----: skip setwdt
03-28 01:05:06.754 23981 24008 W ----STALKER CPP----: File Created - /system/reserved/db/0/neon.ddns.me:21000.glck(0)
03-28 01:05:06.973 23981 24008 V iptv    : getLiveGroupFromDB Start
03-28 01:05:06.985 23981 24008 V iptv    : getLiveGroupFromDB End : 0
03-28 01:05:06.986 23981 23981 V IPTVManager: REQ_getLiveChannelList : 0
03-28 01:05:07.600 23981 23981 V --SETTING Menu--: T_QUERY_OTT_Connect_Progress_Ack : 2
03-28 01:05:07.685 23981 23981 V --SETTING Menu--: T_QUERY_OTT_Connect_Progress_Ack : 3
03-28 01:05:07.704 23981 23981 V --SETTING Menu--: T_QUERY_OTT_Connect_Progress_Ack : 4
03-28 01:05:07.766 23981 23981 V --SETTING Menu--: T_QUERY_OTT_Connect_Progress_Ack : 5
03-28 01:05:07.785 23981 23981 V --SETTING Menu--: T_QUERY_OTT_Connect_Progress_Ack : 6
03-28 01:05:07.803 23981 23981 V --SETTING Menu--: T_QUERY_OTT_Connect_Progress_Ack : 7
03-28 01:05:07.823 23981 23981 V --SETTING Menu--: T_QUERY_OTT_Connect_Progress_Ack : 8
03-28 01:05:07.855 23981 23981 V --SETTING Menu--: T_QUERY_OTT_Connect_Progress_Ack : 9
03-28 01:05:07.881 23981 23981 V --SETTING Menu--: T_QUERY_OTT_Connect_Progress_Ack : 10
03-28 01:05:07.897 23981 23981 V --SETTING Menu--: T_QUERY_OTT_Connect_Progress_Ack : 11
03-28 01:05:07.934 23981 23981 V --SETTING Menu--: T_QUERY_OTT_Connect_Progress_Ack : 12
03-28 01:05:07.974 23981 23981 V --SETTING Menu--: T_QUERY_OTT_Connect_Progress_Ack : 13
03-28 01:05:07.975 23981 23981 V --SETTING Menu--: T_QUERY_OTT_Connect_Progress_Ack : 14
03-28 01:05:07.982 23981 24008 F ----STALKER CPP----: GetLiveList(4399) length(360861)
03-28 01:05:08.012 23981 23981 V --SETTING Menu--: T_QUERY_OTT_Connect_Progress_Ack : 15
03-28 01:05:08.026 23981 24008 F ----STALKER CPP----: GetLiveList(4478) tc(314) groupId_isNumber(1)
03-28 01:05:08.038 23981 24008 F ----STALKER CPP----: GetLiveList(4664) channel_tot_count(314)
03-28 01:05:08.038 23981 24008 F ----STALKER CPP----: GetLiveList(4668) valid tvch_cnt(314)
03-28 01:05:08.251 23981 24008 F ----STALKER CPP----: GetLiveList(4399) length(0)
03-28 01:05:08.251 23981 24008 F ----STALKER CPP----: GetLiveList : js root error
03-28 01:05:08.252 23981 24008 V TAG     : GetLiveURL : getLiveChannelFromDB 33281 0
03-28 01:05:08.252 23981 23981 V --SETTING Menu--: Robin server T_QUERY_OTT_Get_Live_ChannelList_Ack : errCode 57349
03-28 01:05:08.311 23981 23981 E ViewRootImpl: 201409092 enable acc for view=Toast
03-28 01:05:11.535 23981 23981 V MainLiveActivity: handleMessage : 529
03-28 01:05:21.594 23981 23981 V MainLiveActivity: handleMessage : 529
03-28 01:05:31.662 23981 23981 V MainLiveActivity: handleMessage : 529
03-28 01:05:35.293 23981  9624 V WatchDogTask: WatchDogTask http://sam.me:21000/c/
03-28 01:05:35.294 23981  9624 V IPTVManager: REQ_setWatchDogMsg : 0
03-28 01:05:35.294 23981 24009 F ----STALKER CPP----: skip setwdt
03-28 01:05:41.735 23981 23981 V MainLiveActivity: handleMessage : 529
03-28 01:05:50.323  1460  1496 E HI_ADP_HDMI: get_hdmi_suspend_enable: value is :0
03-28 01:05:50.323  1460  1496 E HI_ADP_HDMI: hdmi cec suspend disable
03-28 01:05:51.807 23981 23981 V MainLiveActivity: handleMessage : 529
03-28 01:06:01.880 23981 23981 V MainLiveActivity: handleMessage : 529
03-28 01:06:05.294 23981  9624 V WatchDogTask: WatchDogTask http://sam.me:21000/c/
03-28 01:06:05.294 23981  9624 V IPTVManager: REQ_setWatchDogMsg : 0
03-28 01:06:11.950 23981 23981 V MainLiveActivity: handleMessage : 529
03-28 01:06:22.016 23981 23981 V MainLiveActivity: handleMessage : 529
03-28 01:06:28.070  2163  2873 D WifiStateMachine: handleMessage: E msg.what=131143
03-28 01:06:28.070  2163  2873 D WifiStateMachine: processMsg: DisconnectedState
03-28 01:06:28.070  2163  2873 D WifiStateMachine: processMsg: ConnectModeState
03-28 01:06:28.070  2163  2873 D WifiStateMachine: processMsg: DriverStartedState
03-28 01:06:28.073  2163  2873 D WifiHW  : wifi command = IFNAME=wlan0 SCAN
03-28 01:06:28.074  2163  2873 D WifiStateMachine: handleMessage: X
03-28 01:06:28.074  2163  2873 D WifiStateMachine: handleMessage: E msg.what=147462
03-28 01:06:28.074  2163  2873 D WifiStateMachine: processMsg: DisconnectedState
03-28 01:06:28.074  2163  2873 D WifiStateMachine: setDetailed state, old =DISCONNECTED and new state=SCANNING
03-28 01:06:28.075  2163  2873 D WifiStateMachine: processMsg: ConnectModeState
03-28 01:06:28.075  2163  2873 D WifiStateMachine: handleMessage: X
03-28 01:06:28.076  3085  3085 V Home    : WifiReceiver : android.net.wifi.supplicant.STATE_CHANGE
03-28 01:06:30.154  2163  2873 D WifiStateMachine: handleMessage: E msg.what=147461
03-28 01:06:30.154  2163  2873 D WifiStateMachine: processMsg: DisconnectedState
03-28 01:06:30.154  2163  2873 D WifiStateMachine: processMsg: ConnectModeState
03-28 01:06:30.154  2163  2873 D WifiStateMachine: processMsg: DriverStartedState
03-28 01:06:30.154  2163  2873 D WifiStateMachine: processMsg: SupplicantStartedState
