03-27 21:29:20.393 22035 22035 W ContextImpl: Calling a method in the system process without a qualified user: android.app.ContextImpl.sendBroadcast:1200 android.content.ContextWrapper.sendBroadcast:365 android.app.ActivityThread.performResumeActivity:2785 android.app.ActivityThread.handleResumeActivity:2823 android.app.ActivityThread.handleLaunchActivity:2250 
03-27 21:29:20.713 22035 22035 E ActivityThread: Failed to find provider info for com.android.mysetting
03-27 21:30:22.184 22035 22035 W ContextImpl: Calling a method in the system process without a qualified user: android.app.ContextImpl.sendBroadcast:1200 android.content.ContextWrapper.sendBroadcast:365 android.app.ActivityThread.performPauseActivity:3061 android.app.ActivityThread.performPauseActivity:3023 android.app.ActivityThread.handlePauseActivity:3001 
03-27 21:30:22.203  3085  3085 W ContextImpl: Calling a method in the system process without a qualified user: android.app.ContextImpl.sendBroadcast:1200 android.content.ContextWrapper.sendBroadcast:365 android.app.ActivityThread.performResumeActivity:2785 android.app.ActivityThread.handleResumeActivity:2823 android.app.ActivityThread$H.handleMessage:1238 
03-27 21:30:22.557  2163  2194 I ActivityManager: Killing 3139:android.process.acore/u0a2 (adj 15): empty for 3378s
03-27 21:30:22.629  2163  3076 I ActivityManager: Process com.siptv.mytv (pid 22035) has died.
03-27 21:30:22.631  2163 31750 I WindowState: WIN DEATH: Window{2d037e30 u0 com.siptv.mytv/com.siptv.mytv.MainLiveActivity}
03-27 21:30:22.631  2163 31750 W WindowManager: Force-removing child win Window{2d0402a0 u0 SurfaceView} from container Window{2d037e30 u0 com.siptv.mytv/com.siptv.mytv.MainLiveActivity}
03-27 21:30:22.633  2163 31750 W WindowManager: Force-removing child win Window{2d0abb70 u0 SurfaceView} from container Window{2d037e30 u0 com.siptv.mytv/com.siptv.mytv.MainLiveActivity}
03-27 21:30:22.636  2163 31750 W WindowManager: Force-removing child win Window{2d0ad940 u0 SurfaceView} from container Window{2d037e30 u0 com.siptv.mytv/com.siptv.mytv.MainLiveActivity}
03-27 21:30:22.640  2163  2173 W WindowManager: Failed looking up window
03-27 21:30:22.640  2163  2173 W WindowManager: java.lang.IllegalArgumentException: Requested window android.os.BinderProxy@2cf43830 does not exist
03-27 21:30:22.640  2163  2173 W WindowManager: 	at com.android.server.wm.WindowManagerService.windowForClientLocked(WindowManagerService.java:7966)
03-27 21:30:22.640  2163  2173 W WindowManager: 	at com.android.server.wm.WindowManagerService.windowForClientLocked(WindowManagerService.java:7957)
03-27 21:30:22.640  2163  2173 W WindowManager: 	at com.android.server.wm.WindowState$DeathRecipient.binderDied(WindowState.java:1047)
03-27 21:30:22.640  2163  2173 W WindowManager: 	at android.os.BinderProxy.sendDeathNotice(Binder.java:493)
03-27 21:30:22.640  2163  2173 W WindowManager: 	at dalvik.system.NativeStart.run(Native Method)
03-27 21:30:22.641  2163  2173 I WindowState: WIN DEATH: null
03-27 21:30:22.641  2163 15603 W WindowManager: Failed looking up window
03-27 21:30:22.641  2163 15603 W WindowManager: java.lang.IllegalArgumentException: Requested window android.os.BinderProxy@2ce6b350 does not exist
03-27 21:30:22.641  2163 15603 W WindowManager: 	at com.android.server.wm.WindowManagerService.windowForClientLocked(WindowManagerService.java:7966)
03-27 21:30:22.641  2163 15603 W WindowManager: 	at com.android.server.wm.WindowManagerService.windowForClientLocked(WindowManagerService.java:7957)
03-27 21:30:22.641  2163 15603 W WindowManager: 	at com.android.server.wm.WindowState$DeathRecipient.binderDied(WindowState.java:1047)
03-27 21:30:22.641  2163 15603 W WindowManager: 	at android.os.BinderProxy.sendDeathNotice(Binder.java:493)
03-27 21:30:22.641  2163 15603 W WindowManager: 	at dalvik.system.NativeStart.run(Native Method)
03-27 21:30:22.641  2163 15603 I WindowState: WIN DEATH: null
03-27 21:30:22.642  2163  3055 W WindowManager: Failed looking up window
03-27 21:30:22.642  2163  3055 W WindowManager: java.lang.IllegalArgumentException: Requested window android.os.BinderProxy@2cf86028 does not exist
03-27 21:30:22.642  2163  3055 W WindowManager: 	at com.android.server.wm.WindowManagerService.windowForClientLocked(WindowManagerService.java:7966)
03-27 21:30:22.642  2163  3055 W WindowManager: 	at com.android.server.wm.WindowManagerService.windowForClientLocked(WindowManagerService.java:7957)
03-27 21:30:22.642  2163  3055 W WindowManager: 	at com.android.server.wm.WindowState$DeathRecipient.binderDied(WindowState.java:1047)
03-27 21:30:22.642  2163  3055 W WindowManager: 	at android.os.BinderProxy.sendDeathNotice(Binder.java:493)
03-27 21:30:22.642  2163  3055 W WindowManager: 	at dalvik.system.NativeStart.run(Native Method)
03-27 21:30:22.642  2163  3055 I WindowState: WIN DEATH: null
03-27 21:30:22.642  2163  2272 I WindowState: WIN DEATH: Window{2d00e008 u0 com.siptv.mytv}
03-27 21:30:47.714  2163 15603 I ActivityManager: START u0 {flg=0x10008000 cmp=com.android.siptv.launcher/.myapps.AppListActivity} from pid 3085
03-27 21:30:47.803  3085  3085 W ContextImpl: Calling a method in the system process without a qualified user: android.app.ContextImpl.sendBroadcast:1200 android.content.ContextWrapper.sendBroadcast:365 android.app.ActivityThread.performPauseActivity:3061 android.app.ActivityThread.performPauseActivity:3023 android.app.ActivityThread.handlePauseActivity:3001 
03-27 21:30:47.898  3085  3085 W ContextImpl: Calling a method in the system process without a qualified user: android.app.ContextImpl.sendBroadcast:1200 android.content.ContextWrapper.sendBroadcast:365 android.app.ActivityThread.performResumeActivity:2785 android.app.ActivityThread.handleResumeActivity:2823 android.app.ActivityThread.handleLaunchActivity:2250 
03-27 21:30:48.077  3085  3085 W ContextImpl: Calling a method in the system process without a qualified user: android.app.ContextImpl.bindService:1620 android.content.ContextWrapper.bindService:517 com.android.siptv.launcher.myapps.AppListActivity$2.run:-1 android.os.Handler.handleCallback:733 android.os.Handler.dispatchMessage:95 
03-27 21:30:50.441  2163 19571 I ActivityManager: START u0 {act=android.intent.action.MAIN cat=[android.intent.category.LAUNCHER] flg=0x10200000 cmp=com.explorer/.activity.TabBarExample} from pid 3085
03-27 21:30:50.639  3085  3085 W ContextImpl: Calling a method in the system process without a qualified user: android.app.ContextImpl.sendBroadcast:1200 android.content.ContextWrapper.sendBroadcast:365 android.app.ActivityThread.performPauseActivity:3061 android.app.ActivityThread.performPauseActivity:3023 android.app.ActivityThread.handlePauseActivity:3001 
03-27 21:30:50.650  2163  2173 I ActivityManager: Start proc com.explorer for activity com.explorer/.activity.TabBarExample: pid=22478 uid=1000 gids={41000, 1028, 1015, 3003, 3002, 3001}
03-27 21:30:51.083 22478 22478 W ContextImpl: Calling a method in the system process without a qualified user: android.app.ContextImpl.sendBroadcast:1200 android.content.ContextWrapper.sendBroadcast:365 android.app.ActivityThread.performResumeActivity:2785 android.app.ActivityThread.handleResumeActivity:2823 android.app.ActivityThread.handleLaunchActivity:2250 
03-27 21:30:57.576  2163  3074 I ActivityManager: START u0 {cmp=com.explorer/.activity.NFSActivity} from pid 22478
03-27 21:30:57.581 22478 22478 W ContextImpl: Calling a method in the system process without a qualified user: android.app.ContextImpl.sendBroadcast:1200 android.content.ContextWrapper.sendBroadcast:365 android.app.ActivityThread.performPauseActivity:3061 android.app.ActivityThread.performPauseActivity:3023 android.app.ActivityThread.handlePauseActivity:3001 
03-27 21:30:57.919 22478 22478 W ContextImpl: Calling a method in the system process without a qualified user: android.app.ContextImpl.sendBroadcast:1200 android.content.ContextWrapper.sendBroadcast:365 android.app.ActivityThread.performResumeActivity:2785 android.app.ActivityThread.handleResumeActivity:2823 android.app.ActivityThread.handleLaunchActivity:2250 
03-27 21:31:22.185 22478 22478 W ContextImpl: Calling a method in the system process without a qualified user: android.app.ContextImpl.sendBroadcast:1200 android.content.ContextWrapper.sendBroadcast:365 android.app.ActivityThread.performPauseActivity:3061 android.app.ActivityThread.performPauseActivity:3023 android.app.ActivityThread.handlePauseActivity:3001 
03-27 21:31:22.192 22478 22478 W ContextImpl: Calling a method in the system process without a qualified user: android.app.ContextImpl.sendBroadcast:1200 android.content.ContextWrapper.sendBroadcast:365 android.app.ActivityThread.performResumeActivity:2785 android.app.ActivityThread.handleResumeActivity:2823 android.app.ActivityThread$H.handleMessage:1238 
03-27 21:31:32.585  2163 15603 I ActivityManager: START u0 {cmp=com.explorer/.activity.MainExplorerActivity} from pid 22478
03-27 21:31:32.591 22478 22478 W ContextImpl: Calling a method in the system process without a qualified user: android.app.ContextImpl.sendBroadcast:1200 android.content.ContextWrapper.sendBroadcast:365 android.app.ActivityThread.performPauseActivity:3061 android.app.ActivityThread.performPauseActivity:3023 android.app.ActivityThread.handlePauseActivity:3001 
03-27 21:31:32.652 22478 22478 W ContextImpl: Calling a method in the system process without a qualified user: android.app.ContextImpl.sendBroadcast:1200 android.content.ContextWrapper.sendBroadcast:365 android.app.ActivityThread.performResumeActivity:2785 android.app.ActivityThread.handleResumeActivity:2823 android.app.ActivityThread.handleLaunchActivity:2250 
03-27 21:31:35.400  2163  3076 W InputMethodManagerService: Window already focused, ignoring focus gain of: com.android.internal.view.IInputMethodClient$Stub$Proxy@2cbd94e0 attribute=android.view.inputmethod.EditorInfo@2cfe9998, token = android.os.BinderProxy@2ce5b580
03-27 21:31:45.871  2163 31750 W InputMethodManagerService: Window already focused, ignoring focus gain of: com.android.internal.view.IInputMethodClient$Stub$Proxy@2cef8d18 attribute=android.view.inputmethod.EditorInfo@2cef1648, token = android.os.BinderProxy@2ce5b580
03-27 21:31:55.414  2163  3054 W InputMethodManagerService: Window already focused, ignoring focus gain of: com.android.internal.view.IInputMethodClient$Stub$Proxy@2ce89e00 attribute=android.view.inputmethod.EditorInfo@2ce340b8, token = android.os.BinderProxy@2ce5b580
03-27 21:31:55.763 22478 22478 W ContextImpl: Calling a method in the system process without a qualified user: android.app.ContextImpl.sendBroadcast:1200 android.content.ContextWrapper.sendBroadcast:365 android.app.ActivityThread.performPauseActivity:3061 android.app.ActivityThread.performPauseActivity:3023 android.app.ActivityThread.handlePauseActivity:3001 
03-27 21:31:55.770 22478 22478 W ContextImpl: Calling a method in the system process without a qualified user: android.app.ContextImpl.sendBroadcast:1200 android.content.ContextWrapper.sendBroadcast:365 android.app.ActivityThread.performResumeActivity:2785 android.app.ActivityThread.handleResumeActivity:2823 android.app.ActivityThread$H.handleMessage:1238 
03-27 21:31:57.061  2163  2272 I ActivityManager: START u0 {cmp=com.explorer/.activity.MainExplorerActivity} from pid 22478
03-27 21:31:57.066 22478 22478 W ContextImpl: Calling a method in the system process without a qualified user: android.app.ContextImpl.sendBroadcast:1200 android.content.ContextWrapper.sendBroadcast:365 android.app.ActivityThread.performPauseActivity:3061 android.app.ActivityThread.performPauseActivity:3023 android.app.ActivityThread.handlePauseActivity:3001 
03-27 21:31:57.122 22478 22478 W ContextImpl: Calling a method in the system process without a qualified user: android.app.ContextImpl.sendBroadcast:1200 android.content.ContextWrapper.sendBroadcast:365 android.app.ActivityThread.performResumeActivity:2785 android.app.ActivityThread.handleResumeActivity:2823 android.app.ActivityThread.handleLaunchActivity:2250 
03-27 21:31:59.385  2163  3055 W InputMethodManagerService: Window already focused, ignoring focus gain of: com.android.internal.view.IInputMethodClient$Stub$Proxy@2cf92978 attribute=android.view.inputmethod.EditorInfo@2cf79330, token = android.os.BinderProxy@2ce80e60
03-27 21:32:01.350  2163  3074 W InputMethodManagerService: Window already focused, ignoring focus gain of: com.android.internal.view.IInputMethodClient$Stub$Proxy@2cff6900 attribute=null, token = android.os.BinderProxy@2ce80e60
03-27 21:32:02.434  2163  3147 W InputMethodManagerService: Window already focused, ignoring focus gain of: com.android.internal.view.IInputMethodClient$Stub$Proxy@2cfeb890 attribute=null, token = android.os.BinderProxy@2ce80e60
03-27 21:32:04.937  2163 15603 W InputMethodManagerService: Window already focused, ignoring focus gain of: com.android.internal.view.IInputMethodClient$Stub$Proxy@2ce5c468 attribute=null, token = android.os.BinderProxy@2ce80e60
03-27 21:32:06.350  2163  2174 W InputMethodManagerService: Window already focused, ignoring focus gain of: com.android.internal.view.IInputMethodClient$Stub$Proxy@2cfe9000 attribute=null, token = android.os.BinderProxy@2ce80e60
03-27 21:32:07.414  2163  3076 W InputMethodManagerService: Window already focused, ignoring focus gain of: com.android.internal.view.IInputMethodClient$Stub$Proxy@2d02f850 attribute=null, token = android.os.BinderProxy@2ce80e60
03-27 21:32:11.393  2163 15603 I ActivityManager: START u0 {act=android.intent.action.VIEW dat=file:///storage/emulated/0/Android/data/com.siptv.mytv/files/vod/vod_series.json typ=*/* flg=0x10000000 cmp=android/com.android.internal.app.ResolverActivity (has extras)} from pid 22478
03-27 21:32:11.555 22478 22478 W ContextImpl: Calling a method in the system process without a qualified user: android.app.ContextImpl.sendBroadcast:1200 android.content.ContextWrapper.sendBroadcast:365 android.app.ActivityThread.performPauseActivity:3061 android.app.ActivityThread.performPauseActivity:3023 android.app.ActivityThread.handlePauseActivity:3001 
03-27 21:32:11.576  2163  3054 I ActivityManager: Start proc system:ui for activity android/com.android.internal.app.ResolverActivity: pid=22836 uid=1000 gids={41000, 1028, 1015, 3003, 3002, 3001}
03-27 21:32:11.741 22836 22836 W ContextImpl: Calling a method in the system process without a qualified user: android.app.ContextImpl.sendBroadcast:1200 android.content.ContextWrapper.sendBroadcast:365 android.app.ActivityThread.performResumeActivity:2785 android.app.ActivityThread.handleResumeActivity:2823 android.app.ActivityThread.handleLaunchActivity:2250 
03-27 21:32:22.744  2163  2875 D ConnectivityService: Sampling interval elapsed, updating statistics ..
03-27 21:32:22.749  2163  2875 D ConnectivityService: Done.
03-27 21:32:22.749  2163  2875 D ConnectivityService: Setting timer for 720seconds
03-27 21:32:22.819  2163  2875 D ConnectivityService: handleInetConditionChange: net=1 != default=9 - ignore
03-27 21:32:28.769  2163  2875 D ConnectivityService: handleInetConditionChange: net=1 != default=9 - ignore
03-27 21:32:28.776  2163  2875 D ConnectivityService: handleInetConditionChange: net=1 != default=9 - ignore
03-27 21:32:28.779  2163  2875 D ConnectivityService: handleInetConditionChange: net=1 != default=9 - ignore
03-27 21:32:28.832  2163  2875 D ConnectivityService: handleInetConditionChange: net=1 != default=9 - ignore
03-27 21:32:42.195  2163  3055 I ActivityManager: START u0 {act=android.settings.APPLICATION_DETAILS_SETTINGS dat=package:com.android.htmlviewer flg=0x80000 cmp=com.android.settings/.applications.InstalledAppDetails} from pid 22836
03-27 21:32:42.204 22836 22836 W ContextImpl: Calling a method in the system process without a qualified user: android.app.ContextImpl.sendBroadcast:1200 android.content.ContextWrapper.sendBroadcast:365 android.app.ActivityThread.performPauseActivity:3061 android.app.ActivityThread.performPauseActivity:3023 android.app.ActivityThread.handlePauseActivity:3001 
03-27 21:32:42.336  3517  3517 E InstalledAppDetails: getDefaultPathFromXml  = null
03-27 21:32:42.341  3517  3517 W ContextImpl: Calling a method in the system process without a qualified user: android.app.ContextImpl.sendBroadcast:1200 android.content.ContextWrapper.sendBroadcast:365 android.app.ActivityThread.performResumeActivity:2785 android.app.ActivityThread.handleResumeActivity:2823 android.app.ActivityThread.handleLaunchActivity:2250 
03-27 21:32:42.658  2163  2272 I ActivityManager: Activity reported stop, but no longer stopping: ActivityRecord{2cf4cda0 u0 android/com.android.internal.app.ResolverActivity t27 f}
03-27 21:32:51.461  3517  3517 W ContextImpl: Calling a method in the system process without a qualified user: android.app.ContextImpl.sendBroadcast:1200 android.content.ContextWrapper.sendBroadcast:365 android.app.ActivityThread.performPauseActivity:3061 android.app.ActivityThread.performPauseActivity:3023 android.app.ActivityThread.handlePauseActivity:3001 
03-27 21:32:51.505 22478 22478 W ContextImpl: Calling a method in the system process without a qualified user: android.app.ContextImpl.sendBroadcast:1200 android.content.ContextWrapper.sendBroadcast:365 android.app.ActivityThread.performResumeActivity:2785 android.app.ActivityThread.handleResumeActivity:2823 android.app.ActivityThread$H.handleMessage:1238 
03-27 21:32:52.097  2163  3054 W InputMethodManagerService: Window already focused, ignoring focus gain of: com.android.internal.view.IInputMethodClient$Stub$Proxy@2cfc6358 attribute=null, token = android.os.BinderProxy@2ce80e60
03-27 21:32:55.750  2163  3146 W InputMethodManagerService: Window already focused, ignoring focus gain of: com.android.internal.view.IInputMethodClient$Stub$Proxy@2cf6f920 attribute=null, token = android.os.BinderProxy@2ce80e60
03-27 21:32:59.719  2163 31750 I ActivityManager: START u0 {act=android.intent.action.VIEW dat=file:///storage/emulated/0/Android/data/com.siptv.mytv/files/vod/vod_series.json typ=*/* flg=0x10000000 cmp=android/com.android.internal.app.ResolverActivity (has extras)} from pid 22478
03-27 21:32:59.783 22478 22478 W ContextImpl: Calling a method in the system process without a qualified user: android.app.ContextImpl.sendBroadcast:1200 android.content.ContextWrapper.sendBroadcast:365 android.app.ActivityThread.performPauseActivity:3061 android.app.ActivityThread.performPauseActivity:3023 android.app.ActivityThread.handlePauseActivity:3001 
03-27 21:32:59.836 22836 22836 W ContextImpl: Calling a method in the system process without a qualified user: android.app.ContextImpl.sendBroadcast:1200 android.content.ContextWrapper.sendBroadcast:365 android.app.ActivityThread.performResumeActivity:2785 android.app.ActivityThread.handleResumeActivity:2823 android.app.ActivityThread.handleLaunchActivity:2250 
03-27 21:33:05.330  2163  3055 I PackageManager: Adding preferred activity ComponentInfo{com.android.browser/com.android.browser.BrowserActivity} for user 0 :
03-27 21:33:05.340  2163  2174 I ActivityManager: START u0 {act=android.intent.action.VIEW dat=file:///storage/emulated/0/Android/data/com.siptv.mytv/files/vod/vod_series.json typ=*/* flg=0x13000000 cmp=com.android.browser/.BrowserActivity (has extras)} from pid 22836
03-27 21:33:05.483 22836 22836 W ContextImpl: Calling a method in the system process without a qualified user: android.app.ContextImpl.sendBroadcast:1200 android.content.ContextWrapper.sendBroadcast:365 android.app.ActivityThread.performPauseActivity:3061 android.app.ActivityThread.performPauseActivity:3023 android.app.ActivityThread.handlePauseActivity:3001 
03-27 21:33:05.497  2163  3146 I ActivityManager: Start proc com.android.browser for activity com.android.browser/.BrowserActivity: pid=23084 uid=1000 gids={41000, 1028, 1015, 3003, 3002, 3001}
03-27 21:33:06.056 23084 23084 W ContextImpl: Calling a method in the system process without a qualified user: android.app.ContextImpl.sendBroadcast:1200 android.content.ContextWrapper.sendBroadcast:365 android.app.ActivityThread.performResumeActivity:2785 android.app.ActivityThread.handleResumeActivity:2823 android.app.ActivityThread.handleLaunchActivity:2250 
03-27 21:33:06.185  2163  3147 W ActivityManager: Duplicate finish request for ActivityRecord{2cddf0f0 u0 android/com.android.internal.app.ResolverActivity t28 f}
03-27 21:33:29.480  2163  2174 I ActivityManager: START u0 {cmp=com.android.browser/.ComboViewActivity (has extras)} from pid 23084
03-27 21:33:29.487 23084 23084 W ContextImpl: Calling a method in the system process without a qualified user: android.app.ContextImpl.sendBroadcast:1200 android.content.ContextWrapper.sendBroadcast:365 android.app.ActivityThread.performPauseActivity:3061 android.app.ActivityThread.performPauseActivity:3023 android.app.ActivityThread.handlePauseActivity:3001 
03-27 21:33:29.572 23084 23084 W ContextImpl: Calling a method in the system process without a qualified user: android.app.ContextImpl.sendBroadcast:1200 android.content.ContextWrapper.sendBroadcast:365 android.app.ActivityThread.performResumeActivity:2785 android.app.ActivityThread.handleResumeActivity:2823 android.app.ActivityThread.handleLaunchActivity:2250 
03-27 21:33:35.208  2163  2173 W ActivityManager: Sorry, the browser is finished unexpectedly!...
03-27 21:33:35.214 23084 23084 W ContextImpl: Calling a method in the system process without a qualified user: android.app.ContextImpl.sendBroadcast:1200 android.content.ContextWrapper.sendBroadcast:365 android.app.ActivityThread.performPauseActivity:3061 android.app.ActivityThread.performPauseActivity:3023 android.app.ActivityThread.handlePauseActivity:3001 
03-27 21:33:35.227 23084 23084 W ContextImpl: Calling a method in the system process without a qualified user: android.app.ContextImpl.sendBroadcast:1200 android.content.ContextWrapper.sendBroadcast:365 android.app.ActivityThread.performResumeActivity:2785 android.app.ActivityThread.handleResumeActivity:2823 android.app.ActivityThread$H.handleMessage:1238 
03-27 21:33:50.548  2163  3054 I ActivityManager: START u0 {cmp=com.android.browser/.ComboViewActivity (has extras)} from pid 23084
03-27 21:33:50.554 23084 23084 W ContextImpl: Calling a method in the system process without a qualified user: android.app.ContextImpl.sendBroadcast:1200 android.content.ContextWrapper.sendBroadcast:365 android.app.ActivityThread.performPauseActivity:3061 android.app.ActivityThread.performPauseActivity:3023 android.app.ActivityThread.handlePauseActivity:3001 
03-27 21:33:50.627 23084 23084 W ContextImpl: Calling a method in the system process without a qualified user: android.app.ContextImpl.sendBroadcast:1200 android.content.ContextWrapper.sendBroadcast:365 android.app.ActivityThread.performResumeActivity:2785 android.app.ActivityThread.handleResumeActivity:2823 android.app.ActivityThread.handleLaunchActivity:2250 
03-27 21:33:52.378  2163  2173 W ActivityManager: Sorry, the browser is finished unexpectedly!...
03-27 21:33:52.383 23084 23084 W ContextImpl: Calling a method in the system process without a qualified user: android.app.ContextImpl.sendBroadcast:1200 android.content.ContextWrapper.sendBroadcast:365 android.app.ActivityThread.performPauseActivity:3061 android.app.ActivityThread.performPauseActivity:3023 android.app.ActivityThread.handlePauseActivity:3001 
03-27 21:33:52.397 23084 23084 W ContextImpl: Calling a method in the system process without a qualified user: android.app.ContextImpl.sendBroadcast:1200 android.content.ContextWrapper.sendBroadcast:365 android.app.ActivityThread.performResumeActivity:2785 android.app.ActivityThread.handleResumeActivity:2823 android.app.ActivityThread$H.handleMessage:1238 
03-27 21:33:57.582  2163  3055 I ActivityManager: START u0 {cmp=com.android.browser/.ComboViewActivity (has extras)} from pid 23084
03-27 21:33:57.589 23084 23084 W ContextImpl: Calling a method in the system process without a qualified user: android.app.ContextImpl.sendBroadcast:1200 android.content.ContextWrapper.sendBroadcast:365 android.app.ActivityThread.performPauseActivity:3061 android.app.ActivityThread.performPauseActivity:3023 android.app.ActivityThread.handlePauseActivity:3001 
03-27 21:33:57.650 23084 23084 W ContextImpl: Calling a method in the system process without a qualified user: android.app.ContextImpl.sendBroadcast:1200 android.content.ContextWrapper.sendBroadcast:365 android.app.ActivityThread.performResumeActivity:2785 android.app.ActivityThread.handleResumeActivity:2823 android.app.ActivityThread.handleLaunchActivity:2250 
03-27 21:33:59.313  2163  3076 W ActivityManager: Sorry, the browser is finished unexpectedly!...
03-27 21:33:59.352 23084 23084 W ContextImpl: Calling a method in the system process without a qualified user: android.app.ContextImpl.sendBroadcast:1200 android.content.ContextWrapper.sendBroadcast:365 android.app.ActivityThread.performPauseActivity:3061 android.app.ActivityThread.performPauseActivity:3023 android.app.ActivityThread.handlePauseActivity:3001 
03-27 21:33:59.399 23084 23084 W ContextImpl: Calling a method in the system process without a qualified user: android.app.ContextImpl.sendBroadcast:1200 android.content.ContextWrapper.sendBroadcast:365 android.app.ActivityThread.performResumeActivity:2785 android.app.ActivityThread.handleResumeActivity:2823 android.app.ActivityThread$H.handleMessage:1238 
03-27 21:34:02.284  2163  3146 I ActivityManager: START u0 {cmp=com.android.browser/.ComboViewActivity (has extras)} from pid 23084
03-27 21:34:02.290 23084 23084 W ContextImpl: Calling a method in the system process without a qualified user: android.app.ContextImpl.sendBroadcast:1200 android.content.ContextWrapper.sendBroadcast:365 android.app.ActivityThread.performPauseActivity:3061 android.app.ActivityThread.performPauseActivity:3023 android.app.ActivityThread.handlePauseActivity:3001 
03-27 21:34:02.336 23084 23084 W ContextImpl: Calling a method in the system process without a qualified user: android.app.ContextImpl.sendBroadcast:1200 android.content.ContextWrapper.sendBroadcast:365 android.app.ActivityThread.performResumeActivity:2785 android.app.ActivityThread.handleResumeActivity:2823 android.app.ActivityThread.handleLaunchActivity:2250 
03-27 21:34:02.434 23084 23084 W ViewRootImpl: Dropping event due to no window focus: KeyEvent { action=ACTION_DOWN, keyCode=KEYCODE_ESCAPE, scanCode=1, metaState=0, flags=0x8, repeatCount=2, eventTime=8083470, downTime=8082918, deviceId=3, source=0x701 }
03-27 21:34:03.203  2163  3074 W ActivityManager: Sorry, the browser is finished unexpectedly!...
03-27 21:34:03.208 23084 23084 W ContextImpl: Calling a method in the system process without a qualified user: android.app.ContextImpl.sendBroadcast:1200 android.content.ContextWrapper.sendBroadcast:365 android.app.ActivityThread.performPauseActivity:3061 android.app.ActivityThread.performPauseActivity:3023 android.app.ActivityThread.handlePauseActivity:3001 
03-27 21:34:03.222 23084 23084 W ContextImpl: Calling a method in the system process without a qualified user: android.app.ContextImpl.sendBroadcast:1200 android.content.ContextWrapper.sendBroadcast:365 android.app.ActivityThread.performResumeActivity:2785 android.app.ActivityThread.handleResumeActivity:2823 android.app.ActivityThread$H.handleMessage:1238 
03-27 21:34:04.325  2163  3054 I ActivityManager: START u0 {cmp=com.android.browser/.ComboViewActivity (has extras)} from pid 23084
03-27 21:34:04.331 23084 23084 W ContextImpl: Calling a method in the system process without a qualified user: android.app.ContextImpl.sendBroadcast:1200 android.content.ContextWrapper.sendBroadcast:365 android.app.ActivityThread.performPauseActivity:3061 android.app.ActivityThread.performPauseActivity:3023 android.app.ActivityThread.handlePauseActivity:3001 
03-27 21:34:04.373 23084 23084 W ContextImpl: Calling a method in the system process without a qualified user: android.app.ContextImpl.sendBroadcast:1200 android.content.ContextWrapper.sendBroadcast:365 android.app.ActivityThread.performResumeActivity:2785 android.app.ActivityThread.handleResumeActivity:2823 android.app.ActivityThread.handleLaunchActivity:2250 
03-27 21:34:15.984  2163  2272 W InputMethodManagerService: Window already focused, ignoring focus gain of: com.android.internal.view.IInputMethodClient$Stub$Proxy@2cf353e0 attribute=null, token = android.os.BinderProxy@2d097610
03-27 21:34:18.611  2163  3054 I ActivityManager: START u0 {cmp=com.android.browser/.BrowserPreferencesPage (has extras)} from pid 23084
03-27 21:34:18.625 23084 23084 W ContextImpl: Calling a method in the system process without a qualified user: android.app.ContextImpl.sendBroadcast:1200 android.content.ContextWrapper.sendBroadcast:365 android.app.ActivityThread.performPauseActivity:3061 android.app.ActivityThread.performPauseActivity:3023 android.app.ActivityThread.handlePauseActivity:3001 
03-27 21:34:18.703 23084 23084 W ContextImpl: Calling a method in the system process without a qualified user: android.app.ContextImpl.sendBroadcast:1200 android.content.ContextWrapper.sendBroadcast:365 android.app.ActivityThread.performResumeActivity:2785 android.app.ActivityThread.handleResumeActivity:2823 android.app.ActivityThread.handleLaunchActivity:2250 
03-27 21:34:26.883  2163 31750 W ActivityManager: Sorry, the browser is finished unexpectedly!...
03-27 21:34:26.887 23084 23084 W ContextImpl: Calling a method in the system process without a qualified user: android.app.ContextImpl.sendBroadcast:1200 android.content.ContextWrapper.sendBroadcast:365 android.app.ActivityThread.performPauseActivity:3061 android.app.ActivityThread.performPauseActivity:3023 android.app.ActivityThread.handlePauseActivity:3001 
03-27 21:34:26.895 23084 23084 W ContextImpl: Calling a method in the system process without a qualified user: android.app.ContextImpl.sendBroadcast:1200 android.content.ContextWrapper.sendBroadcast:365 android.app.ActivityThread.performResumeActivity:2785 android.app.ActivityThread.handleResumeActivity:2823 android.app.ActivityThread$H.handleMessage:1238 
03-27 21:34:28.684  2163  3076 W ActivityManager: Sorry, the browser is finished unexpectedly!...
03-27 21:34:28.689 23084 23084 W ContextImpl: Calling a method in the system process without a qualified user: android.app.ContextImpl.sendBroadcast:1200 android.content.ContextWrapper.sendBroadcast:365 android.app.ActivityThread.performPauseActivity:3061 android.app.ActivityThread.performPauseActivity:3023 android.app.ActivityThread.handlePauseActivity:3001 
03-27 21:34:28.702 23084 23084 W ContextImpl: Calling a method in the system process without a qualified user: android.app.ContextImpl.sendBroadcast:1200 android.content.ContextWrapper.sendBroadcast:365 android.app.ActivityThread.performResumeActivity:2785 android.app.ActivityThread.handleResumeActivity:2823 android.app.ActivityThread$H.handleMessage:1238 
03-27 21:34:33.600  2163  3055 I ActivityManager: START u0 {cmp=com.android.browser/.ComboViewActivity (has extras)} from pid 23084
03-27 21:34:33.607 23084 23084 W ContextImpl: Calling a method in the system process without a qualified user: android.app.ContextImpl.sendBroadcast:1200 android.content.ContextWrapper.sendBroadcast:365 android.app.ActivityThread.performPauseActivity:3061 android.app.ActivityThread.performPauseActivity:3023 android.app.ActivityThread.handlePauseActivity:3001 
03-27 21:34:33.650 23084 23084 W ContextImpl: Calling a method in the system process without a qualified user: android.app.ContextImpl.sendBroadcast:1200 android.content.ContextWrapper.sendBroadcast:365 android.app.ActivityThread.performResumeActivity:2785 android.app.ActivityThread.handleResumeActivity:2823 android.app.ActivityThread.handleLaunchActivity:2250 
03-27 21:34:33.717 23084 23084 W ViewRootImpl: Dropping event due to no window focus: KeyEvent { action=ACTION_DOWN, keyCode=KEYCODE_BACK, scanCode=158, metaState=0, flags=0x8, repeatCount=2, eventTime=8114790, downTime=8114238, deviceId=3, source=0x701 }
03-27 21:34:33.718 23084 23084 W ViewRootImpl: Dropping event due to no window focus: KeyEvent { action=ACTION_DOWN, keyCode=KEYCODE_BACK, scanCode=158, metaState=0, flags=0x8, repeatCount=3, eventTime=8114851, downTime=8114238, deviceId=3, source=0x701 }
03-27 21:34:35.019  2163  3076 W ActivityManager: Sorry, the browser is finished unexpectedly!...
03-27 21:34:35.024 23084 23084 W ContextImpl: Calling a method in the system process without a qualified user: android.app.ContextImpl.sendBroadcast:1200 android.content.ContextWrapper.sendBroadcast:365 android.app.ActivityThread.performPauseActivity:3061 android.app.ActivityThread.performPauseActivity:3023 android.app.ActivityThread.handlePauseActivity:3001 
03-27 21:34:35.037 23084 23084 W ContextImpl: Calling a method in the system process without a qualified user: android.app.ContextImpl.sendBroadcast:1200 android.content.ContextWrapper.sendBroadcast:365 android.app.ActivityThread.performResumeActivity:2785 android.app.ActivityThread.handleResumeActivity:2823 android.app.ActivityThread$H.handleMessage:1238 
03-27 21:34:36.022  2163  3055 I ActivityManager: moveTaskToBack: 29
03-27 21:34:36.188 23084 23084 W ContextImpl: Calling a method in the system process without a qualified user: android.app.ContextImpl.sendBroadcast:1200 android.content.ContextWrapper.sendBroadcast:365 android.app.ActivityThread.performPauseActivity:3061 android.app.ActivityThread.performPauseActivity:3023 android.app.ActivityThread.handlePauseActivity:3001 
03-27 21:34:36.242 22478 22478 W ContextImpl: Calling a method in the system process without a qualified user: android.app.ContextImpl.sendBroadcast:1200 android.content.ContextWrapper.sendBroadcast:365 android.app.ActivityThread.performResumeActivity:2785 android.app.ActivityThread.handleResumeActivity:2823 android.app.ActivityThread$H.handleMessage:1238 
03-27 21:34:37.106  2163 15603 W ActivityManager: Sorry, the browser is finished unexpectedly!...
03-27 21:35:16.667  2163  2174 W InputMethodManagerService: Window already focused, ignoring focus gain of: com.android.internal.view.IInputMethodClient$Stub$Proxy@2cd82f78 attribute=null, token = android.os.BinderProxy@2ce80e60
03-27 21:35:17.151  2163 15603 W InputMethodManagerService: Window already focused, ignoring focus gain of: com.android.internal.view.IInputMethodClient$Stub$Proxy@2cfbdd68 attribute=null, token = android.os.BinderProxy@2ce80e60
03-27 21:35:18.191  2163  3055 W InputMethodManagerService: Window already focused, ignoring focus gain of: com.android.internal.view.IInputMethodClient$Stub$Proxy@2cf49860 attribute=null, token = android.os.BinderProxy@2ce80e60
03-27 21:35:21.454  2163  3074 W InputMethodManagerService: Window already focused, ignoring focus gain of: com.android.internal.view.IInputMethodClient$Stub$Proxy@2cd75100 attribute=null, token = android.os.BinderProxy@2ce80e60
03-27 21:35:22.619  2163 31750 W InputMethodManagerService: Window already focused, ignoring focus gain of: com.android.internal.view.IInputMethodClient$Stub$Proxy@2cf8ff68 attribute=null, token = android.os.BinderProxy@2ce80e60
03-27 21:35:25.166  2163  3074 W InputMethodManagerService: Window already focused, ignoring focus gain of: com.android.internal.view.IInputMethodClient$Stub$Proxy@2d11f460 attribute=null, token = android.os.BinderProxy@2ce80e60
03-27 21:35:25.700  2163 31750 W InputMethodManagerService: Window already focused, ignoring focus gain of: com.android.internal.view.IInputMethodClient$Stub$Proxy@2cf05a90 attribute=null, token = android.os.BinderProxy@2ce80e60
03-27 21:35:25.988  2163  2173 W InputMethodManagerService: Window already focused, ignoring focus gain of: com.android.internal.view.IInputMethodClient$Stub$Proxy@2d0b4370 attribute=null, token = android.os.BinderProxy@2ce80e60
03-27 21:35:27.223  2163  3147 W InputMethodManagerService: Window already focused, ignoring focus gain of: com.android.internal.view.IInputMethodClient$Stub$Proxy@2cdd10a8 attribute=null, token = android.os.BinderProxy@2ce80e60
03-27 21:35:29.171  2163  3076 W InputMethodManagerService: Window already focused, ignoring focus gain of: com.android.internal.view.IInputMethodClient$Stub$Proxy@2cbbd678 attribute=android.view.inputmethod.EditorInfo@2cb72dd0, token = android.os.BinderProxy@2ce80e60
03-27 21:35:29.978  2163  3147 W InputMethodManagerService: Window already focused, ignoring focus gain of: com.android.internal.view.IInputMethodClient$Stub$Proxy@2cf801e0 attribute=android.view.inputmethod.EditorInfo@2cf47a50, token = android.os.BinderProxy@2ce80e60
03-27 21:35:32.275  2163  2173 W InputMethodManagerService: Window already focused, ignoring focus gain of: com.android.internal.view.IInputMethodClient$Stub$Proxy@2cff17a8 attribute=null, token = android.os.BinderProxy@2ce80e60
03-27 21:35:33.194  2163  3147 W InputMethodManagerService: Window already focused, ignoring focus gain of: com.android.internal.view.IInputMethodClient$Stub$Proxy@2ce7dbb8 attribute=null, token = android.os.BinderProxy@2ce80e60
03-27 21:35:35.534  2163  3076 W InputMethodManagerService: Window already focused, ignoring focus gain of: com.android.internal.view.IInputMethodClient$Stub$Proxy@2cfb22a8 attribute=android.view.inputmethod.EditorInfo@2cfa94e8, token = android.os.BinderProxy@2ce80e60
03-27 21:35:36.273  2163  3147 W InputMethodManagerService: Window already focused, ignoring focus gain of: com.android.internal.view.IInputMethodClient$Stub$Proxy@2cfb4bc0 attribute=android.view.inputmethod.EditorInfo@2cfa2a60, token = android.os.BinderProxy@2ce80e60
03-27 21:35:42.147  2163  3084 W InputMethodManagerService: Window already focused, ignoring focus gain of: com.android.internal.view.IInputMethodClient$Stub$Proxy@2cf65fc0 attribute=android.view.inputmethod.EditorInfo@2cf11cb8, token = android.os.BinderProxy@2ce80e60
03-27 21:35:48.711 22478 22478 W ContextImpl: Calling a method in the system process without a qualified user: android.app.ContextImpl.sendBroadcast:1200 android.content.ContextWrapper.sendBroadcast:365 android.app.ActivityThread.performPauseActivity:3061 android.app.ActivityThread.performPauseActivity:3023 android.app.ActivityThread.handlePauseActivity:3001 
03-27 21:35:48.751 22478 22478 W ContextImpl: Calling a method in the system process without a qualified user: android.app.ContextImpl.sendBroadcast:1200 android.content.ContextWrapper.sendBroadcast:365 android.app.ActivityThread.performResumeActivity:2785 android.app.ActivityThread.handleResumeActivity:2823 android.app.ActivityThread$H.handleMessage:1238 
03-27 21:35:51.271  2163  2272 I ActivityManager: START u0 {cmp=com.hisilicon.dlna.mediacenter/.MediaCenterActivity} from pid 22478
03-27 21:35:51.279 22478 22478 W ContextImpl: Calling a method in the system process without a qualified user: android.app.ContextImpl.sendBroadcast:1200 android.content.ContextWrapper.sendBroadcast:365 android.app.ActivityThread.performPauseActivity:3061 android.app.ActivityThread.performPauseActivity:3023 android.app.ActivityThread.handlePauseActivity:3001 
03-27 21:35:51.292  2163 31750 I ActivityManager: Start proc com.hisilicon.dlna.mediacenter for activity com.hisilicon.dlna.mediacenter/.MediaCenterActivity: pid=23768 uid=1000 gids={41000, 1028, 1015, 3003, 3002, 3001}
03-27 21:35:51.745 23768 23768 W ContextImpl: Calling a method in the system process without a qualified user: android.app.ContextImpl.sendBroadcast:1200 android.content.ContextWrapper.sendBroadcast:365 android.app.ActivityThread.performResumeActivity:2785 android.app.ActivityThread.handleResumeActivity:2823 android.app.ActivityThread.handleLaunchActivity:2250 
03-27 21:35:53.755 23768 23768 W ContextImpl: Calling a method in the system process without a qualified user: android.app.ContextImpl.sendBroadcast:1200 android.content.ContextWrapper.sendBroadcast:365 android.app.ActivityThread.performPauseActivity:3061 android.app.ActivityThread.performPauseActivity:3023 android.app.ActivityThread.handlePauseActivity:3001 
03-27 21:35:53.791 22478 22478 W ContextImpl: Calling a method in the system process without a qualified user: android.app.ContextImpl.sendBroadcast:1200 android.content.ContextWrapper.sendBroadcast:365 android.app.ActivityThread.performResumeActivity:2785 android.app.ActivityThread.handleResumeActivity:2823 android.app.ActivityThread$H.handleMessage:1238 
03-27 21:35:55.448  2163  2272 I ActivityManager: START u0 {cmp=com.explorer/.activity.SambaActivity} from pid 22478
03-27 21:35:55.454 22478 22478 W ContextImpl: Calling a method in the system process without a qualified user: android.app.ContextImpl.sendBroadcast:1200 android.content.ContextWrapper.sendBroadcast:365 android.app.ActivityThread.performPauseActivity:3061 android.app.ActivityThread.performPauseActivity:3023 android.app.ActivityThread.handlePauseActivity:3001 
03-27 21:35:55.510 22478 22478 W ContextImpl: Calling a method in the system process without a qualified user: android.app.ContextImpl.sendBroadcast:1200 android.content.ContextWrapper.sendBroadcast:365 android.app.ActivityThread.performResumeActivity:2785 android.app.ActivityThread.handleResumeActivity:2823 android.app.ActivityThread.handleLaunchActivity:2250 
03-27 21:35:56.831 22478 22478 W ContextImpl: Calling a method in the system process without a qualified user: android.app.ContextImpl.sendBroadcast:1200 android.content.ContextWrapper.sendBroadcast:365 android.app.ActivityThread.performPauseActivity:3061 android.app.ActivityThread.performPauseActivity:3023 android.app.ActivityThread.handlePauseActivity:3001 
03-27 21:35:56.874 22478 22478 W ContextImpl: Calling a method in the system process without a qualified user: android.app.ContextImpl.sendBroadcast:1200 android.content.ContextWrapper.sendBroadcast:365 android.app.ActivityThread.performResumeActivity:2785 android.app.ActivityThread.handleResumeActivity:2823 android.app.ActivityThread$H.handleMessage:1238 
03-27 21:35:59.142 22478 22478 W ContextImpl: Calling a method in the system process without a qualified user: android.app.ContextImpl.sendBroadcast:1200 android.content.ContextWrapper.sendBroadcast:365 android.app.ActivityThread.performPauseActivity:3061 android.app.ActivityThread.performPauseActivity:3023 android.app.ActivityThread.handlePauseActivity:3001 
03-27 21:35:59.160  3085  3085 W ContextImpl: Calling a method in the system process without a qualified user: android.app.ContextImpl.sendBroadcast:1200 android.content.ContextWrapper.sendBroadcast:365 android.app.ActivityThread.performResumeActivity:2785 android.app.ActivityThread.handleResumeActivity:2823 android.app.ActivityThread$H.handleMessage:1238 
03-27 21:35:59.484 22478 22478 W ContextImpl: Calling a method in the system process without a qualified user: android.app.ContextImpl.stopService:1562 android.content.ContextWrapper.stopService:499 com.explorer.activity.TabBarExample.onDestroy:250 android.app.Activity.performDestroy:5403 android.app.Instrumentation.callActivityOnDestroy:1117 
03-27 21:36:09.549  2163  3084 I ActivityManager: START u0 {act=android.intent.action.MAIN cat=[android.intent.category.LAUNCHER] flg=0x10200000 cmp=com.android.vending/.AssetBrowserActivity} from pid 3085
03-27 21:36:09.701  3085  3085 W ContextImpl: Calling a method in the system process without a qualified user: android.app.ContextImpl.sendBroadcast:1200 android.content.ContextWrapper.sendBroadcast:365 android.app.ActivityThread.performPauseActivity:3061 android.app.ActivityThread.performPauseActivity:3023 android.app.ActivityThread.handlePauseActivity:3001 
03-27 21:36:09.716  2163  2272 W ActivityManager: Unable to start service Intent { cmp=com.android.vending/com.google.android.finsky.safemode.SafeModeService } U=0: not found
03-27 21:36:09.717  2163  3146 I ActivityManager: START u0 {act=android.intent.action.MAIN cat=[android.intent.category.LAUNCHER] flg=0x10000000 cmp=com.android.vending/com.google.android.finsky.activities.MainActivity} from pid 3014
03-27 21:36:09.799  2163 19571 W ActivityManager: Unable to start service Intent { cmp=com.android.vending/com.google.android.finsky.safemode.SafeModeService } U=0: not found
03-27 21:36:09.800  2163  3084 W ActivityManager: Unable to start service Intent { cmp=com.android.vending/com.google.android.finsky.safemode.SafeModeService } U=0: not found
03-27 21:36:09.900  2163  3074 D WifiStateTracker: getNetworkInfo Wifi disguise to ethernet!
03-27 21:36:09.915  2163  3055 I ActivityManager: START u0 {flg=0x80000 cmp=com.google.android.gsf.login/.AccountIntroActivity (has extras)} from pid 3014
03-27 21:36:09.977  2163  2272 I ActivityManager: START u0 {cmp=com.google.android.gsf.login/.AccountIntroUIActivity (has extras)} from pid 21923
03-27 21:36:12.628  2163  3074 I WindowManager: Screenshot max retries 4 of Token{2cf0da88 ActivityRecord{2cdfe458 u0 com.android.vending/com.google.android.finsky.activities.MainActivity t30 f}} appWin=Window{2d0ad940 u0 com.android.vending/com.google.android.finsky.activities.MainActivity} drawState=1
03-27 21:36:12.628  2163  3074 W WindowManager: Screenshot failure taking screenshot for (1280x720) to layer 21015
03-27 21:36:12.757  3085  3085 W ContextImpl: Calling a method in the system process without a qualified user: android.app.ContextImpl.sendBroadcast:1200 android.content.ContextWrapper.sendBroadcast:365 android.app.ActivityThread.performResumeActivity:2785 android.app.ActivityThread.handleResumeActivity:2823 android.app.ActivityThread$H.handleMessage:1238 
03-27 21:36:14.298  2163  3055 I ActivityManager: START u0 {act=android.intent.action.MAIN cat=[android.intent.category.LAUNCHER] flg=0x10200000 cmp=com.android.vending/.AssetBrowserActivity} from pid 3085
03-27 21:36:14.518  3085  3085 W ContextImpl: Calling a method in the system process without a qualified user: android.app.ContextImpl.sendBroadcast:1200 android.content.ContextWrapper.sendBroadcast:365 android.app.ActivityThread.performPauseActivity:3061 android.app.ActivityThread.performPauseActivity:3023 android.app.ActivityThread.handlePauseActivity:3001 
03-27 21:36:14.532  2163 15603 W ActivityManager: Unable to start service Intent { cmp=com.android.vending/com.google.android.finsky.safemode.SafeModeService } U=0: not found
03-27 21:36:14.532  2163  2173 I ActivityManager: START u0 {act=android.intent.action.MAIN cat=[android.intent.category.LAUNCHER] flg=0x10000000 cmp=com.android.vending/com.google.android.finsky.activities.MainActivity} from pid 3014
03-27 21:36:14.597  2163 19571 W ActivityManager: Unable to start service Intent { cmp=com.android.vending/com.google.android.finsky.safemode.SafeModeService } U=0: not found
03-27 21:36:14.597  2163  3084 W ActivityManager: Unable to start service Intent { cmp=com.android.vending/com.google.android.finsky.safemode.SafeModeService } U=0: not found
03-27 21:36:14.777  2163  3074 D WifiStateTracker: getNetworkInfo Wifi disguise to ethernet!
03-27 21:36:14.795  2163 31750 I ActivityManager: START u0 {flg=0x80000 cmp=com.google.android.gsf.login/.AccountIntroActivity (has extras)} from pid 3014
03-27 21:36:14.869  2163 19571 I ActivityManager: START u0 {cmp=com.google.android.gsf.login/.AccountIntroUIActivity (has extras)} from pid 21923
03-27 21:36:16.445  2163  3054 I ActivityManager: START u0 {cmp=com.google.android.gsf.login/.LoginActivity (has extras)} from pid 21923
03-27 21:36:16.603  2163  2173 I ActivityManager: START u0 {cmp=com.google.android.gsf.login/.UsernamePasswordActivity (has extras)} from pid 21923
03-27 21:36:20.181  2163  2173 I ActivityManager: START u0 {cmp=com.google.android.gsf.login/.AccountIntroUIActivity (has extras)} from pid 21923
03-27 21:36:23.586  2163  3146 I ActivityManager: START u0 {cmp=com.google.android.gsf.login/.LoginActivity (has extras)} from pid 21923
03-27 21:36:23.696  2163  3147 I ActivityManager: START u0 {cmp=com.google.android.gsf.login/.UsernamePasswordActivity (has extras)} from pid 21923
03-27 21:36:26.946  2163  3074 I ActivityManager: START u0 {cmp=com.google.android.gsf.login/.AccountIntroUIActivity (has extras)} from pid 21923
03-27 21:36:35.811  3085  3085 W ContextImpl: Calling a method in the system process without a qualified user: android.app.ContextImpl.sendBroadcast:1200 android.content.ContextWrapper.sendBroadcast:365 android.app.ActivityThread.performResumeActivity:2785 android.app.ActivityThread.handleResumeActivity:2823 android.app.ActivityThread$H.handleMessage:1238 
03-27 21:36:36.117  2163  2193 W WindowManager: Rebuild removed 4 windows but added 3
03-27 21:36:36.117  2163  2193 W WindowManager: java.lang.RuntimeException: here
03-27 21:36:36.117  2163  2193 W WindowManager: 	at com.android.server.wm.WindowManagerService.rebuildAppWindowListLocked(WindowManagerService.java:8054)
03-27 21:36:36.117  2163  2193 W WindowManager: 	at com.android.server.wm.WindowManagerService.rebuildAppWindowListLocked(WindowManagerService.java:7990)
03-27 21:36:36.117  2163  2193 W WindowManager: 	at com.android.server.wm.WindowManagerService.handleAnimatingStoppedAndTransitionLocked(WindowManagerService.java:8734)
03-27 21:36:36.117  2163  2193 W WindowManager: 	at com.android.server.wm.WindowManagerService.performLayoutAndPlaceSurfacesLockedInner(WindowManagerService.java:9248)
03-27 21:36:36.117  2163  2193 W WindowManager: 	at com.android.server.wm.WindowManagerService.performLayoutAndPlaceSurfacesLockedLoop(WindowManagerService.java:8206)
03-27 21:36:36.117  2163  2193 W WindowManager: 	at com.android.server.wm.WindowManagerService.performLayoutAndPlaceSurfacesLocked(WindowManagerService.java:8148)
03-27 21:36:36.117  2163  2193 W WindowManager: 	at com.android.server.wm.WindowManagerService.access$300(WindowManagerService.java:157)
03-27 21:36:36.117  2163  2193 W WindowManager: 	at com.android.server.wm.WindowManagerService$H.handleMessage(WindowManagerService.java:7182)
03-27 21:36:36.117  2163  2193 W WindowManager: 	at android.os.Handler.dispatchMessage(Handler.java:102)
